Last updated on 2022-07-06 08:51:56 CEST.
Flavor | Version | Tinstall | Tcheck | Ttotal | Status | Flags |
---|---|---|---|---|---|---|
r-devel-linux-x86_64-debian-clang | 0.3.14 | 6.47 | 56.89 | 63.36 | NOTE | |
r-devel-linux-x86_64-debian-gcc | 0.3.14 | 4.54 | 42.15 | 46.69 | NOTE | |
r-devel-linux-x86_64-fedora-clang | 0.3.14 | 89.10 | NOTE | |||
r-devel-linux-x86_64-fedora-gcc | 0.3.14 | 117.10 | NOTE | |||
r-devel-windows-x86_64 | 0.3.14 | 47.00 | 79.00 | 126.00 | OK | |
r-patched-linux-x86_64 | 0.3.14 | 6.45 | 53.92 | 60.37 | NOTE | |
r-release-linux-x86_64 | 0.3.14 | 4.06 | 53.42 | 57.48 | NOTE | |
r-release-macos-arm64 | 0.3.14 | 29.00 | OK | |||
r-release-macos-x86_64 | 0.3.14 | 50.00 | NOTE | |||
r-release-windows-x86_64 | 0.3.14 | 63.00 | 81.00 | 144.00 | OK | |
r-oldrel-macos-arm64 | 0.3.14 | 36.00 | OK | |||
r-oldrel-macos-x86_64 | 0.3.14 | 68.00 | OK | |||
r-oldrel-windows-ix86+x86_64 | 0.3.14 | 11.00 | 68.00 | 79.00 | OK |
Version: 0.3.14
Check: package dependencies
Result: NOTE
Package which this enhances but not available for checking: 'ffbase'
Flavors: r-devel-linux-x86_64-debian-clang, r-devel-linux-x86_64-debian-gcc, r-devel-linux-x86_64-fedora-clang, r-devel-linux-x86_64-fedora-gcc, r-patched-linux-x86_64, r-release-linux-x86_64, r-release-macos-x86_64
Version: 0.3.14
Check: Rd cross-references
Result: NOTE
Unknown package 'ffbase' in Rd xrefs
Flavors: r-devel-linux-x86_64-debian-clang, r-devel-linux-x86_64-debian-gcc, r-devel-linux-x86_64-fedora-clang, r-devel-linux-x86_64-fedora-gcc, r-patched-linux-x86_64, r-release-linux-x86_64, r-release-macos-x86_64