CRAN Package Check Results for Package predictmeans

Last updated on 2015-07-30 15:48:23.

Flavor Version Tinstall Tcheck Ttotal Status Flags
r-devel-linux-x86_64-debian-clang 0.99 3.85 51.27 55.12 NOTE
r-devel-linux-x86_64-debian-gcc 0.99 3.55 52.04 55.59 NOTE
r-devel-linux-x86_64-fedora-clang 0.99 113.18 NOTE
r-devel-linux-x86_64-fedora-gcc 0.99 108.04 NOTE
r-devel-osx-x86_64-clang 0.99 87.18 OK
r-devel-windows-ix86+x86_64 0.99 10.00 80.00 90.00 NOTE
r-patched-linux-x86_64 0.99 4.76 53.45 58.20 OK
r-patched-solaris-sparc 0.99 694.50 OK
r-patched-solaris-x86 0.99 150.60 OK
r-release-linux-x86_64 0.99 3.67 50.27 53.94 OK
r-release-osx-x86_64-mavericks 0.99 OK
r-release-windows-ix86+x86_64 0.99 15.00 77.00 92.00 OK
r-oldrel-windows-ix86+x86_64 0.99 20.00 118.00 138.00 OK

Check Details

Version: 0.99
Check: R code for possible problems
Result: NOTE
    CookD: no visible global function definition for ‘update’
    CookD: no visible global function definition for ‘model.frame’
    CookD : <anonymous>: no visible global function definition for ‘update’
    CookD: no visible global function definition for ‘dev.new’
    CookD: no visible global function definition for ‘text’
    CookD: no visible global function definition for ‘points’
    Kmatrix: no visible global function definition for ‘slot’
    Kmatrix: no visible global function definition for ‘model.matrix’
    Kmatrix: no visible global function definition for ‘terms’
    Kmatrix: no visible global function definition for ‘delete.response’
    Kmatrix: no visible global function definition for ‘formula’
    Kmatrix: no visible global function definition for ‘as.formula’
    Kmatrix: no visible global function definition for ‘model.frame’
    Kmatrix: no visible binding for global variable ‘na.omit’
    Kmatrix: no visible binding for global variable ‘na.pass’
    PMplot: no visible global function definition for ‘dev.new’
    PMplot: no visible global function definition for ‘na.omit’
    PMplot: no visible global function definition for ‘par’
    PMplot: no visible global function definition for ‘image’
    PMplot: no visible global function definition for ‘axis’
    PMplot: no visible global function definition for ‘abline’
    PMplot: no visible global function definition for ‘box’
    PMplot: no visible global function definition for ‘legend’
    contrastmeans: no visible global function definition for ‘edit’
    contrastmeans: no visible global function definition for ‘terms’
    contrastmeans: no visible global function definition for ‘update’
    contrastmeans: no visible global function definition for ‘as.formula’
    contrastmeans: no visible global function definition for ‘pt’
    contrastmeans: no visible global function definition for ‘p.adjust’
    covariatemeans: no visible global function definition for ‘terms’
    covariatemeans: no visible global function definition for ‘update’
    covariatemeans: no visible global function definition for ‘as.formula’
    covariatemeans: no visible global function definition for ‘slot’
    covariatemeans: no visible global function definition for ‘qt’
    covariatemeans: no visible global function definition for ‘model.frame’
    covariatemeans: no visible global function definition for ‘dev.new’
    model.frame.gls: no visible global function definition for
     ‘model.frame’
    model.frame.gls: no visible global function definition for ‘formula’
    model.matrix.gls: no visible global function definition for
     ‘model.matrix’
    model.matrix.gls: no visible global function definition for ‘terms’
    model.matrix.lme: no visible global function definition for
     ‘model.matrix’
    model.matrix.lme: no visible global function definition for ‘terms’
    model.matrix.lme: no visible global function definition for
     ‘model.frame’
    mymodelparm.aovlist: no visible binding for global variable ‘coef’
    mymodelparm.aovlist: no visible binding for global variable ‘vcov’
    mymodelparm.default: no visible binding for global variable ‘coef’
    mymodelparm.default: no visible binding for global variable ‘vcov’
    mymodelparm.default: no visible global function definition for
     ‘na.omit’
    mymodelparm.glmerMod: no visible binding for global variable ‘vcov’
    mymodelparm.lme: no visible binding for global variable ‘vcov’
    mymodelparm.lmerMod: no visible binding for global variable ‘vcov’
    permmodels: no visible global function definition for ‘terms’
    permmodels: no visible global function definition for ‘formula’
    permmodels : <anonymous>: no visible global function definition for
     ‘model.frame’
    permmodels : <anonymous>: no visible global function definition for
     ‘update’
    permmodels : <anonymous>: no visible global function definition for
     ‘anova’
    permmodels : tTable: no visible global function definition for ‘coef’
    permmodels: no visible global function definition for ‘anova’
    predictmeans: no visible global function definition for ‘slot’
    predictmeans: no visible global function definition for ‘model.frame’
    predictmeans: no visible global function definition for ‘xtabs’
    predictmeans: no visible global function definition for ‘ftable’
    predictmeans: no visible global function definition for ‘na.omit’
    predictmeans: no visible global function definition for ‘terms’
    predictmeans: no visible global function definition for ‘update’
    predictmeans: no visible global function definition for ‘as.formula’
    predictmeans: no visible global function definition for ‘qt’
    predictmeans: no visible global function definition for ‘ptukey’
    predictmeans: no visible global function definition for ‘pt’
    predictmeans: no visible global function definition for ‘p.adjust’
    predictmeans: no visible global function definition for ‘dev.new’
    residplot: no visible global function definition for ‘dev.new’
    residplot: no visible global function definition for ‘par’
    residplot: no visible global function definition for ‘plot’
    residplot : glm.diag: no visible global function definition for
     ‘family’
    residplot : glm.diag: no visible global function definition for
     ‘fitted’
    residplot : glm.diag: no visible global function definition for
     ‘residuals’
    residplot : glm.diag: no visible global function definition for
     ‘lm.influence’
    residplot: no visible global function definition for ‘predict’
    residplot: no visible global function definition for ‘qnorm’
    residplot: no visible global function definition for ‘ppoints’
    residplot: no visible global function definition for ‘abline’
    residplot: no visible global function definition for ‘identify’
    rsplot.gls: no visible global function definition for ‘model.frame’
    rsplot.gls: no visible global function definition for ‘terms’
    rsplot.gls: no visible global function definition for ‘fitted’
    rsplot.gls: no visible global function definition for ‘resid’
    rsplot.gls: no visible global function definition for ‘na.omit’
    rsplot.gls: no visible global function definition for ‘par’
    rsplot.gls: no visible global function definition for ‘plot’
    rsplot.gls: no visible global function definition for ‘abline’
    rsplot.gls: no visible global function definition for ‘qqnorm’
    rsplot.gls: no visible global function definition for ‘qqline’
    rsplot.gls: no visible global function definition for ‘loess.smooth’
    rsplot.gls: no visible global function definition for ‘lines’
    rsplot.gls: no visible global function definition for ‘identify’
    rsplot.lme: no visible global function definition for ‘model.frame’
    rsplot.lme: no visible global function definition for ‘terms’
    rsplot.lme: no visible global function definition for ‘fitted’
    rsplot.lme: no visible global function definition for ‘resid’
    rsplot.lme: no visible global function definition for ‘na.omit’
    rsplot.lme: no visible global function definition for ‘par’
    rsplot.lme: no visible global function definition for ‘qqnorm’
    rsplot.lme: no visible global function definition for ‘qqline’
    rsplot.lme: no visible global function definition for ‘model.matrix’
    rsplot.lme: no visible global function definition for ‘plot’
    rsplot.lme: no visible global function definition for ‘abline’
    rsplot.lme: no visible global function definition for ‘loess.smooth’
    rsplot.lme: no visible global function definition for ‘lines’
    rsplot.lme: no visible global function definition for ‘identify’
    rsplot.lme: no visible global function definition for ‘text’
    rsplot.lme: no visible global function definition for ‘title’
    rsplot.lme: no visible global function definition for ‘points’
    terms.gls: no visible global function definition for ‘terms’
    terms.gls: no visible global function definition for ‘model.frame’
    Undefined global functions or variables:
     abline anova as.formula axis box coef delete.response dev.new edit
     family fitted formula ftable identify image legend lines lm.influence
     loess.smooth model.frame model.matrix na.omit na.pass p.adjust par
     plot points ppoints predict pt ptukey qnorm qqline qqnorm qt resid
     residuals slot terms text title update vcov xtabs
    Consider adding
     importFrom("grDevices", "dev.new")
     importFrom("graphics", "abline", "axis", "box", "identify", "image",
     "legend", "lines", "par", "plot", "points", "text", "title")
     importFrom("methods", "slot")
     importFrom("stats", "anova", "as.formula", "coef", "delete.response",
     "family", "fitted", "formula", "ftable", "lm.influence",
     "loess.smooth", "model.frame", "model.matrix", "na.omit",
     "na.pass", "p.adjust", "ppoints", "predict", "pt", "ptukey",
     "qnorm", "qqline", "qqnorm", "qt", "resid", "residuals",
     "terms", "update", "vcov", "xtabs")
     importFrom("utils", "edit")
    to your NAMESPACE.
Flavors: r-devel-linux-x86_64-debian-clang, r-devel-linux-x86_64-debian-gcc, r-devel-linux-x86_64-fedora-clang, r-devel-linux-x86_64-fedora-gcc, r-devel-windows-ix86+x86_64