CRAN Package Check Results for Package predint

Last updated on 2021-12-03 07:50:29 CET.

Flavor Version Tinstall Tcheck Ttotal Status Flags
r-devel-linux-x86_64-debian-clang 1.0.0 11.20 157.60 168.80 OK
r-devel-linux-x86_64-debian-gcc 1.0.0 8.02 114.62 122.64 OK
r-devel-linux-x86_64-fedora-clang 1.0.0 204.79 NOTE
r-devel-linux-x86_64-fedora-gcc 1.0.0 193.82 NOTE
r-devel-windows-x86_64-new-UL 1.0.0 19.00 188.00 207.00 OK
r-devel-windows-x86_64-new-TK 1.0.0 NOTE
r-devel-windows-x86_64-old 1.0.0 15.00 141.00 156.00 OK
r-patched-linux-x86_64 1.0.0 10.48 150.53 161.01 OK
r-patched-solaris-x86 1.0.0 252.00 NOTE
r-release-linux-x86_64 1.0.0 9.52 148.77 158.29 OK
r-release-macos-arm64 1.0.0 NOTE
r-release-macos-x86_64 1.0.0 NOTE
r-release-windows-ix86+x86_64 1.0.0 21.00 186.00 207.00 OK
r-oldrel-macos-x86_64 1.0.0 NOTE
r-oldrel-windows-ix86+x86_64 1.0.0 22.00 191.00 213.00 OK

Check Details

Version: 1.0.0
Check: dependencies in R code
Result: NOTE
    Namespace in Imports field not imported from: ‘dplyr’
     All declared Imports should be used.
Flavors: r-devel-linux-x86_64-fedora-clang, r-devel-linux-x86_64-fedora-gcc, r-devel-windows-x86_64-new-TK, r-patched-solaris-x86, r-release-macos-arm64, r-release-macos-x86_64, r-oldrel-macos-x86_64