CRAN Package Check Results for Package predmixcor

Last updated on 2016-06-30 06:47:12.

Flavor Version Tinstall Tcheck Ttotal Status Flags
r-devel-linux-x86_64-debian-gcc 1.1-1 0.63 18.63 19.26 NOTE
r-devel-linux-x86_64-fedora-clang 1.1-1 32.00 NOTE
r-devel-linux-x86_64-fedora-gcc 1.1-1 30.58 NOTE
r-devel-osx-x86_64-clang 1.1-1 26.49 NOTE
r-devel-windows-ix86+x86_64 1.1-1 3.00 39.00 42.00 NOTE
r-patched-linux-x86_64 1.1-1 0.58 17.27 17.85 NOTE
r-patched-solaris-sparc 1.1-1 201.10 NOTE
r-patched-solaris-x86 1.1-1 36.60 NOTE
r-release-linux-x86_64 1.1-1 0.59 16.64 17.23 NOTE
r-release-osx-x86_64-mavericks 1.1-1 NOTE
r-release-windows-ix86+x86_64 1.1-1 3.00 45.00 48.00 NOTE
r-oldrel-windows-ix86+x86_64 1.1-1 3.00 27.00 30.00 NOTE

Check Details

Version: 1.1-1
Check: DESCRIPTION meta-information
Result: NOTE
    Malformed Description field: should contain one or more complete sentences.
Flavors: r-devel-linux-x86_64-debian-gcc, r-devel-linux-x86_64-fedora-clang, r-devel-linux-x86_64-fedora-gcc, r-devel-osx-x86_64-clang, r-devel-windows-ix86+x86_64, r-patched-linux-x86_64, r-patched-solaris-sparc, r-patched-solaris-x86, r-release-linux-x86_64, r-release-osx-x86_64-mavericks, r-release-windows-ix86+x86_64, r-oldrel-windows-ix86+x86_64

Version: 1.1-1
Check: top-level files
Result: NOTE
    Non-standard file/directory found at top level:
     ‘DESCRIPTION.bck’
Flavors: r-devel-linux-x86_64-debian-gcc, r-devel-linux-x86_64-fedora-clang, r-devel-linux-x86_64-fedora-gcc, r-patched-linux-x86_64, r-release-linux-x86_64

Version: 1.1-1
Check: R code for possible problems
Result: NOTE
    NB: .First.lib is obsolete and will not be used in R >= 3.0.0
    File ‘predmixcor/R/firstlib.r’:
     .First.lib calls:
     cat("predmixcor loaded\n", "COPY RIGHT: Longhai Li\n", "http://math.usask.ca/~longhai\n", "Type ?begin.predmixcor for help\n", sep = "")
    
    Package startup functions should use ‘packageStartupMessage’ to
     generate messages.
    See section ‘Good practice’ in '?.onAttach'.
    
    Predict.mix: no visible global function definition for ‘dbinom’
    abs_cor: no visible global function definition for ‘cor’
    gen.alpha.IGamma: no visible global function definition for ‘qgamma’
    gendata.mix: no visible global function definition for ‘runif’
    gendata.mix: no visible global function definition for ‘rbeta’
    mh1.unif: no visible global function definition for ‘runif’
    train_predict_mix: no visible global function definition for ‘dbinom’
    training: no visible global function definition for ‘runif’
    training: no visible global function definition for ‘dbinom’
    Undefined global functions or variables:
     cor dbinom qgamma rbeta runif
    Consider adding
     importFrom("stats", "cor", "dbinom", "qgamma", "rbeta", "runif")
    to your NAMESPACE file.
Flavors: r-devel-linux-x86_64-debian-gcc, r-devel-linux-x86_64-fedora-clang, r-devel-linux-x86_64-fedora-gcc, r-devel-osx-x86_64-clang, r-devel-windows-ix86+x86_64, r-patched-linux-x86_64, r-patched-solaris-sparc, r-patched-solaris-x86, r-release-linux-x86_64, r-release-osx-x86_64-mavericks, r-release-windows-ix86+x86_64

Version: 1.1-1
Check: R code for possible problems
Result: NOTE
    NB: .First.lib is obsolete and will not be used in R >= 3.0.0
    File 'predmixcor/R/firstlib.r':
     .First.lib calls:
     cat("predmixcor loaded\n", "COPY RIGHT: Longhai Li\n", "http://math.usask.ca/~longhai\n", "Type ?begin.predmixcor for help\n", sep = "")
    
    Package startup functions should use 'packageStartupMessage' to
     generate messages.
    See section 'Good practice' in '?.onAttach'.
Flavor: r-oldrel-windows-ix86+x86_64