CRAN Package Check Results for Package predmixcor

Last updated on 2018-02-24 12:48:13 CET.

Flavor Version Tinstall Tcheck Ttotal Status Flags
r-devel-linux-x86_64-debian-clang 1.1-1 1.24 27.58 28.82 NOTE
r-devel-linux-x86_64-debian-gcc 1.1-1 1.49 20.61 22.10 NOTE
r-devel-linux-x86_64-fedora-clang 1.1-1 35.39 NOTE
r-devel-linux-x86_64-fedora-gcc 1.1-1 33.86 NOTE
r-devel-windows-ix86+x86_64 1.1-1 5.00 36.00 41.00 NOTE
r-patched-linux-x86_64 1.1-1 0.74 28.59 29.33 NOTE
r-patched-solaris-x86 1.1-1 40.10 NOTE
r-release-linux-x86_64 1.1-1 0.72 28.76 29.48 NOTE
r-release-windows-ix86+x86_64 1.1-1 3.00 37.00 40.00 NOTE
r-release-osx-x86_64 1.1-1 NOTE
r-oldrel-windows-ix86+x86_64 1.1-1 3.00 39.00 42.00 NOTE
r-oldrel-osx-x86_64 1.1-1 NOTE

Check Details

Version: 1.1-1
Check: DESCRIPTION meta-information
Result: NOTE
    Malformed Description field: should contain one or more complete sentences.
Flavors: r-devel-linux-x86_64-debian-clang, r-devel-linux-x86_64-debian-gcc, r-devel-linux-x86_64-fedora-clang, r-devel-linux-x86_64-fedora-gcc, r-devel-windows-ix86+x86_64, r-patched-linux-x86_64, r-patched-solaris-x86, r-release-linux-x86_64, r-release-windows-ix86+x86_64, r-release-osx-x86_64, r-oldrel-windows-ix86+x86_64, r-oldrel-osx-x86_64

Version: 1.1-1
Check: top-level files
Result: NOTE
    Non-standard file/directory found at top level:
     ‘DESCRIPTION.bck’
Flavors: r-devel-linux-x86_64-debian-clang, r-devel-linux-x86_64-debian-gcc, r-devel-linux-x86_64-fedora-clang, r-devel-linux-x86_64-fedora-gcc, r-patched-linux-x86_64, r-release-linux-x86_64

Version: 1.1-1
Check: R code for possible problems
Result: NOTE
    NB: .First.lib is obsolete and will not be used in R >= 3.0.0
    File ‘predmixcor/R/firstlib.r’:
     .First.lib calls:
     cat("predmixcor loaded\n", "COPY RIGHT: Longhai Li\n", "http://math.usask.ca/~longhai\n", "Type ?begin.predmixcor for help\n", sep = "")
    
    Package startup functions should use ‘packageStartupMessage’ to
     generate messages.
    See section ‘Good practice’ in '?.onAttach'.
    
    Predict.mix: no visible global function definition for ‘dbinom’
    abs_cor: no visible global function definition for ‘cor’
    gen.alpha.IGamma: no visible global function definition for ‘qgamma’
    gendata.mix: no visible global function definition for ‘runif’
    gendata.mix: no visible global function definition for ‘rbeta’
    mh1.unif: no visible global function definition for ‘runif’
    train_predict_mix: no visible global function definition for ‘dbinom’
    training: no visible global function definition for ‘runif’
    training: no visible global function definition for ‘dbinom’
    Undefined global functions or variables:
     cor dbinom qgamma rbeta runif
    Consider adding
     importFrom("stats", "cor", "dbinom", "qgamma", "rbeta", "runif")
    to your NAMESPACE file.
Flavors: r-devel-linux-x86_64-debian-clang, r-devel-linux-x86_64-debian-gcc, r-devel-linux-x86_64-fedora-clang, r-devel-linux-x86_64-fedora-gcc, r-devel-windows-ix86+x86_64, r-patched-linux-x86_64, r-patched-solaris-x86, r-release-linux-x86_64, r-release-windows-ix86+x86_64, r-release-osx-x86_64, r-oldrel-windows-ix86+x86_64, r-oldrel-osx-x86_64