CRAN Package Check Results for Package predmixcor

Last updated on 2014-12-21 01:47:05.

Flavor Version Tinstall Tcheck Ttotal Status Flags
r-devel-linux-x86_64-debian-clang 1.1-1 0.59 18.39 18.98 NOTE
r-devel-linux-x86_64-debian-gcc 1.1-1 0.54 16.68 17.21 NOTE
r-devel-linux-x86_64-fedora-clang 1.1-1 38.13 NOTE
r-devel-linux-x86_64-fedora-gcc 1.1-1 35.52 NOTE
r-devel-osx-x86_64-clang 1.1-1 35.15 NOTE
r-devel-windows-ix86+x86_64 1.1-1 3.00 25.00 28.00 NOTE
r-patched-linux-x86_64 1.1-1 0.75 18.79 19.54 NOTE
r-patched-solaris-sparc 1.1-1 219.60 NOTE
r-patched-solaris-x86 1.1-1 45.90 NOTE
r-release-linux-ix86 1.1-1 0.82 23.25 24.06 NOTE
r-release-linux-x86_64 1.1-1 0.58 17.80 18.39 NOTE
r-release-osx-x86_64-mavericks 1.1-1 NOTE
r-release-windows-ix86+x86_64 1.1-1 2.00 26.00 28.00 NOTE
r-oldrel-windows-ix86+x86_64 1.1-1 2.00 46.00 48.00 NOTE

Check Details

Version: 1.1-1
Check: top-level files
Result: NOTE
    Non-standard file/directory found at top level:
     ‘DESCRIPTION.bck’
Flavors: r-devel-linux-x86_64-debian-clang, r-devel-linux-x86_64-debian-gcc, r-devel-linux-x86_64-fedora-clang, r-devel-linux-x86_64-fedora-gcc, r-patched-linux-x86_64, r-release-linux-x86_64

Version: 1.1-1
Check: R code for possible problems
Result: NOTE
    NB: .First.lib is obsolete and will not be used in R >= 3.0.0
    File ‘predmixcor/R/firstlib.r’:
     .First.lib calls:
     cat("predmixcor loaded\n", "COPY RIGHT: Longhai Li\n", "http://math.usask.ca/~longhai\n", "Type ?begin.predmixcor for help\n", sep = "")
    
    Package startup functions should use ‘packageStartupMessage’ to
     generate messages.
    See section ‘Good practice’ in '?.onAttach'.
Flavors: r-devel-linux-x86_64-debian-clang, r-devel-linux-x86_64-debian-gcc, r-devel-linux-x86_64-fedora-clang, r-devel-linux-x86_64-fedora-gcc, r-devel-osx-x86_64-clang, r-devel-windows-ix86+x86_64, r-patched-linux-x86_64, r-patched-solaris-sparc, r-patched-solaris-x86, r-release-linux-ix86, r-release-linux-x86_64, r-release-osx-x86_64-mavericks, r-release-windows-ix86+x86_64, r-oldrel-windows-ix86+x86_64