CRAN Package Check Results for Package prefmod

Last updated on 2017-07-26 12:48:44.

Flavor Version Tinstall Tcheck Ttotal Status Flags
r-devel-linux-x86_64-debian-clang 0.8-33 6.14 61.47 67.61 NOTE
r-devel-linux-x86_64-debian-gcc 0.8-33 6.18 61.10 67.28 NOTE
r-devel-linux-x86_64-fedora-clang 0.8-33 129.93 NOTE
r-devel-linux-x86_64-fedora-gcc 0.8-33 131.54 NOTE
r-devel-windows-ix86+x86_64 0.8-33 22.00 153.00 175.00 OK
r-patched-linux-x86_64 0.8-33 6.08 62.13 68.21 NOTE
r-patched-solaris-x86 0.8-33 161.80 OK
r-release-linux-x86_64 0.8-33 6.07 61.92 67.99 NOTE
r-release-windows-ix86+x86_64 0.8-33 17.00 148.00 165.00 OK
r-release-osx-x86_64 0.8-33 OK
r-oldrel-windows-ix86+x86_64 0.8-33 15.00 120.00 135.00 OK
r-oldrel-osx-x86_64 0.8-33 OK

Check Details

Version: 0.8-33
Check: compiled code
Result: NOTE
    File ‘prefmod/libs/prefmod.so’:
     Found no calls to: ‘R_registerRoutines’, ‘R_useDynamicSymbols’
    
    It is good practice to register native routines and to disable symbol
    search.
    
    See ‘Writing portable packages’ in the ‘Writing R Extensions’ manual.
Flavors: r-devel-linux-x86_64-debian-clang, r-devel-linux-x86_64-debian-gcc, r-devel-linux-x86_64-fedora-clang, r-devel-linux-x86_64-fedora-gcc, r-patched-linux-x86_64, r-release-linux-x86_64