CRAN Package Check Results for Package prefmod

Last updated on 2015-01-26 08:49:02.

Flavor Version Tinstall Tcheck Ttotal Status Flags
r-devel-linux-x86_64-debian-clang 0.8-32 8.17 61.85 70.02 OK
r-devel-linux-x86_64-debian-gcc 0.8-32 7.06 59.96 67.03 OK
r-devel-linux-x86_64-fedora-clang 0.8-32 164.52 OK
r-devel-linux-x86_64-fedora-gcc 0.8-32 156.04 OK
r-devel-osx-x86_64-clang 0.8-32 137.05 OK
r-devel-windows-ix86+x86_64 0.8-32 25.00 109.00 134.00 OK
r-patched-linux-x86_64 0.8-32 8.26 66.96 75.22 OK
r-patched-solaris-sparc 0.8-32 872.20 OK
r-patched-solaris-x86 0.8-32 217.70 OK
r-release-linux-ix86 0.8-32 9.79 79.15 88.94 OK
r-release-linux-x86_64 0.8-32 8.53 68.65 77.18 OK
r-release-osx-x86_64-mavericks 0.8-32 OK
r-release-osx-x86_64-snowleopard 0.8-32 OK
r-release-windows-ix86+x86_64 0.8-32 23.00 126.00 149.00 OK
r-oldrel-windows-ix86+x86_64 0.8-32 28.00 181.00 209.00 WARN

Check Details

Version: 0.8-32
Check: for code/documentation mismatches
Result: WARN
    Data codoc mismatches from documentation object 'trdel':
    Variables in data frame 'trdel'
     Code: V1 V10 V2 V3 V4 V5 V6 V7 V8 V9 age ltype sex
     Docs: V1} \code{V10 \code{V2} \code{V3} \code{V4} \code{V5} \code{V6}
     \code{V7} \code{V8} \code{V9} age ltype sex
Flavor: r-oldrel-windows-ix86+x86_64