CRAN Package Check Results for Package prefmod

Last updated on 2017-05-26 14:46:43.

Flavor Version Tinstall Tcheck Ttotal Status Flags
r-devel-linux-x86_64-debian-clang 0.8-33 6.12 54.95 61.06 NOTE
r-devel-linux-x86_64-debian-gcc 0.8-33 6.26 55.15 61.41 NOTE
r-devel-linux-x86_64-fedora-clang 0.8-33 127.57 NOTE
r-devel-linux-x86_64-fedora-gcc 0.8-33 124.37 NOTE
r-devel-windows-ix86+x86_64 0.8-33 15.00 118.00 133.00 OK
r-patched-linux-x86_64 0.8-33 6.36 54.80 61.16 NOTE
r-patched-solaris-sparc 0.8-33 719.10 OK
r-patched-solaris-x86 0.8-33 157.20 OK
r-release-linux-x86_64 0.8-33 6.09 53.23 59.32 NOTE
r-release-windows-ix86+x86_64 0.8-33 15.00 121.00 136.00 OK
r-release-osx-x86_64 0.8-33 OK
r-oldrel-windows-ix86+x86_64 0.8-33 25.00 101.00 126.00 OK
r-oldrel-osx-x86_64 0.8-33 OK

Check Details

Version: 0.8-33
Check: compiled code
Result: NOTE
    File ‘prefmod/libs/prefmod.so’:
     Found no calls to: ‘R_registerRoutines’, ‘R_useDynamicSymbols’
    
    It is good practice to register native routines and to disable symbol
    search.
    
    See ‘Writing portable packages’ in the ‘Writing R Extensions’ manual.
Flavors: r-devel-linux-x86_64-debian-clang, r-devel-linux-x86_64-debian-gcc, r-devel-linux-x86_64-fedora-clang, r-devel-linux-x86_64-fedora-gcc, r-patched-linux-x86_64, r-release-linux-x86_64