CRAN Package Check Results for Package prefmod

Last updated on 2014-10-30 12:51:40.

Flavor Version Tinstall Tcheck Ttotal Status Flags
r-devel-linux-x86_64-debian-clang 0.8-32 7.76 67.30 75.06 OK
r-devel-linux-x86_64-debian-gcc 0.8-32 7.29 65.70 72.99 OK
r-devel-linux-x86_64-fedora-clang 0.8-32 158.11 OK
r-devel-linux-x86_64-fedora-gcc 0.8-32 152.09 OK
r-devel-osx-x86_64-clang 0.8-32 135.16 OK
r-devel-windows-ix86+x86_64 0.8-32 18.00 115.00 133.00 OK
r-patched-linux-x86_64 0.8-32 7.97 68.52 76.49 OK
r-patched-solaris-sparc 0.8-32 872.10 OK
r-patched-solaris-x86 0.8-32 212.90 OK
r-release-linux-ix86 0.8-32 10.12 89.89 100.00 OK
r-release-linux-x86_64 0.8-32 8.14 67.38 75.52 OK
r-release-osx-x86_64-mavericks 0.8-32 OK
r-release-osx-x86_64-snowleopard 0.8-32 OK
r-release-windows-ix86+x86_64 0.8-32 19.00 124.00 143.00 OK
r-oldrel-windows-ix86+x86_64 0.8-32 18.00 124.00 142.00 WARN

Check Details

Version: 0.8-32
Check: for code/documentation mismatches
Result: WARN
    Data codoc mismatches from documentation object 'trdel':
    Variables in data frame 'trdel'
     Code: V1 V10 V2 V3 V4 V5 V6 V7 V8 V9 age ltype sex
     Docs: V1} \code{V10 \code{V2} \code{V3} \code{V4} \code{V5} \code{V6}
     \code{V7} \code{V8} \code{V9} age ltype sex
Flavor: r-oldrel-windows-ix86+x86_64