CRAN Package Check Results for Package prefmod

Last updated on 2017-03-25 03:48:05.

Flavor Version Tinstall Tcheck Ttotal Status Flags
r-devel-linux-x86_64-debian-clang 0.8-33 6.53 54.24 60.76 NOTE
r-devel-linux-x86_64-debian-gcc 0.8-33 6.16 55.08 61.24 NOTE
r-devel-linux-x86_64-fedora-clang 0.8-33 127.48 NOTE --no-stop-on-test-error
r-devel-linux-x86_64-fedora-gcc 0.8-33 125.24 NOTE --no-stop-on-test-error
r-devel-macos-x86_64-clang 0.8-33 96.02 NOTE --no-stop-on-test-error
r-devel-windows-ix86+x86_64 0.8-33 17.00 157.00 174.00 OK
r-patched-linux-x86_64 0.8-33 6.17 49.57 55.74 OK
r-patched-solaris-sparc 0.8-33 719.10 OK
r-patched-solaris-x86 0.8-33 159.50 OK
r-release-linux-x86_64 0.8-33 5.52 48.91 54.43 OK
r-release-osx-x86_64-mavericks 0.8-33 OK
r-release-windows-ix86+x86_64 0.8-33 24.00 110.00 134.00 OK
r-oldrel-windows-ix86+x86_64 0.8-33 17.00 153.00 170.00 OK

Check Details

Version: 0.8-33
Check: compiled code
Result: NOTE
    File ‘prefmod/libs/prefmod.so’:
     Found no calls to: ‘R_registerRoutines’, ‘R_useDynamicSymbols’
    
    It is good practice to register native routines and to disable symbol
    search.
    
    See ‘Writing portable packages’ in the ‘Writing R Extensions’ manual.
Flavors: r-devel-linux-x86_64-debian-clang, r-devel-linux-x86_64-debian-gcc

Version: 0.8-33
Flags: --no-stop-on-test-error
Check: compiled code
Result: NOTE
    File ‘prefmod/libs/prefmod.so’:
     Found no calls to: ‘R_registerRoutines’, ‘R_useDynamicSymbols’
    
    It is good practice to register native routines and to disable symbol
    search.
    
    See ‘Writing portable packages’ in the ‘Writing R Extensions’ manual.
Flavors: r-devel-linux-x86_64-fedora-clang, r-devel-linux-x86_64-fedora-gcc, r-devel-macos-x86_64-clang