CRAN Package Check Results for Package prefmod

Last updated on 2014-12-21 21:47:28.

Flavor Version Tinstall Tcheck Ttotal Status Flags
r-devel-linux-x86_64-debian-clang 0.8-32 7.70 66.06 73.75 OK
r-devel-linux-x86_64-debian-gcc 0.8-32 7.36 62.49 69.85 OK
r-devel-linux-x86_64-fedora-clang 0.8-32 160.96 OK
r-devel-linux-x86_64-fedora-gcc 0.8-32 152.65 OK
r-devel-osx-x86_64-clang 0.8-32 136.49 OK
r-devel-windows-ix86+x86_64 0.8-32 19.00 118.00 137.00 OK
r-patched-linux-x86_64 0.8-32 8.77 67.48 76.25 OK
r-patched-solaris-sparc 0.8-32 872.10 OK
r-patched-solaris-x86 0.8-32 213.70 OK
r-release-linux-ix86 0.8-32 9.63 78.83 88.46 OK
r-release-linux-x86_64 0.8-32 7.85 66.56 74.41 OK
r-release-osx-x86_64-mavericks 0.8-32 OK
r-release-osx-x86_64-snowleopard 0.8-32 OK
r-release-windows-ix86+x86_64 0.8-32 21.00 122.00 143.00 OK
r-oldrel-windows-ix86+x86_64 0.8-32 20.00 118.00 138.00 WARN

Check Details

Version: 0.8-32
Check: for code/documentation mismatches
Result: WARN
    Data codoc mismatches from documentation object 'trdel':
    Variables in data frame 'trdel'
     Code: V1 V10 V2 V3 V4 V5 V6 V7 V8 V9 age ltype sex
     Docs: V1} \code{V10 \code{V2} \code{V3} \code{V4} \code{V5} \code{V6}
     \code{V7} \code{V8} \code{V9} age ltype sex
Flavor: r-oldrel-windows-ix86+x86_64