CRAN Package Check Results for Package preprocomb

Last updated on 2020-02-20 14:47:51 CET.

Flavor Version Tinstall Tcheck Ttotal Status Flags
r-devel-linux-x86_64-debian-clang 0.3.0 13.30 150.30 163.60 ERROR
r-devel-linux-x86_64-debian-gcc 0.3.0 12.91 112.96 125.87 OK
r-devel-linux-x86_64-fedora-clang 0.3.0 198.12 OK
r-devel-linux-x86_64-fedora-gcc 0.3.0 192.28 OK
r-devel-windows-ix86+x86_64 0.3.0 37.00 168.00 205.00 OK
r-devel-windows-ix86+x86_64-gcc8 0.3.0 50.00 177.00 227.00 OK
r-patched-linux-x86_64 0.3.0 14.01 131.34 145.35 OK
r-patched-solaris-x86 0.3.0 270.30 OK
r-release-linux-x86_64 0.3.0 12.84 132.46 145.30 OK
r-release-windows-ix86+x86_64 0.3.0 32.00 168.00 200.00 OK
r-release-osx-x86_64 0.3.0 OK
r-oldrel-windows-ix86+x86_64 0.3.0 19.00 148.00 167.00 OK
r-oldrel-osx-x86_64 0.3.0 OK

Check Details

Version: 0.3.0
Check: examples
Result: ERROR
    Running examples in 'preprocomb-Ex.R' failed
    The error most likely occurred in:
    
    > base::assign(".ptime", proc.time(), pos = "CheckExEnv")
    > ### Name: setgrid
    > ### Title: constructor function for creating the combinations
    > ### Aliases: setgrid
    >
    > ### ** Examples
    >
    > grid <- setgrid(phases=c("outliers", "selection"), data=iris)
    [1] "Running diagnostics on single preprocessors:"
    Error in initializedataclassobject(data) :
     Argument 'data' must have one and only one factor column.
    Calls: setgrid -> testpreprocessors -> initializedataclassobject
    Execution halted
Flavor: r-devel-linux-x86_64-debian-clang

Version: 0.3.0
Check: tests
Result: ERROR
     Running 'testthat.R' [7s/8s]
    Running the tests in 'tests/testthat.R' failed.
    Complete output:
     > library(testthat)
     > library(preprocomb)
     >
     > test_check("preprocomb")
     [1] "Running diagnostics on single preprocessors:"
     -- 1. Error: (unknown) (@tests.R#23) ------------------------------------------
     Argument 'data' must have one and only one factor column.
     Backtrace:
     1. preprocomb::setgrid(phases = c("outliers"), data = modifiediris)
     2. preprocomb::testpreprocessors(unique(unlist(gridclassobject@grid)))
     3. preprocomb::initializedataclassobject(data)
    
     == testthat results ===========================================================
     [ OK: 5 | SKIPPED: 0 | WARNINGS: 0 | FAILED: 1 ]
     1. Error: (unknown) (@tests.R#23)
    
     Error: testthat unit tests failed
     Execution halted
Flavor: r-devel-linux-x86_64-debian-clang