CRAN Package Check Results for Package prereg

Last updated on 2021-04-18 18:47:39 CEST.

Flavor Version Tinstall Tcheck Ttotal Status Flags
r-devel-linux-x86_64-debian-clang 0.5.0 1.96 22.65 24.61 NOTE
r-devel-linux-x86_64-debian-gcc 0.5.0 1.83 17.82 19.65 NOTE
r-devel-linux-x86_64-fedora-clang 0.5.0 41.35 NOTE
r-devel-linux-x86_64-fedora-gcc 0.5.0 29.23 NOTE
r-devel-windows-ix86+x86_64 0.5.0 5.00 31.00 36.00 NOTE
r-devel-windows-x86_64-gcc10-UCRT 0.5.0 NOTE
r-patched-linux-x86_64 0.5.0 2.17 21.68 23.85 OK
r-patched-solaris-x86 0.5.0 47.10 OK
r-release-linux-x86_64 0.5.0 2.24 21.79 24.03 OK
r-release-macos-x86_64 0.5.0 OK
r-release-windows-ix86+x86_64 0.5.0 19.00 39.00 58.00 OK
r-oldrel-macos-x86_64 0.5.0 OK
r-oldrel-windows-ix86+x86_64 0.5.0 3.00 35.00 38.00 OK

Check Details

Version: 0.5.0
Check: LazyData
Result: NOTE
     'LazyData' is specified without a 'data' directory
Flavors: r-devel-linux-x86_64-debian-clang, r-devel-linux-x86_64-debian-gcc, r-devel-linux-x86_64-fedora-clang, r-devel-linux-x86_64-fedora-gcc, r-devel-windows-ix86+x86_64, r-devel-windows-x86_64-gcc10-UCRT