CRAN Package Check Results for Package preseqR

Last updated on 2017-03-29 22:47:20.

Flavor Version Tinstall Tcheck Ttotal Status Flags
r-devel-linux-x86_64-debian-clang 3.0.0 2.22 16.02 18.24 NOTE
r-devel-linux-x86_64-debian-gcc 3.0.0 2.12 16.14 18.26 NOTE
r-devel-linux-x86_64-fedora-clang 3.0.0 32.04 NOTE --no-stop-on-test-error
r-devel-linux-x86_64-fedora-gcc 3.0.0 30.00 NOTE --no-stop-on-test-error
r-devel-macos-x86_64-clang 3.0.0 27.08 NOTE --no-stop-on-test-error
r-devel-windows-ix86+x86_64 3.0.0 11.00 60.00 71.00 OK
r-patched-linux-x86_64 3.0.0 1.90 16.18 18.09 NOTE
r-patched-solaris-sparc 3.0.0 18.40 ERROR
r-patched-solaris-x86 3.0.0 3.70 ERROR
r-release-linux-x86_64 3.0.0 1.94 13.73 15.67 OK
r-release-osx-x86_64-mavericks 3.0.0 OK
r-release-windows-ix86+x86_64 3.0.0 10.00 47.00 57.00 OK
r-oldrel-windows-ix86+x86_64 3.0.0 13.00 51.00 64.00 OK

Check Details

Version: 3.0.0
Check: compiled code
Result: NOTE
    File ‘preseqR/libs/preseqR.so’:
     Found no calls to: ‘R_registerRoutines’, ‘R_useDynamicSymbols’
    
    It is good practice to register native routines and to disable symbol
    search.
    
    See ‘Writing portable packages’ in the ‘Writing R Extensions’ manual.
Flavors: r-devel-linux-x86_64-debian-clang, r-devel-linux-x86_64-debian-gcc, r-patched-linux-x86_64

Version: 3.0.0
Flags: --no-stop-on-test-error
Check: compiled code
Result: NOTE
    File ‘preseqR/libs/preseqR.so’:
     Found no calls to: ‘R_registerRoutines’, ‘R_useDynamicSymbols’
    
    It is good practice to register native routines and to disable symbol
    search.
    
    See ‘Writing portable packages’ in the ‘Writing R Extensions’ manual.
Flavors: r-devel-linux-x86_64-fedora-clang, r-devel-linux-x86_64-fedora-gcc, r-devel-macos-x86_64-clang

Version: 3.0.0
Check: whether package can be installed
Result: ERROR
    Installation failed.
Flavors: r-patched-solaris-sparc, r-patched-solaris-x86