CRAN Package Check Results for Package prettyR

Last updated on 2019-08-24 22:46:34 CEST.

Flavor Version Tinstall Tcheck Ttotal Status Flags
r-devel-linux-x86_64-debian-clang 2.2-3 3.42 24.74 28.16 NOTE
r-devel-linux-x86_64-debian-gcc 2.2-3 2.37 20.03 22.40 NOTE
r-devel-linux-x86_64-fedora-clang 2.2-3 33.74 NOTE
r-devel-linux-x86_64-fedora-gcc 2.2-3 33.37 NOTE
r-devel-windows-ix86+x86_64 2.2-3 18.00 38.00 56.00 OK
r-patched-linux-x86_64 2.2-3 2.75 24.65 27.40 OK
r-patched-solaris-x86 2.2-3 49.30 OK
r-release-linux-x86_64 2.2-3 2.59 24.59 27.18 OK
r-release-windows-ix86+x86_64 2.2-3 8.00 173.00 181.00 OK
r-release-osx-x86_64 2.2-3 OK
r-oldrel-windows-ix86+x86_64 2.2-3 4.00 32.00 36.00 OK
r-oldrel-osx-x86_64 2.2-3 OK

Check Details

Version: 2.2-3
Check: for non-standard things in the check directory
Result: NOTE
    Found the following files/directories:
     'hista.png' 'plotcd.png' 'test.R' 'test.html' 'testR2html.R'
     'testglm.csv' 'testglm.html' 'testglm.tab'
Flavors: r-devel-linux-x86_64-debian-clang, r-devel-linux-x86_64-debian-gcc, r-devel-linux-x86_64-fedora-clang, r-devel-linux-x86_64-fedora-gcc