CRAN Package Check Results for Package prettyR

Last updated on 2015-07-04 11:49:56.

Flavor Version Tinstall Tcheck Ttotal Status Flags
r-devel-linux-x86_64-debian-clang 2.1-1 0.73 11.78 12.50 NOTE
r-devel-linux-x86_64-debian-gcc 2.1-1 0.73 11.76 12.49 NOTE
r-devel-linux-x86_64-fedora-clang 2.1-1 23.37 NOTE
r-devel-linux-x86_64-fedora-gcc 2.1-1 21.91 NOTE
r-devel-osx-x86_64-clang 2.1-1 23.48 OK
r-devel-windows-ix86+x86_64 2.1-1 5.00 27.00 32.00 OK
r-patched-linux-x86_64 2.1-1 0.74 12.49 13.24 OK
r-patched-solaris-sparc 2.1-1 159.20 OK
r-patched-solaris-x86 2.1-1 33.60 OK
r-release-linux-x86_64 2.1-1 0.80 12.13 12.93 OK
r-release-osx-x86_64-mavericks 2.1-1 OK
r-release-windows-ix86+x86_64 2.1-1 4.00 22.00 26.00 OK
r-oldrel-windows-ix86+x86_64 2.1-1 3.00 21.00 24.00 OK

Check Details

Version: 2.1-1
Check: R code for possible problems
Result: NOTE
    HTMLgraph: no visible global function definition for ‘graphics.off’
    HTMLgraph: no visible global function definition for ‘png’
    HTMLgraph: no visible global function definition for ‘bmp’
    HTMLgraph: no visible global function definition for ‘jpeg’
    R2html: no visible global function definition for ‘graphics.off’
    R2html: no visible global function definition for ‘browseURL’
    brkdn: no visible global function definition for ‘terms’
    brkdn: no visible global function definition for ‘as.formula’
    print.xtab: no visible global function definition for ‘chisq.test’
    xtab: no visible global function definition for ‘terms’
    xtab: no visible global function definition for ‘as.formula’
    Undefined global functions or variables:
     as.formula bmp browseURL chisq.test graphics.off jpeg png terms
Flavors: r-devel-linux-x86_64-debian-clang, r-devel-linux-x86_64-debian-gcc, r-devel-linux-x86_64-fedora-clang, r-devel-linux-x86_64-fedora-gcc