CRAN Package Check Results for Package prettyR

Last updated on 2014-04-18 01:47:51.

Flavor Version Tinstall Tcheck Ttotal Status Flags
r-devel-linux-x86_64-debian-clang 2.0-7 0.81 12.65 13.46 OK
r-devel-linux-x86_64-debian-gcc 2.0-7 0.89 13.18 14.07 OK
r-devel-linux-x86_64-fedora-clang 2.0-7 27.55 NOTE
r-devel-linux-x86_64-fedora-gcc 2.0-7 25.22 NOTE
r-devel-macosx-x86_64-clang 2.0-7 28.30 OK
r-devel-macosx-x86_64-gcc 2.0-7 OK
r-devel-windows-ix86+x86_64 2.0-7 3.00 18.00 21.00 OK
r-patched-linux-x86_64 2.0-7 0.82 13.48 14.30 OK
r-patched-solaris-sparc 2.0-7 152.40 OK
r-patched-solaris-x86 2.0-7 34.80 OK
r-release-linux-ix86 2.0-7 3.00 27.00 30.00 OK
r-release-linux-x86_64 2.0-7 0.90 12.67 13.58 OK
r-release-windows-ix86+x86_64 2.0-7 6.00 27.00 33.00 OK
r-oldrel-windows-ix86+x86_64 2.0-7 3.00 32.00 35.00 OK

Check Details

Version: 2.0-7
Check: Rd line widths
Result: NOTE
    Rd file 'R2html.Rd':
     \examples lines wider than 100 characters:
     # system("rm testR2html.R testR2html.html testR2html_nav.html testR2html_list.html hista.png plotcd.png")
    
    These lines will be truncated in the PDF manual.
Flavors: r-devel-linux-x86_64-fedora-clang, r-devel-linux-x86_64-fedora-gcc