CRAN Package Check Results for Package prettyR

Last updated on 2015-08-29 10:46:58.

Flavor Version Tinstall Tcheck Ttotal Status Flags
r-devel-linux-x86_64-debian-clang 2.1-1 0.82 11.85 12.67 NOTE
r-devel-linux-x86_64-debian-gcc 2.1-1 0.77 11.52 12.30 NOTE
r-devel-linux-x86_64-fedora-clang 2.1-1 23.25 NOTE
r-devel-linux-x86_64-fedora-gcc 2.1-1 22.46 NOTE
r-devel-osx-x86_64-clang 2.1-1 23.09 OK
r-devel-windows-ix86+x86_64 2.1-1 6.00 22.00 28.00 NOTE
r-patched-linux-x86_64 2.1-1 0.73 12.89 13.62 OK
r-patched-solaris-sparc 2.1-1 158.20 OK
r-patched-solaris-x86 2.1-1 35.70 OK
r-release-linux-x86_64 2.1-1 0.75 12.16 12.92 OK
r-release-osx-x86_64-mavericks 2.1-1 OK
r-release-windows-ix86+x86_64 2.1-1 4.00 22.00 26.00 OK
r-oldrel-windows-ix86+x86_64 2.1-1 3.00 21.00 24.00 OK

Check Details

Version: 2.1-1
Check: R code for possible problems
Result: NOTE
    HTMLgraph: no visible global function definition for ‘graphics.off’
    HTMLgraph: no visible global function definition for ‘png’
    HTMLgraph: no visible global function definition for ‘bmp’
    HTMLgraph: no visible global function definition for ‘jpeg’
    R2html: no visible global function definition for ‘graphics.off’
    R2html: no visible global function definition for ‘browseURL’
    brkdn: no visible global function definition for ‘terms’
    brkdn: no visible global function definition for ‘as.formula’
    print.xtab: no visible global function definition for ‘chisq.test’
    xtab: no visible global function definition for ‘terms’
    xtab: no visible global function definition for ‘as.formula’
    Undefined global functions or variables:
     as.formula bmp browseURL chisq.test graphics.off jpeg png terms
    Consider adding
     importFrom("grDevices", "bmp", "graphics.off", "jpeg", "png")
     importFrom("stats", "as.formula", "chisq.test", "terms")
     importFrom("utils", "browseURL")
    to your NAMESPACE.
Flavors: r-devel-linux-x86_64-debian-clang, r-devel-linux-x86_64-debian-gcc, r-devel-linux-x86_64-fedora-clang, r-devel-linux-x86_64-fedora-gcc, r-devel-windows-ix86+x86_64