CRAN Package Check Results for Package prettyR

Last updated on 2015-04-26 09:46:33.

Flavor Version Tinstall Tcheck Ttotal Status Flags
r-devel-linux-x86_64-debian-clang 2.1 0.82 12.44 13.26 ERROR
r-devel-linux-x86_64-debian-gcc 2.1 0.76 12.19 12.95 ERROR
r-devel-linux-x86_64-fedora-clang 2.1 24.90 ERROR
r-devel-linux-x86_64-fedora-gcc 2.1 25.11 ERROR
r-devel-osx-x86_64-clang 2.1 27.31 ERROR
r-devel-windows-ix86+x86_64 2.1 4.00 20.00 24.00 ERROR
r-patched-linux-x86_64 2.1 0.76 12.42 13.18 OK
r-patched-solaris-sparc 2.1 156.40 OK
r-patched-solaris-x86 2.1 35.00 OK
r-release-linux-x86_64 2.1 0.78 12.22 13.00 OK
r-release-osx-x86_64-mavericks 2.1 OK
r-release-osx-x86_64-snowleopard 2.1 OK
r-release-windows-ix86+x86_64 2.1 2.00 24.00 26.00 OK
r-oldrel-windows-ix86+x86_64 2.1 5.00 21.00 26.00 OK

Check Details

Version: 2.1
Check: examples
Result: ERROR
    Running examples in ‘prettyR-Ex.R’ failed
    The error most likely occurred in:
    
    > ### Name: decimal.align
    > ### Title: Turn numbers into strings with aligned decimal points
    > ### Aliases: decimal.align
    > ### Keywords: misc
    >
    > ### ** Examples
    >
    > x<-c(1,2.3,44.55,666.777)
    > decimal.align(x)
    Error in sprintf(paste("%-", ndec, "s", sep = ""), decs) :
     invalid format '%-NA'; use format %s for character objects
    Calls: decimal.align -> sprintf
    Execution halted
Flavors: r-devel-linux-x86_64-fedora-gcc, r-devel-windows-ix86+x86_64