CRAN Package Check Results for Package prettydoc

Last updated on 2022-01-20 01:50:45 CET.

Flavor Version Tinstall Tcheck Ttotal Status Flags
r-devel-linux-x86_64-debian-clang 0.4.1 NOTE
r-devel-linux-x86_64-debian-gcc 0.4.1 2.26 33.61 35.87 NOTE
r-devel-linux-x86_64-fedora-clang 0.4.1 57.08 NOTE
r-devel-linux-x86_64-fedora-gcc 0.4.1 45.24 NOTE
r-devel-windows-x86_64-new-UL 0.4.1 103.00 83.00 186.00 NOTE
r-devel-windows-x86_64-new-TK 0.4.1 NOTE
r-patched-linux-x86_64 0.4.1 2.66 43.06 45.72 NOTE
r-release-linux-x86_64 0.4.1 NOTE
r-release-macos-arm64 0.4.1 NOTE
r-release-macos-x86_64 0.4.1 NOTE
r-release-windows-ix86+x86_64 0.4.1 9.00 54.00 63.00 NOTE
r-oldrel-macos-x86_64 0.4.1 OK
r-oldrel-windows-ix86+x86_64 0.4.1 8.00 56.00 64.00 OK

Check Details

Version: 0.4.1
Check: LazyData
Result: NOTE
     'LazyData' is specified without a 'data' directory
Flavors: r-devel-linux-x86_64-debian-clang, r-devel-linux-x86_64-debian-gcc, r-devel-linux-x86_64-fedora-clang, r-devel-linux-x86_64-fedora-gcc, r-devel-windows-x86_64-new-UL, r-devel-windows-x86_64-new-TK, r-patched-linux-x86_64, r-release-linux-x86_64, r-release-macos-arm64, r-release-macos-x86_64, r-release-windows-ix86+x86_64