CRAN Package Check Results for Package prettyglm

Last updated on 2022-01-24 20:49:43 CET.

Flavor Version Tinstall Tcheck Ttotal Status Flags
r-devel-linux-x86_64-debian-clang 0.1.0 7.96 86.97 94.93 OK
r-devel-linux-x86_64-debian-gcc 0.1.0 5.11 64.72 69.83 OK
r-devel-linux-x86_64-fedora-clang 0.1.0 112.82 NOTE
r-devel-linux-x86_64-fedora-gcc 0.1.0 103.04 OK
r-devel-windows-x86_64-new-UL 0.1.0 27.00 115.00 142.00 OK
r-devel-windows-x86_64-new-TK 0.1.0 ERROR
r-patched-linux-x86_64 0.1.0 6.87 79.05 85.92 OK
r-release-linux-x86_64 0.1.0 5.41 78.84 84.25 OK
r-release-macos-arm64 0.1.0 OK
r-release-macos-x86_64 0.1.0 WARN
r-release-windows-ix86+x86_64 0.1.0 21.00 105.00 126.00 OK
r-oldrel-macos-x86_64 0.1.0 WARN
r-oldrel-windows-ix86+x86_64 0.1.0 21.00 107.00 128.00 OK

Check Details

Version: 0.1.0
Check: Rd cross-references
Result: NOTE
    Undeclared package ‘parsnip’ in Rd xrefs
Flavor: r-devel-linux-x86_64-fedora-clang

Version: 0.1.0
Check: package dependencies
Result: ERROR
    Package required but not available: 'car'
    
    See section 'The DESCRIPTION file' in the 'Writing R Extensions'
    manual.
Flavor: r-devel-windows-x86_64-new-TK

Version: 0.1.0
Check: re-building of vignette outputs
Result: WARN
    Error(s) in re-building vignettes:
     ...
    --- re-building ‘prettyglm-vignette.Rmd’ using rmarkdown
    Warning in engine$weave(file, quiet = quiet, encoding = enc) :
     Pandoc (>= 1.12.3) not available. Falling back to R Markdown v1.
    Quitting from lines 88-90 (prettyglm-vignette.Rmd)
    Error: processing vignette 'prettyglm-vignette.Rmd' failed with diagnostics:
    invalid 'path' argument
    --- failed re-building ‘prettyglm-vignette.Rmd’
    
    SUMMARY: processing the following file failed:
     ‘prettyglm-vignette.Rmd’
    
    Error: Vignette re-building failed.
    Execution halted
Flavors: r-release-macos-x86_64, r-oldrel-macos-x86_64