CRAN Package Check Results for Package prevR

Last updated on 2016-07-28 06:47:30.

Flavor Version Tinstall Tcheck Ttotal Status Flags
r-devel-linux-x86_64-debian-clang 3.3 5.41 57.44 62.86 OK
r-devel-linux-x86_64-debian-gcc 3.3 5.56 56.68 62.23 OK
r-devel-linux-x86_64-fedora-clang 3.3 108.46 OK
r-devel-linux-x86_64-fedora-gcc 3.3 100.03 OK
r-devel-osx-x86_64-clang 3.3 83.76 OK
r-devel-windows-ix86+x86_64 3.3 21.00 118.00 139.00 OK
r-patched-linux-x86_64 3.3 5.78 55.30 61.08 OK
r-patched-solaris-sparc 3.3 634.90 OK
r-patched-solaris-x86 3.3 132.90 OK
r-release-linux-x86_64 3.3 5.95 56.68 62.63 OK
r-release-osx-x86_64-mavericks 3.3 NOTE
r-release-windows-ix86+x86_64 3.3 20.00 119.00 139.00 OK
r-oldrel-windows-ix86+x86_64 3.3 20.00 126.00 146.00 OK

Check Details

Version: 3.3
Check: dependencies in R code
Result: NOTE
    Invalid MIT-MAGIC-COOKIE-1 key
Flavor: r-release-osx-x86_64-mavericks