CRAN Package Check Results for Package prevR

Last updated on 2016-12-11 03:47:33.

Flavor Version Tinstall Tcheck Ttotal Status Flags
r-devel-linux-x86_64-debian-clang 3.3 4.94 55.12 60.06 OK
r-devel-linux-x86_64-debian-gcc 3.3 5.33 54.99 60.32 OK
r-devel-linux-x86_64-fedora-clang 3.3 123.16 OK --no-stop-on-test-error
r-devel-linux-x86_64-fedora-gcc 3.3 115.30 OK --no-stop-on-test-error
r-devel-macos-x86_64-clang 3.3 88.36 OK --no-stop-on-test-error
r-devel-windows-ix86+x86_64 3.3 14.00 97.00 111.00 OK
r-patched-linux-x86_64 3.3 5.16 51.67 56.84 OK
r-patched-solaris-sparc 3.3 676.90 NOTE
r-patched-solaris-x86 3.3 143.90 NOTE
r-release-linux-x86_64 3.3 4.88 52.08 56.95 OK
r-release-osx-x86_64-mavericks 3.3 NOTE
r-release-windows-ix86+x86_64 3.3 19.00 99.00 118.00 OK
r-oldrel-windows-ix86+x86_64 3.3 20.00 97.00 117.00 OK

Check Details

Version: 3.3
Check: package dependencies
Result: NOTE
    Package suggested but not available for checking: ‘geoR’
Flavors: r-patched-solaris-sparc, r-patched-solaris-x86

Version: 3.3
Check: Rd cross-references
Result: NOTE
    Package unavailable to check Rd xrefs: ‘geoR’
Flavors: r-patched-solaris-sparc, r-patched-solaris-x86

Version: 3.3
Check: dependencies in R code
Result: NOTE
    Invalid MIT-MAGIC-COOKIE-1 key
Flavor: r-release-osx-x86_64-mavericks