CRAN Package Check Results for Package prevR

Last updated on 2017-05-25 06:48:06.

Flavor Version Tinstall Tcheck Ttotal Status Flags
r-devel-linux-x86_64-debian-clang 3.3 5.06 53.63 58.69 OK
r-devel-linux-x86_64-debian-gcc 3.3 4.68 53.31 58.00 OK
r-devel-linux-x86_64-fedora-clang 3.3 115.37 OK --no-stop-on-test-error
r-devel-linux-x86_64-fedora-gcc 3.3 113.13 OK --no-stop-on-test-error
r-devel-windows-ix86+x86_64 3.3 15.00 114.00 129.00 OK
r-patched-linux-x86_64 3.3 4.83 53.25 58.08 OK
r-patched-solaris-sparc 3.3 702.50 OK --no-stop-on-test-error
r-patched-solaris-x86 3.3 147.40 OK --no-stop-on-test-error
r-release-linux-x86_64 3.3 4.72 54.68 59.41 OK
r-release-windows-ix86+x86_64 3.3 18.00 159.00 177.00 OK
r-release-osx-x86_64 3.3 OK
r-oldrel-windows-ix86+x86_64 3.3 22.00 139.00 161.00 OK
r-oldrel-osx-x86_64 3.3 NOTE

Check Details

Version: 3.3
Check: dependencies in R code
Result: NOTE
    Invalid MIT-MAGIC-COOKIE-1 key
Flavor: r-oldrel-osx-x86_64