CRAN Package Check Results for Package prevR

Last updated on 2014-10-23 21:46:44.

Flavor Version Tinstall Tcheck Ttotal Status Flags
r-devel-linux-x86_64-debian-clang 2.9 7.69 66.86 74.56 NOTE
r-devel-linux-x86_64-debian-gcc 2.9 5.56 66.04 71.60 NOTE
r-devel-linux-x86_64-fedora-clang 2.9 162.94 NOTE
r-devel-linux-x86_64-fedora-gcc 2.9 153.99 NOTE
r-devel-osx-x86_64-clang 2.9 139.70 NOTE
r-devel-windows-ix86+x86_64 2.9 16.00 100.00 116.00 NOTE
r-patched-linux-x86_64 2.9 5.85 68.59 74.44 NOTE
r-patched-solaris-sparc 2.9 887.00 NOTE
r-patched-solaris-x86 2.9 210.00 NOTE
r-release-linux-ix86 2.9 7.69 93.28 100.97 OK
r-release-linux-x86_64 2.9 6.15 71.16 77.31 OK
r-release-osx-x86_64-mavericks 2.9 ERROR
r-release-osx-x86_64-snowleopard 2.9 ERROR
r-release-windows-ix86+x86_64 2.9 17.00 106.00 123.00 OK
r-oldrel-windows-ix86+x86_64 2.9 18.00 101.00 119.00 OK

Check Details

Version: 2.9
Check: R code for possible problems
Result: NOTE
    .eyefit.prevR: no visible global function definition for ‘tclVar’
    .eyefit.prevR : replot: no visible global function definition for
     ‘tclObj’
    .eyefit.prevR : replot : <anonymous>: no visible global function
     definition for ‘lines.variomodel’
    .eyefit.prevR : replot: no visible global function definition for
     ‘lines.variomodel’
    .eyefit.prevR : redraw: no visible global function definition for
     ‘tclObj’
    .eyefit.prevR : redraw: no visible global function definition for
     ‘tkconfigure’
    .eyefit.prevR : redraw: no visible global function definition for
     ‘tkfocus’
    .eyefit.prevR: no visible global function definition for ‘tktoplevel’
    .eyefit.prevR: no visible global function definition for ‘tkwm.title’
    .eyefit.prevR: no visible global function definition for ‘tkframe’
    .eyefit.prevR: no visible global function definition for ‘tkpack’
    .eyefit.prevR: no visible global function definition for ‘tklabel’
    .eyefit.prevR: no visible global function definition for ‘tkentry’
    .eyefit.prevR: no visible global function definition for ‘tkscale’
    .eyefit.prevR: no visible global function definition for
     ‘tkradiobutton’
    .eyefit.prevR : OnQuit: no visible global function definition for
     ‘tclObj’
    .eyefit.prevR : OnQuit: no visible global function definition for
     ‘practicalRange’
    .eyefit.prevR : OnQuit: no visible global function definition for
     ‘tclvalue<-’
    .eyefit.prevR : OnSave: no visible global function definition for
     ‘tclObj’
    .eyefit.prevR : OnSave: no visible global function definition for
     ‘practicalRange’
    .eyefit.prevR: no visible global function definition for ‘tkbutton’
    .eyefit.prevR: no visible global function definition for ‘tkbind’
    .eyefit.prevR : <anonymous>: no visible global function definition for
     ‘tclvalue<-’
    .eyefit.prevR: no visible global function definition for
     ‘tkwait.variable’
    .eyefit.prevR: no visible global function definition for ‘tkdestroy’
    create.boundary: no visible binding for global variable
     ‘TMWorldBorders’
    import.dhs : make.clust.dbf: no visible global function definition for
     ‘read.dbf’
    import.dhs : make.ind.spss: no visible global function definition for
     ‘read.spss’
    export,prevR: no visible global function definition for
     ‘writePolyShape’
    export,prevR: no visible global function definition for
     ‘writePointsShape’
    export,prevR: no visible global function definition for ‘write.dbf’
Flavors: r-devel-linux-x86_64-debian-clang, r-devel-linux-x86_64-debian-gcc, r-devel-linux-x86_64-fedora-clang, r-devel-linux-x86_64-fedora-gcc, r-devel-osx-x86_64-clang, r-devel-windows-ix86+x86_64, r-patched-linux-x86_64, r-patched-solaris-sparc, r-patched-solaris-x86

Version: 2.9
Check: package dependencies
Result: ERROR
    Packages required but not available: ‘gstat’ ‘rgdal’
    
    See the information on DESCRIPTION files in the chapter ‘Creating R
    packages’ of the ‘Writing R Extensions’ manual.
Flavor: r-release-osx-x86_64-mavericks

Version: 2.9
Check: whether package can be installed
Result: ERROR
    Installation failed.
Flavor: r-release-osx-x86_64-snowleopard