CRAN Package Check Results for Package prevR

Last updated on 2016-06-26 13:47:01.

Flavor Version Tinstall Tcheck Ttotal Status Flags
r-devel-linux-x86_64-debian-gcc 3.3 4.50 49.94 54.44 OK
r-devel-linux-x86_64-fedora-clang 3.3 113.61 OK
r-devel-linux-x86_64-fedora-gcc 3.3 97.80 OK
r-devel-osx-x86_64-clang 3.3 78.77 NOTE
r-devel-windows-ix86+x86_64 3.3 17.00 123.00 140.00 OK
r-patched-linux-x86_64 3.3 4.64 50.64 55.28 OK
r-patched-solaris-sparc 3.3 634.90 OK
r-patched-solaris-x86 3.3 136.30 OK
r-release-linux-x86_64 3.3 4.84 50.15 54.99 OK
r-release-osx-x86_64-mavericks 3.3 NOTE
r-release-windows-ix86+x86_64 3.3 12.00 81.00 93.00 OK
r-oldrel-windows-ix86+x86_64 3.3 18.00 120.00 138.00 OK

Check Details

Version: 3.3
Check: package dependencies
Result: NOTE
    Package suggested but not available for checking: ‘geoR’
Flavor: r-devel-osx-x86_64-clang

Version: 3.3
Check: Rd cross-references
Result: NOTE
    Package unavailable to check Rd xrefs: ‘geoR’
Flavor: r-devel-osx-x86_64-clang

Version: 3.3
Check: dependencies in R code
Result: NOTE
    Invalid MIT-MAGIC-COOKIE-1 key
Flavor: r-release-osx-x86_64-mavericks