CRAN Package Check Results for Package prevR

Last updated on 2015-04-25 06:46:25.

Flavor Version Tinstall Tcheck Ttotal Status Flags
r-devel-linux-x86_64-debian-clang 2.9 0.40 1.54 1.94 ERROR
r-devel-linux-x86_64-debian-gcc 2.9 4.06 48.00 52.06 NOTE
r-devel-linux-x86_64-fedora-clang 2.9 111.70 NOTE
r-devel-linux-x86_64-fedora-gcc 2.9 108.97 NOTE
r-devel-osx-x86_64-clang 2.9 99.45 NOTE
r-devel-windows-ix86+x86_64 2.9 14.00 73.00 87.00 NOTE
r-patched-linux-x86_64 2.9 4.10 49.08 53.18 NOTE
r-patched-solaris-sparc 2.9 657.80 NOTE
r-patched-solaris-x86 2.9 152.10 NOTE
r-release-linux-x86_64 2.9 4.14 48.12 52.26 NOTE
r-release-osx-x86_64-mavericks 2.9 ERROR
r-release-osx-x86_64-snowleopard 2.9 ERROR
r-release-windows-ix86+x86_64 2.9 11.00 75.00 86.00 NOTE
r-oldrel-windows-ix86+x86_64 2.9 14.00 95.00 109.00 NOTE

Check Details

Version: 2.9
Check: dependencies in R code
Result: NOTE
    'library' or 'require' calls in package code:
     'foreign' 'maptools' 'tcltk'
     Please use :: or requireNamespace() instead.
     See section 'Suggested packages' in the 'Writing R Extensions' manual.
Flavors: r-devel-windows-ix86+x86_64, r-patched-linux-x86_64, r-release-windows-ix86+x86_64, r-oldrel-windows-ix86+x86_64

Version: 2.9
Check: R code for possible problems
Result: NOTE
    .eyefit.prevR: no visible global function definition for 'tclVar'
    .eyefit.prevR : replot: no visible global function definition for
     'tclObj'
    .eyefit.prevR : replot : <anonymous>: no visible global function
     definition for 'lines.variomodel'
    .eyefit.prevR : replot: no visible global function definition for
     'lines.variomodel'
    .eyefit.prevR : redraw: no visible global function definition for
     'tclObj'
    .eyefit.prevR : redraw: no visible global function definition for
     'tkconfigure'
    .eyefit.prevR : redraw: no visible global function definition for
     'tkfocus'
    .eyefit.prevR: no visible global function definition for 'tktoplevel'
    .eyefit.prevR: no visible global function definition for 'tkwm.title'
    .eyefit.prevR: no visible global function definition for 'tkframe'
    .eyefit.prevR: no visible global function definition for 'tkpack'
    .eyefit.prevR: no visible global function definition for 'tklabel'
    .eyefit.prevR: no visible global function definition for 'tkentry'
    .eyefit.prevR: no visible global function definition for 'tkscale'
    .eyefit.prevR: no visible global function definition for
     'tkradiobutton'
    .eyefit.prevR : OnQuit: no visible global function definition for
     'tclObj'
    .eyefit.prevR : OnQuit: no visible global function definition for
     'practicalRange'
    .eyefit.prevR : OnQuit: no visible global function definition for
     'tclvalue<-'
    .eyefit.prevR : OnSave: no visible global function definition for
     'tclObj'
    .eyefit.prevR : OnSave: no visible global function definition for
     'practicalRange'
    .eyefit.prevR: no visible global function definition for 'tkbutton'
    .eyefit.prevR: no visible global function definition for 'tkbind'
    .eyefit.prevR : <anonymous>: no visible global function definition for
     'tclvalue<-'
    .eyefit.prevR: no visible global function definition for
     'tkwait.variable'
    .eyefit.prevR: no visible global function definition for 'tkdestroy'
    create.boundary: no visible binding for global variable
     'TMWorldBorders'
    import.dhs : make.clust.dbf: no visible global function definition for
     'read.dbf'
    import.dhs : make.ind.spss: no visible global function definition for
     'read.spss'
    export,prevR: no visible global function definition for
     'writePolyShape'
    export,prevR: no visible global function definition for
     'writePointsShape'
    export,prevR: no visible global function definition for 'write.dbf'
Flavors: r-devel-windows-ix86+x86_64, r-patched-linux-x86_64, r-release-windows-ix86+x86_64, r-oldrel-windows-ix86+x86_64

Version: 2.9
Check: S3 generic/method consistency
Result: NOTE
    Found the following apparent S3 methods exported but not registered:
     as.data.frame.prevR
    See section ‘Registering S3 methods’ in the ‘Writing R Extensions’
    manual.
Flavor: r-patched-linux-x86_64