CRAN Package Check Results for Package prevR

Last updated on 2017-03-28 17:49:18.

Flavor Version Tinstall Tcheck Ttotal Status Flags
r-devel-linux-x86_64-debian-clang 3.3 4.99 53.82 58.82 OK
r-devel-linux-x86_64-debian-gcc 3.3 4.97 53.11 58.08 OK
r-devel-linux-x86_64-fedora-clang 3.3 115.60 OK --no-stop-on-test-error
r-devel-linux-x86_64-fedora-gcc 3.3 111.59 OK --no-stop-on-test-error
r-devel-macos-x86_64-clang 3.3 85.83 OK --no-stop-on-test-error
r-devel-windows-ix86+x86_64 3.3 14.00 141.00 155.00 OK
r-patched-linux-x86_64 3.3 5.15 53.63 58.78 OK
r-patched-solaris-sparc 3.3 706.30 NOTE
r-patched-solaris-x86 3.3 151.70 NOTE
r-release-linux-x86_64 3.3 4.74 51.50 56.23 OK
r-release-osx-x86_64-mavericks 3.3 NOTE
r-release-windows-ix86+x86_64 3.3 21.00 130.00 151.00 OK
r-oldrel-windows-ix86+x86_64 3.3 14.00 95.00 109.00 OK

Check Details

Version: 3.3
Check: package dependencies
Result: NOTE
    Package suggested but not available for checking: ‘geoR’
Flavors: r-patched-solaris-sparc, r-patched-solaris-x86

Version: 3.3
Check: Rd cross-references
Result: NOTE
    Package unavailable to check Rd xrefs: ‘geoR’
Flavors: r-patched-solaris-sparc, r-patched-solaris-x86

Version: 3.3
Check: dependencies in R code
Result: NOTE
    Invalid MIT-MAGIC-COOKIE-1 key
Flavor: r-release-osx-x86_64-mavericks