CRAN Package Check Results for Package prevR

Last updated on 2016-05-25 03:48:38.

Flavor Version Tinstall Tcheck Ttotal Status Flags
r-devel-linux-x86_64-debian-gcc 3.3 4.60 48.47 53.06 OK
r-devel-linux-x86_64-fedora-clang 3.3 105.82 OK
r-devel-linux-x86_64-fedora-gcc 3.3 97.29 OK
r-devel-osx-x86_64-clang 3.3 113.29 OK
r-devel-windows-ix86+x86_64 3.3 13.00 88.00 101.00 OK
r-patched-linux-x86_64 3.3 4.50 47.97 52.48 OK
r-patched-solaris-sparc 3.3 623.70 OK
r-patched-solaris-x86 3.3 132.70 OK
r-release-linux-x86_64 3.3 4.66 48.06 52.71 OK
r-release-osx-x86_64-mavericks 3.3 NOTE
r-release-windows-ix86+x86_64 3.3 13.00 88.00 101.00 OK
r-oldrel-windows-ix86+x86_64 3.3 19.00 85.00 104.00 OK

Check Details

Version: 3.3
Check: dependencies in R code
Result: NOTE
    Invalid MIT-MAGIC-COOKIE-1 key
Flavor: r-release-osx-x86_64-mavericks