CRAN Package Check Results for Package prevR

Last updated on 2016-10-01 18:47:35.

Flavor Version Tinstall Tcheck Ttotal Status Flags
r-devel-linux-x86_64-debian-clang 3.3 4.42 48.95 53.38 OK
r-devel-linux-x86_64-debian-gcc 3.3 4.71 50.00 54.71 OK
r-devel-linux-x86_64-fedora-clang 3.3 107.08 OK
r-devel-linux-x86_64-fedora-gcc 3.3 97.35 OK
r-devel-macos-x86_64-clang 3.3 75.13 OK
r-devel-windows-ix86+x86_64 3.3 21.00 109.00 130.00 OK
r-patched-linux-x86_64 3.3 4.89 48.98 53.87 OK
r-patched-solaris-sparc 3.3 649.70 OK
r-patched-solaris-x86 3.3 132.80 NOTE
r-release-linux-x86_64 3.3 5.15 49.86 55.00 OK
r-release-osx-x86_64-mavericks 3.3 NOTE
r-release-windows-ix86+x86_64 3.3 12.00 80.00 92.00 OK
r-oldrel-windows-ix86+x86_64 3.3 13.00 94.00 107.00 OK

Check Details

Version: 3.3
Check: package dependencies
Result: NOTE
    Package suggested but not available for checking: ‘geoR’
Flavor: r-patched-solaris-x86

Version: 3.3
Check: Rd cross-references
Result: NOTE
    Package unavailable to check Rd xrefs: ‘geoR’
Flavor: r-patched-solaris-x86

Version: 3.3
Check: dependencies in R code
Result: NOTE
    Invalid MIT-MAGIC-COOKIE-1 key
Flavor: r-release-osx-x86_64-mavericks