CRAN Package Check Results for Package prevR

Last updated on 2014-07-24 22:48:41.

Flavor Version Tinstall Tcheck Ttotal Status Flags
r-devel-linux-x86_64-debian-clang 2.9 5.31 62.99 68.30 OK
r-devel-linux-x86_64-debian-gcc 2.9 5.37 61.51 66.88 OK
r-devel-linux-x86_64-fedora-clang 2.9 158.69 OK
r-devel-linux-x86_64-fedora-gcc 2.9 152.51 OK
r-devel-osx-x86_64-clang 2.9 126.34 OK
r-devel-windows-ix86+x86_64 2.9 15.00 97.00 112.00 OK
r-patched-linux-x86_64 2.9 5.37 62.74 68.11 OK
r-patched-solaris-sparc 2.9 782.30 OK
r-patched-solaris-x86 2.9 201.00 OK
r-release-linux-ix86 2.9 6.98 79.48 86.46 OK
r-release-linux-x86_64 2.9 6.40 64.40 70.80 OK
r-release-osx-x86_64-mavericks 2.9 ERROR
r-release-osx-x86_64-snowleopard 2.9 ERROR
r-release-windows-ix86+x86_64 2.9 15.00 101.00 116.00 OK
r-oldrel-windows-ix86+x86_64 2.9 16.00 100.00 116.00 OK

Check Details

Version: 2.9
Check: package dependencies
Result: ERROR
    Packages required but not available: ‘gstat’ ‘rgdal’
    
    See the information on DESCRIPTION files in the chapter ‘Creating R
    packages’ of the ‘Writing R Extensions’ manual.
Flavor: r-release-osx-x86_64-mavericks

Version: 2.9
Check: whether package can be installed
Result: ERROR
    Installation failed.
    See ‘/Volumes/XT3/Builds/R-dev-web/QA/Simon/packages/snowleopard-x86_64/results/3.1/prevR.Rcheck/00install.out’ for details.
Flavor: r-release-osx-x86_64-snowleopard