CRAN Package Check Results for Package prevR

Last updated on 2014-08-22 13:46:59.

Flavor Version Tinstall Tcheck Ttotal Status Flags
r-devel-linux-x86_64-debian-clang 2.9 5.30 62.03 67.32 OK
r-devel-linux-x86_64-debian-gcc 2.9 5.31 61.28 66.60 OK
r-devel-linux-x86_64-fedora-clang 2.9 154.73 NOTE
r-devel-linux-x86_64-fedora-gcc 2.9 145.83 NOTE
r-devel-osx-x86_64-clang 2.9 120.44 NOTE
r-devel-windows-ix86+x86_64 2.9 17.00 90.00 107.00 OK
r-patched-linux-x86_64 2.9 7.56 63.69 71.25 OK
r-patched-solaris-sparc 2.9 828.80 OK
r-patched-solaris-x86 2.9 200.20 OK
r-release-linux-ix86 2.9 7.08 79.38 86.46 OK
r-release-linux-x86_64 2.9 5.45 64.05 69.50 OK
r-release-osx-x86_64-mavericks 2.9 ERROR
r-release-osx-x86_64-snowleopard 2.9 ERROR
r-release-windows-ix86+x86_64 2.9 17.00 93.00 110.00 OK
r-oldrel-windows-ix86+x86_64 2.9 16.00 93.00 109.00 OK

Check Details

Version: 2.9
Check: R code for possible problems
Result: NOTE
    .eyefit.prevR: no visible global function definition for ‘tclVar’
    .eyefit.prevR : replot: no visible global function definition for
     ‘tclObj’
    .eyefit.prevR : replot : <anonymous>: no visible global function
     definition for ‘lines.variomodel’
    .eyefit.prevR : replot: no visible global function definition for
     ‘lines.variomodel’
    .eyefit.prevR : redraw: no visible global function definition for
     ‘tclObj’
    .eyefit.prevR : redraw: no visible global function definition for
     ‘tkconfigure’
    .eyefit.prevR : redraw: no visible global function definition for
     ‘tkfocus’
    .eyefit.prevR: no visible global function definition for ‘tktoplevel’
    .eyefit.prevR: no visible global function definition for ‘tkwm.title’
    .eyefit.prevR: no visible global function definition for ‘tkframe’
    .eyefit.prevR: no visible global function definition for ‘tkpack’
    .eyefit.prevR: no visible global function definition for ‘tklabel’
    .eyefit.prevR: no visible global function definition for ‘tkentry’
    .eyefit.prevR: no visible global function definition for ‘tkscale’
    .eyefit.prevR: no visible global function definition for
     ‘tkradiobutton’
    .eyefit.prevR : OnQuit: no visible global function definition for
     ‘tclObj’
    .eyefit.prevR : OnQuit: no visible global function definition for
     ‘practicalRange’
    .eyefit.prevR : OnQuit: no visible global function definition for
     ‘tclvalue<-’
    .eyefit.prevR : OnSave: no visible global function definition for
     ‘tclObj’
    .eyefit.prevR : OnSave: no visible global function definition for
     ‘practicalRange’
    .eyefit.prevR: no visible global function definition for ‘tkbutton’
    .eyefit.prevR: no visible global function definition for ‘tkbind’
    .eyefit.prevR : <anonymous>: no visible global function definition for
     ‘tclvalue<-’
    .eyefit.prevR: no visible global function definition for
     ‘tkwait.variable’
    .eyefit.prevR: no visible global function definition for ‘tkdestroy’
    create.boundary: no visible binding for global variable
     ‘TMWorldBorders’
    import.dhs : make.clust.dbf: no visible global function definition for
     ‘read.dbf’
    import.dhs : make.ind.spss: no visible global function definition for
     ‘read.spss’
    export,prevR: no visible global function definition for
     ‘writePolyShape’
    export,prevR: no visible global function definition for
     ‘writePointsShape’
    export,prevR: no visible global function definition for ‘write.dbf’
Flavors: r-devel-linux-x86_64-fedora-clang, r-devel-linux-x86_64-fedora-gcc, r-devel-osx-x86_64-clang

Version: 2.9
Check: package dependencies
Result: ERROR
    Packages required but not available: ‘gstat’ ‘rgdal’
    
    See the information on DESCRIPTION files in the chapter ‘Creating R
    packages’ of the ‘Writing R Extensions’ manual.
Flavor: r-release-osx-x86_64-mavericks

Version: 2.9
Check: whether package can be installed
Result: ERROR
    Installation failed.
Flavor: r-release-osx-x86_64-snowleopard