CRAN Package Check Results for Package prevR

Last updated on 2016-08-26 07:47:34.

Flavor Version Tinstall Tcheck Ttotal Status Flags
r-devel-linux-x86_64-debian-clang 3.3 4.63 50.29 54.92 OK
r-devel-linux-x86_64-debian-gcc 3.3 6.58 62.92 69.50 OK
r-devel-linux-x86_64-fedora-clang 3.3 106.45 OK
r-devel-linux-x86_64-fedora-gcc 3.3 101.54 OK
r-devel-osx-x86_64-clang 3.3 83.96 OK
r-devel-windows-ix86+x86_64 3.3 17.00 111.00 128.00 OK
r-patched-linux-x86_64 3.3 4.46 47.91 52.36 OK
r-patched-solaris-sparc 3.3 649.70 OK
r-patched-solaris-x86 3.3 132.40 OK
r-release-linux-x86_64 3.3 4.65 48.57 53.22 OK
r-release-osx-x86_64-mavericks 3.3 NOTE
r-release-windows-ix86+x86_64 3.3 12.00 84.00 96.00 OK
r-oldrel-windows-ix86+x86_64 3.3 11.00 84.00 95.00 OK

Check Details

Version: 3.3
Check: dependencies in R code
Result: NOTE
    Invalid MIT-MAGIC-COOKIE-1 key
Flavor: r-release-osx-x86_64-mavericks