CRAN Package Check Results for Package prevR

Last updated on 2015-03-30 00:48:27.

Flavor Version Tinstall Tcheck Ttotal Status Flags
r-devel-linux-x86_64-debian-clang 2.9 4.17 49.99 54.16 NOTE
r-devel-linux-x86_64-debian-gcc 2.9 4.46 49.32 53.78 NOTE
r-devel-linux-x86_64-fedora-clang 2.9 112.54 NOTE
r-devel-linux-x86_64-fedora-gcc 2.9 117.78 NOTE
r-devel-osx-x86_64-clang 2.9 110.03 NOTE
r-prerel-windows-ix86+x86_64 2.9 11.00 76.00 87.00 NOTE
r-prerel-linux-x86_64 2.9 4.14 48.16 52.30 NOTE
r-prerel-solaris-sparc 2.9 657.80 NOTE
r-prerel-solaris-x86 2.9 147.50 NOTE
r-release-linux-x86_64 2.9 6.20 68.76 74.96 NOTE
r-release-osx-x86_64-mavericks 2.9 ERROR
r-release-osx-x86_64-snowleopard 2.9 ERROR
r-release-windows-ix86+x86_64 2.9 17.00 107.00 124.00 NOTE
r-oldrel-windows-ix86+x86_64 2.9 16.00 103.00 119.00 OK

Check Details

Version: 2.9
Check: dependencies in R code
Result: NOTE
    'library' or 'require' calls in package code:
     ‘foreign’ ‘maptools’ ‘tcltk’
     Please use :: or requireNamespace() instead.
     See section 'Suggested packages' in the 'Writing R Extensions' manual.
Flavors: r-devel-linux-x86_64-debian-clang, r-devel-linux-x86_64-debian-gcc, r-devel-linux-x86_64-fedora-clang, r-devel-linux-x86_64-fedora-gcc, r-devel-osx-x86_64-clang, r-prerel-windows-ix86+x86_64, r-prerel-linux-x86_64, r-prerel-solaris-sparc, r-prerel-solaris-x86, r-release-linux-x86_64, r-release-windows-ix86+x86_64

Version: 2.9
Check: S3 generic/method consistency
Result: NOTE
    Found the following apparent S3 methods exported but not registered:
     as.data.frame.prevR
    See section ‘Registering S3 methods’ in the ‘Writing R Extensions’
    manual.
Flavors: r-devel-linux-x86_64-debian-clang, r-devel-linux-x86_64-debian-gcc, r-devel-linux-x86_64-fedora-clang, r-devel-linux-x86_64-fedora-gcc, r-devel-osx-x86_64-clang, r-prerel-linux-x86_64

Version: 2.9
Check: R code for possible problems
Result: NOTE
    .eyefit.prevR: no visible global function definition for ‘tclVar’
    .eyefit.prevR : replot: no visible global function definition for
     ‘tclObj’
    .eyefit.prevR : replot : <anonymous>: no visible global function
     definition for ‘lines.variomodel’
    .eyefit.prevR : replot: no visible global function definition for
     ‘lines.variomodel’
    .eyefit.prevR : redraw: no visible global function definition for
     ‘tclObj’
    .eyefit.prevR : redraw: no visible global function definition for
     ‘tkconfigure’
    .eyefit.prevR : redraw: no visible global function definition for
     ‘tkfocus’
    .eyefit.prevR: no visible global function definition for ‘tktoplevel’
    .eyefit.prevR: no visible global function definition for ‘tkwm.title’
    .eyefit.prevR: no visible global function definition for ‘tkframe’
    .eyefit.prevR: no visible global function definition for ‘tkpack’
    .eyefit.prevR: no visible global function definition for ‘tklabel’
    .eyefit.prevR: no visible global function definition for ‘tkentry’
    .eyefit.prevR: no visible global function definition for ‘tkscale’
    .eyefit.prevR: no visible global function definition for
     ‘tkradiobutton’
    .eyefit.prevR : OnQuit: no visible global function definition for
     ‘tclObj’
    .eyefit.prevR : OnQuit: no visible global function definition for
     ‘practicalRange’
    .eyefit.prevR : OnQuit: no visible global function definition for
     ‘tclvalue<-’
    .eyefit.prevR : OnSave: no visible global function definition for
     ‘tclObj’
    .eyefit.prevR : OnSave: no visible global function definition for
     ‘practicalRange’
    .eyefit.prevR: no visible global function definition for ‘tkbutton’
    .eyefit.prevR: no visible global function definition for ‘tkbind’
    .eyefit.prevR : <anonymous>: no visible global function definition for
     ‘tclvalue<-’
    .eyefit.prevR: no visible global function definition for
     ‘tkwait.variable’
    .eyefit.prevR: no visible global function definition for ‘tkdestroy’
    create.boundary: no visible binding for global variable
     ‘TMWorldBorders’
    import.dhs : make.clust.dbf: no visible global function definition for
     ‘read.dbf’
    import.dhs : make.ind.spss: no visible global function definition for
     ‘read.spss’
    export,prevR: no visible global function definition for
     ‘writePolyShape’
    export,prevR: no visible global function definition for
     ‘writePointsShape’
    export,prevR: no visible global function definition for ‘write.dbf’
Flavors: r-devel-linux-x86_64-debian-clang, r-devel-linux-x86_64-debian-gcc, r-devel-linux-x86_64-fedora-clang, r-devel-linux-x86_64-fedora-gcc, r-devel-osx-x86_64-clang, r-prerel-windows-ix86+x86_64, r-prerel-linux-x86_64, r-prerel-solaris-sparc, r-prerel-solaris-x86, r-release-linux-x86_64, r-release-windows-ix86+x86_64

Version: 2.9
Check: package dependencies
Result: ERROR
    Package required but not available: ‘rgdal’
    
    See section ‘The DESCRIPTION file’ in the ‘Writing R Extensions’
    manual.
Flavor: r-release-osx-x86_64-mavericks

Version: 2.9
Check: whether package can be installed
Result: ERROR
    Installation failed.
Flavor: r-release-osx-x86_64-snowleopard