CRAN Package Check Results for Package prevR

Last updated on 2017-10-17 01:48:09.

Flavor Version Tinstall Tcheck Ttotal Status Flags
r-devel-linux-x86_64-debian-clang 3.3 5.05 56.09 61.14 OK
r-devel-linux-x86_64-debian-gcc 3.3 5.52 62.22 67.74 OK
r-devel-linux-x86_64-fedora-clang 3.3 118.90 OK
r-devel-linux-x86_64-fedora-gcc 3.3 119.45 OK
r-devel-windows-ix86+x86_64 3.3 15.00 164.00 179.00 OK
r-patched-linux-x86_64 3.3 4.77 54.88 59.64 OK
r-patched-solaris-x86 3.3 157.50 OK
r-release-linux-x86_64 3.3 5.02 54.81 59.82 OK
r-release-windows-ix86+x86_64 3.3 22.00 141.00 163.00 OK
r-release-osx-x86_64 3.3 OK
r-oldrel-windows-ix86+x86_64 3.3 18.00 165.00 183.00 OK
r-oldrel-osx-x86_64 3.3 NOTE

Check Details

Version: 3.3
Check: dependencies in R code
Result: NOTE
    Invalid MIT-MAGIC-COOKIE-1 key
Flavor: r-oldrel-osx-x86_64