CRAN Package Check Results for Package prevR

Last updated on 2015-07-29 21:46:59.

Flavor Version Tinstall Tcheck Ttotal Status Flags
r-devel-linux-x86_64-debian-clang 3.1 4.72 52.16 56.88 NOTE
r-devel-linux-x86_64-debian-gcc 3.1 4.59 51.90 56.49 NOTE
r-devel-linux-x86_64-fedora-clang 3.1 117.75 NOTE
r-devel-linux-x86_64-fedora-gcc 3.1 111.28 NOTE
r-devel-osx-x86_64-clang 3.1 89.91 OK
r-devel-windows-ix86+x86_64 3.1 14.00 80.00 94.00 NOTE
r-patched-linux-x86_64 3.1 4.69 51.64 56.33 OK
r-patched-solaris-sparc 3.1 727.70 OK
r-patched-solaris-x86 3.1 164.30 OK
r-release-linux-x86_64 3.1 4.68 51.46 56.14 OK
r-release-osx-x86_64-mavericks 3.1 OK
r-release-windows-ix86+x86_64 3.1 18.00 83.00 101.00 OK
r-oldrel-windows-ix86+x86_64 3.1 24.00 141.00 165.00 OK

Check Details

Version: 3.1
Check: R code for possible problems
Result: NOTE
    .init.exp.model.variogram: no visible global function definition for
     ‘optim’
    NA.outside.SpatialPolygons: no visible global function definition for
     ‘as’
    NA.outside.SpatialPolygons: no visible global function definition for
     ‘slot’
    Noptim: no visible global function definition for ‘slot’
    as.data.frame.prevR: no visible global function definition for ‘slot’
    as.prevR: no visible global function definition for ‘is’
    as.prevR: no visible global function definition for ‘slot’
    as.prevR: no visible global function definition for ‘slot<-’
    as.prevR: no visible global function definition for ‘new’
    create.boundary: no visible global function definition for ‘slot’
    create.boundary: no visible global function definition for
     ‘select.list’
    create.boundary: no visible global function definition for ‘is’
    import.dhs : make.clust.dbf: no visible global function definition for
     ‘menu’
    import.dhs : make.clust.dbf: no visible global function definition for
     ‘edit’
    import.dhs : make.clust.dbf: no visible global function definition for
     ‘alarm’
    import.dhs : make.clust.dbf: no visible global function definition for
     ‘select.list’
    import.dhs : make.clust.dbf: no visible global function definition for
     ‘na.omit’
    import.dhs : make.ind.spss: no visible global function definition for
     ‘menu’
    import.dhs : make.ind.spss: no visible global function definition for
     ‘alarm’
    import.dhs : make.ind.spss: no visible global function definition for
     ‘select.list’
    import.dhs : make.ind.spss: no visible global function definition for
     ‘de’
    import.dhs: no visible global function definition for ‘menu’
    is.prevR: no visible global function definition for ‘slotNames’
    point.in.SpatialPolygons: no visible global function definition for
     ‘slot’
    prevR.colors.blue: no visible global function definition for ‘hsv’
    prevR.colors.blue.inverse: no visible global function definition for
     ‘hsv’
    prevR.colors.gray: no visible global function definition for ‘gray’
    prevR.colors.gray.inverse: no visible global function definition for
     ‘gray’
    prevR.colors.green: no visible global function definition for ‘hsv’
    prevR.colors.green.inverse: no visible global function definition for
     ‘hsv’
    prevR.colors.qgis.pal: no visible global function definition for
     ‘write.table’
    prevR.colors.qgis.pal: no visible global function definition for
     ‘col2rgb’
    prevR.colors.red: no visible global function definition for ‘hsv’
    prevR.colors.red.inverse: no visible global function definition for
     ‘hsv’
    prevR.demo.pal: no visible global function definition for ‘rect’
    prevR.demo.pal: no visible global function definition for ‘text’
    prevRsummary: no visible global function definition for ‘slot’
    prevRsummary : sum.rings: no visible global function definition for
     ‘quantile’
    quick.prevR: no visible global function definition for ‘na.omit’
    as.SpatialGrid,prevR: no visible global function definition for ‘slot’
    changeproj,prevR: no visible global function definition for ‘slot’
    changeproj,prevR: no visible global function definition for ‘slot<-’
    export,prevR: no visible global function definition for ‘slot’
    export,prevR : <anonymous>: no visible global function definition for
     ‘slot’
    export,prevR: no visible global function definition for ‘write.table’
    idw,ANY-prevR: no visible global function definition for ‘slot’
    idw,ANY-prevR: no visible global function definition for ‘slot<-’
    idw,ANY-prevR: no visible global function definition for ‘as’
    kde,prevR: no visible global function definition for ‘slot’
    kde,prevR: no visible global function definition for ‘txtProgressBar’
    kde,prevR: no visible global function definition for
     ‘setTxtProgressBar’
    krige,ANY-prevR: no visible global function definition for ‘slot’
    krige,ANY-prevR: no visible global function definition for ‘slot<-’
    krige,ANY-prevR: no visible global function definition for ‘as’
    plot,prevR-missing: no visible global function definition for ‘slot’
    plot,prevR-missing: no visible global function definition for ‘dev.new’
    plot,prevR-missing: no visible global function definition for ‘points’
    plot,prevR-missing: no visible global function definition for ‘title’
    plot,prevR-missing: no visible global function definition for ‘legend’
    plot,prevR-missing: no visible global function definition for
     ‘sunflowerplot’
    rings,prevR: no visible global function definition for ‘slot’
    rings,prevR: no visible global function definition for ‘txtProgressBar’
    rings,prevR: no visible global function definition for
     ‘setTxtProgressBar’
    rings,prevR: no visible global function definition for ‘slot<-’
    show,prevR: no visible global function definition for ‘slot’
    Undefined global functions or variables:
     alarm as col2rgb de dev.new edit gray hsv is legend menu na.omit new
     optim points quantile rect select.list setTxtProgressBar slot slot<-
     slotNames sunflowerplot text title txtProgressBar write.table
    Consider adding
     importFrom("grDevices", "col2rgb", "dev.new", "gray", "hsv")
     importFrom("graphics", "legend", "points", "rect", "sunflowerplot",
     "text", "title")
     importFrom("methods", "as", "is", "new", "slot", "slot<-", "slotNames")
     importFrom("stats", "na.omit", "optim", "quantile")
     importFrom("utils", "alarm", "de", "edit", "menu", "select.list",
     "setTxtProgressBar", "txtProgressBar", "write.table")
    to your NAMESPACE.
Flavors: r-devel-linux-x86_64-debian-clang, r-devel-linux-x86_64-debian-gcc, r-devel-linux-x86_64-fedora-clang, r-devel-linux-x86_64-fedora-gcc, r-devel-windows-ix86+x86_64