CRAN Package Check Results for Package prevR

Last updated on 2017-06-25 22:48:18.

Flavor Version Tinstall Tcheck Ttotal Status Flags
r-devel-linux-x86_64-debian-clang 3.3 4.58 53.62 58.19 OK
r-devel-linux-x86_64-debian-gcc 3.3 4.66 54.24 58.90 OK
r-devel-linux-x86_64-fedora-clang 3.3 116.76 OK
r-devel-linux-x86_64-fedora-gcc 3.3 116.92 OK
r-devel-windows-ix86+x86_64 3.3 18.00 112.00 130.00 OK
r-patched-linux-x86_64 3.3 5.05 53.62 58.67 OK
r-patched-solaris-sparc 3.3 702.50 OK
r-patched-solaris-x86 3.3 153.50 OK
r-release-linux-x86_64 3.3 4.85 54.12 58.97 OK
r-release-windows-ix86+x86_64 3.3 23.00 140.00 163.00 OK
r-release-osx-x86_64 3.3 OK
r-oldrel-windows-ix86+x86_64 3.3 16.00 154.00 170.00 OK
r-oldrel-osx-x86_64 3.3 NOTE

Check Details

Version: 3.3
Check: dependencies in R code
Result: NOTE
    Invalid MIT-MAGIC-COOKIE-1 key
Flavor: r-oldrel-osx-x86_64