CRAN Package Check Results for Package prevR

Last updated on 2017-08-18 02:49:20.

Flavor Version Tinstall Tcheck Ttotal Status Flags
r-devel-linux-x86_64-debian-clang 3.3 4.79 54.53 59.32 OK
r-devel-linux-x86_64-debian-gcc 3.3 5.09 53.22 58.31 OK
r-devel-linux-x86_64-fedora-clang 3.3 119.55 OK
r-devel-linux-x86_64-fedora-gcc 3.3 118.96 OK
r-devel-windows-ix86+x86_64 3.3 12.00 105.00 117.00 OK
r-patched-linux-x86_64 3.3 4.78 55.40 60.18 OK
r-patched-solaris-x86 3.3 154.80 OK
r-release-linux-x86_64 3.3 5.00 54.52 59.53 OK
r-release-windows-ix86+x86_64 3.3 15.00 112.00 127.00 OK
r-release-osx-x86_64 3.3 OK
r-oldrel-windows-ix86+x86_64 3.3 14.00 163.00 177.00 OK
r-oldrel-osx-x86_64 3.3 NOTE

Check Details

Version: 3.3
Check: dependencies in R code
Result: NOTE
    Invalid MIT-MAGIC-COOKIE-1 key
Flavor: r-oldrel-osx-x86_64