CRAN Package Check Results for Package prevR

Last updated on 2017-12-17 04:47:13 CET.

Flavor Version Tinstall Tcheck Ttotal Status Flags
r-devel-linux-x86_64-debian-clang 3.3 5.93 84.99 90.92 OK
r-devel-linux-x86_64-debian-gcc 3.3 6.05 70.24 76.29 OK
r-devel-linux-x86_64-fedora-clang 3.3 107.86 OK
r-devel-linux-x86_64-fedora-gcc 3.3 106.43 OK
r-devel-windows-ix86+x86_64 3.3 12.00 102.00 114.00 OK
r-patched-linux-x86_64 3.3 6.58 91.91 98.49 OK
r-patched-solaris-x86 3.3 150.80 OK
r-release-linux-x86_64 3.3 6.55 90.50 97.05 OK
r-release-windows-ix86+x86_64 3.3 15.00 105.00 120.00 OK
r-release-osx-x86_64 3.3 OK
r-oldrel-windows-ix86+x86_64 3.3 16.00 138.00 154.00 OK
r-oldrel-osx-x86_64 3.3 NOTE

Check Details

Version: 3.3
Check: dependencies in R code
Result: NOTE
    Invalid MIT-MAGIC-COOKIE-1 key
Flavor: r-oldrel-osx-x86_64