CRAN Package Check Results for Package prevR

Last updated on 2015-05-25 18:47:05.

Flavor Version Tinstall Tcheck Ttotal Status Flags
r-devel-linux-x86_64-debian-clang 3.1 4.77 54.44 59.21 OK
r-devel-linux-x86_64-debian-gcc 3.1 4.74 50.12 54.86 OK
r-devel-linux-x86_64-fedora-clang 3.1 119.60 OK
r-devel-linux-x86_64-fedora-gcc 3.1 110.71 OK
r-devel-osx-x86_64-clang 3.1 99.61 OK
r-devel-windows-ix86+x86_64 3.1 14.00 84.00 98.00 OK
r-patched-linux-x86_64 3.1 4.56 50.48 55.04 OK
r-patched-solaris-sparc 3.1 710.40 OK
r-patched-solaris-x86 3.1 165.50 OK
r-release-linux-x86_64 3.1 4.66 49.98 54.63 OK
r-release-osx-x86_64-mavericks 3.1 OK
r-release-osx-x86_64-snowleopard 2.9 ERROR
r-release-windows-ix86+x86_64 3.1 18.00 81.00 99.00 OK
r-oldrel-windows-ix86+x86_64 3.1 25.00 119.00 144.00 OK

Check Details

Version: 2.9
Check: package dependencies
Result: ERROR
    Packages required but not available: ‘gstat’ ‘fields’
    
    See section ‘The DESCRIPTION file’ in the ‘Writing R Extensions’
    manual.
Flavor: r-release-osx-x86_64-snowleopard