CRAN Package Check Results for Package prevR

Last updated on 2015-01-31 17:49:45.

Flavor Version Tinstall Tcheck Ttotal Status Flags
r-devel-linux-x86_64-debian-clang 2.9 4.28 48.00 52.28 NOTE
r-devel-linux-x86_64-debian-gcc 2.9 4.14 47.61 51.75 NOTE
r-devel-linux-x86_64-fedora-clang 2.9 145.73 NOTE
r-devel-linux-x86_64-fedora-gcc 2.9 136.37 NOTE
r-devel-osx-x86_64-clang 2.9 138.81 NOTE
r-devel-windows-ix86+x86_64 2.9 11.00 74.00 85.00 NOTE
r-patched-linux-x86_64 2.9 5.61 66.34 71.95 NOTE
r-patched-solaris-sparc 2.9 902.40 NOTE
r-patched-solaris-x86 2.9 205.00 NOTE
r-release-linux-ix86 2.9 6.92 80.22 87.14 NOTE
r-release-linux-x86_64 2.9 5.64 66.58 72.22 NOTE
r-release-osx-x86_64-mavericks 2.9 ERROR
r-release-osx-x86_64-snowleopard 2.9 ERROR
r-release-windows-ix86+x86_64 2.9 16.00 107.00 123.00 NOTE
r-oldrel-windows-ix86+x86_64 2.9 17.00 108.00 125.00 OK

Check Details

Version: 2.9
Check: dependencies in R code
Result: NOTE
    'library' or 'require' calls in package code:
     ‘foreign’ ‘maptools’ ‘tcltk’
     Please use :: or requireNamespace() instead.
     See section 'Suggested packages' in the 'Writing R Extensions' manual.
Flavors: r-devel-linux-x86_64-debian-clang, r-devel-linux-x86_64-debian-gcc, r-devel-linux-x86_64-fedora-clang, r-devel-linux-x86_64-fedora-gcc, r-devel-osx-x86_64-clang, r-devel-windows-ix86+x86_64

Version: 2.9
Check: S3 generic/method consistency
Result: NOTE
    Found the following apparent S3 methods exported but not registered:
     as.data.frame.prevR
    See section ‘Registering S3 methods’ in the ‘Writing R Extensions’
    manual.
Flavors: r-devel-linux-x86_64-debian-clang, r-devel-linux-x86_64-debian-gcc, r-devel-linux-x86_64-fedora-clang, r-devel-linux-x86_64-fedora-gcc, r-devel-osx-x86_64-clang

Version: 2.9
Check: R code for possible problems
Result: NOTE
    .eyefit.prevR: no visible global function definition for ‘tclVar’
    .eyefit.prevR : replot: no visible global function definition for
     ‘tclObj’
    .eyefit.prevR : replot : <anonymous>: no visible global function
     definition for ‘lines.variomodel’
    .eyefit.prevR : replot: no visible global function definition for
     ‘lines.variomodel’
    .eyefit.prevR : redraw: no visible global function definition for
     ‘tclObj’
    .eyefit.prevR : redraw: no visible global function definition for
     ‘tkconfigure’
    .eyefit.prevR : redraw: no visible global function definition for
     ‘tkfocus’
    .eyefit.prevR: no visible global function definition for ‘tktoplevel’
    .eyefit.prevR: no visible global function definition for ‘tkwm.title’
    .eyefit.prevR: no visible global function definition for ‘tkframe’
    .eyefit.prevR: no visible global function definition for ‘tkpack’
    .eyefit.prevR: no visible global function definition for ‘tklabel’
    .eyefit.prevR: no visible global function definition for ‘tkentry’
    .eyefit.prevR: no visible global function definition for ‘tkscale’
    .eyefit.prevR: no visible global function definition for
     ‘tkradiobutton’
    .eyefit.prevR : OnQuit: no visible global function definition for
     ‘tclObj’
    .eyefit.prevR : OnQuit: no visible global function definition for
     ‘practicalRange’
    .eyefit.prevR : OnQuit: no visible global function definition for
     ‘tclvalue<-’
    .eyefit.prevR : OnSave: no visible global function definition for
     ‘tclObj’
    .eyefit.prevR : OnSave: no visible global function definition for
     ‘practicalRange’
    .eyefit.prevR: no visible global function definition for ‘tkbutton’
    .eyefit.prevR: no visible global function definition for ‘tkbind’
    .eyefit.prevR : <anonymous>: no visible global function definition for
     ‘tclvalue<-’
    .eyefit.prevR: no visible global function definition for
     ‘tkwait.variable’
    .eyefit.prevR: no visible global function definition for ‘tkdestroy’
    create.boundary: no visible binding for global variable
     ‘TMWorldBorders’
    import.dhs : make.clust.dbf: no visible global function definition for
     ‘read.dbf’
    import.dhs : make.ind.spss: no visible global function definition for
     ‘read.spss’
    export,prevR: no visible global function definition for
     ‘writePolyShape’
    export,prevR: no visible global function definition for
     ‘writePointsShape’
    export,prevR: no visible global function definition for ‘write.dbf’
Flavors: r-devel-linux-x86_64-debian-clang, r-devel-linux-x86_64-debian-gcc, r-devel-linux-x86_64-fedora-clang, r-devel-linux-x86_64-fedora-gcc, r-devel-osx-x86_64-clang, r-devel-windows-ix86+x86_64, r-patched-linux-x86_64, r-patched-solaris-sparc, r-patched-solaris-x86, r-release-linux-ix86, r-release-linux-x86_64, r-release-windows-ix86+x86_64

Version: 2.9
Check: package dependencies
Result: ERROR
    Package required but not available: ‘rgdal’
    
    See the information on DESCRIPTION files in the chapter ‘Creating R
    packages’ of the ‘Writing R Extensions’ manual.
Flavor: r-release-osx-x86_64-mavericks

Version: 2.9
Check: whether package can be installed
Result: ERROR
    Installation failed.
Flavor: r-release-osx-x86_64-snowleopard