CRAN Package Check Results for Package prevR

Last updated on 2017-01-20 05:48:07.

Flavor Version Tinstall Tcheck Ttotal Status Flags
r-devel-linux-x86_64-debian-clang 3.3 4.75 54.35 59.10 OK
r-devel-linux-x86_64-debian-gcc 3.3 5.36 53.56 58.92 OK
r-devel-linux-x86_64-fedora-clang 3.3 115.99 OK --no-stop-on-test-error
r-devel-linux-x86_64-fedora-gcc 3.3 117.46 OK --no-stop-on-test-error
r-devel-macos-x86_64-clang 3.3 86.11 OK --no-stop-on-test-error
r-devel-windows-ix86+x86_64 3.3 20.00 97.00 117.00 OK
r-patched-linux-x86_64 3.3 4.76 51.70 56.45 OK
r-patched-solaris-sparc 3.3 691.30 NOTE
r-patched-solaris-x86 3.3 148.40 NOTE
r-release-linux-x86_64 3.3 5.27 52.90 58.17 OK
r-release-osx-x86_64-mavericks 3.3 NOTE
r-release-windows-ix86+x86_64 3.3 17.00 101.00 118.00 OK
r-oldrel-windows-ix86+x86_64 3.3 17.00 146.00 163.00 OK

Check Details

Version: 3.3
Check: package dependencies
Result: NOTE
    Package suggested but not available for checking: ‘geoR’
Flavors: r-patched-solaris-sparc, r-patched-solaris-x86

Version: 3.3
Check: Rd cross-references
Result: NOTE
    Package unavailable to check Rd xrefs: ‘geoR’
Flavors: r-patched-solaris-sparc, r-patched-solaris-x86

Version: 3.3
Check: dependencies in R code
Result: NOTE
    Invalid MIT-MAGIC-COOKIE-1 key
Flavor: r-release-osx-x86_64-mavericks