CRAN Package Check Results for Package prevR

Last updated on 2014-04-25 05:47:22.

Flavor Version Tinstall Tcheck Ttotal Status Flags
r-devel-linux-x86_64-debian-clang 2.9 5.62 66.82 72.44 OK
r-devel-linux-x86_64-debian-gcc 2.9 5.74 66.46 72.20 OK
r-devel-linux-x86_64-fedora-clang 2.9 161.15 OK
r-devel-linux-x86_64-fedora-gcc 2.9 154.06 OK
r-devel-osx-x86_64-clang 2.9 137.64 OK
r-devel-osx-x86_64-gcc 2.9 ERROR
r-devel-windows-ix86+x86_64 2.9 16.00 93.00 109.00 OK
r-patched-linux-x86_64 2.9 5.68 65.52 71.21 OK
r-patched-solaris-sparc 2.9 782.30 OK
r-patched-solaris-x86 2.9 199.60 OK
r-release-linux-ix86 2.9 10.00 107.00 117.00 OK
r-release-linux-x86_64 2.9 5.92 66.06 71.98 OK
r-release-osx-x86_64-mavericks 2.9 ERROR
r-release-osx-x86_64-snowleopard 2.9 ERROR
r-release-windows-ix86+x86_64 2.9 16.00 101.00 117.00 OK
r-oldrel-windows-ix86+x86_64 2.9 16.00 93.00 109.00 OK

Check Details

Version: 2.9
Check: package dependencies
Result: ERROR
    Packages required but not available: ‘gstat’ ‘fields’
    
    Packages suggested but not available for checking: ‘geoR’ ‘maptools’
    
    See the information on DESCRIPTION files in the chapter ‘Creating R
    packages’ of the ‘Writing R Extensions’ manual.
Flavor: r-devel-osx-x86_64-gcc

Version: 2.9
Check: package dependencies
Result: ERROR
    Packages required but not available: ‘gstat’ ‘rgdal’
    
    Package suggested but not available for checking: ‘maptools’
    
    See the information on DESCRIPTION files in the chapter ‘Creating R
    packages’ of the ‘Writing R Extensions’ manual.
Flavor: r-release-osx-x86_64-mavericks

Version: 2.9
Check: whether package can be installed
Result: ERROR
    Installation failed.
    See ‘/Volumes/XT3/Builds/R-dev-web/QA/Simon/packages/snowleopard-x86_64/results/3.1/prevR.Rcheck/00install.out’ for details.
Flavor: r-release-osx-x86_64-snowleopard