CRAN Package Check Results for Package prevalence

Last updated on 2014-08-31 02:48:10.

Flavor Version Tinstall Tcheck Ttotal Status Flags
r-devel-linux-x86_64-debian-clang 0.2.0 1.14 24.51 25.65 NOTE
r-devel-linux-x86_64-debian-gcc 0.2.0 1.11 23.84 24.95 NOTE
r-devel-linux-x86_64-fedora-clang 0.2.0 50.52 NOTE
r-devel-linux-x86_64-fedora-gcc 0.2.0 48.61 NOTE
r-devel-osx-x86_64-clang 0.2.0 43.40 NOTE
r-devel-windows-ix86+x86_64 0.2.0 4.00 37.00 41.00 NOTE
r-patched-linux-x86_64 0.2.0 1.20 24.16 25.36 OK
r-patched-solaris-sparc 0.2.0 311.80 OK
r-patched-solaris-x86 0.2.0 86.50 OK
r-release-linux-ix86 0.2.0 1.61 33.73 35.34 OK
r-release-linux-x86_64 0.2.0 1.20 24.48 25.68 OK
r-release-osx-x86_64-mavericks 0.2.0 ERROR
r-release-osx-x86_64-snowleopard 0.2.0 OK
r-release-windows-ix86+x86_64 0.2.0 4.00 59.00 63.00 OK
r-oldrel-windows-ix86+x86_64 0.2.0 6.00 39.00 45.00 OK

Check Details

Version: 0.2.0
Check: R code for possible problems
Result: NOTE
    truePrevBinom: no visible global function definition for ‘gelman.diag’
    truePrevMultinom: no visible global function definition for
     ‘gelman.diag’
    truePrevPools: no visible global function definition for ‘gelman.diag’
Flavors: r-devel-linux-x86_64-debian-clang, r-devel-linux-x86_64-debian-gcc, r-devel-linux-x86_64-fedora-clang, r-devel-linux-x86_64-fedora-gcc, r-devel-osx-x86_64-clang, r-devel-windows-ix86+x86_64

Version: 0.2.0
Check: package dependencies
Result: ERROR
    Package required but not available: ‘rjags’
    
    See the information on DESCRIPTION files in the chapter ‘Creating R
    packages’ of the ‘Writing R Extensions’ manual.
Flavor: r-release-osx-x86_64-mavericks