CRAN Package Check Results for Package prevalence

Last updated on 2014-10-02 09:53:09.

Flavor Version Tinstall Tcheck Ttotal Status Flags
r-devel-linux-x86_64-debian-clang 0.2.0 1.12 24.96 26.08 NOTE
r-devel-linux-x86_64-debian-gcc 0.2.0 1.10 23.94 25.04 NOTE
r-devel-linux-x86_64-fedora-clang 0.2.0 52.12 NOTE
r-devel-linux-x86_64-fedora-gcc 0.2.0 48.40 NOTE
r-devel-osx-x86_64-clang 0.2.0 43.61 NOTE
r-devel-windows-ix86+x86_64 0.2.0 4.00 39.00 43.00 NOTE
r-patched-linux-x86_64 0.2.0 1.65 24.78 26.43 OK
r-patched-solaris-sparc 0.2.0 311.80 OK
r-patched-solaris-x86 0.2.0 89.00 OK
r-release-linux-ix86 0.2.0 1.59 33.93 35.52 OK
r-release-linux-x86_64 0.2.0 1.23 24.93 26.16 OK
r-release-osx-x86_64-mavericks 0.2.0 OK
r-release-osx-x86_64-snowleopard 0.2.0 OK
r-release-windows-ix86+x86_64 0.2.0 4.00 40.00 44.00 OK
r-oldrel-windows-ix86+x86_64 0.2.0 5.00 41.00 46.00 OK

Check Details

Version: 0.2.0
Check: R code for possible problems
Result: NOTE
    truePrevBinom: no visible global function definition for ‘gelman.diag’
    truePrevMultinom: no visible global function definition for
     ‘gelman.diag’
    truePrevPools: no visible global function definition for ‘gelman.diag’
Flavors: r-devel-linux-x86_64-debian-clang, r-devel-linux-x86_64-debian-gcc, r-devel-linux-x86_64-fedora-clang, r-devel-linux-x86_64-fedora-gcc, r-devel-osx-x86_64-clang, r-devel-windows-ix86+x86_64