CRAN Package Check Results for Package prevalence

Last updated on 2014-09-02 22:47:46.

Flavor Version Tinstall Tcheck Ttotal Status Flags
r-devel-linux-x86_64-debian-clang 0.2.0 1.36 23.78 25.14 NOTE
r-devel-linux-x86_64-debian-gcc 0.2.0 1.11 23.81 24.92 NOTE
r-devel-linux-x86_64-fedora-clang 0.2.0 50.38 NOTE
r-devel-linux-x86_64-fedora-gcc 0.2.0 48.61 NOTE
r-devel-osx-x86_64-clang 0.2.0 43.37 NOTE
r-devel-windows-ix86+x86_64 0.2.0 5.00 36.00 41.00 NOTE
r-patched-linux-x86_64 0.2.0 1.16 26.16 27.32 OK
r-patched-solaris-sparc 0.2.0 311.80 OK
r-patched-solaris-x86 0.2.0 86.90 OK
r-release-linux-ix86 0.2.0 1.58 35.51 37.09 OK
r-release-linux-x86_64 0.2.0 1.23 25.04 26.26 OK
r-release-osx-x86_64-mavericks 0.2.0 ERROR
r-release-osx-x86_64-snowleopard 0.2.0 OK
r-release-windows-ix86+x86_64 0.2.0 4.00 39.00 43.00 OK
r-oldrel-windows-ix86+x86_64 0.2.0 4.00 46.00 50.00 OK

Check Details

Version: 0.2.0
Check: R code for possible problems
Result: NOTE
    truePrevBinom: no visible global function definition for ‘gelman.diag’
    truePrevMultinom: no visible global function definition for
     ‘gelman.diag’
    truePrevPools: no visible global function definition for ‘gelman.diag’
Flavors: r-devel-linux-x86_64-debian-clang, r-devel-linux-x86_64-debian-gcc, r-devel-linux-x86_64-fedora-clang, r-devel-linux-x86_64-fedora-gcc, r-devel-osx-x86_64-clang, r-devel-windows-ix86+x86_64

Version: 0.2.0
Check: package dependencies
Result: ERROR
    Package required but not available: ‘rjags’
    
    See the information on DESCRIPTION files in the chapter ‘Creating R
    packages’ of the ‘Writing R Extensions’ manual.
Flavor: r-release-osx-x86_64-mavericks