CRAN Package Check Results for Package prevalence

Last updated on 2014-04-23 12:48:24.

Flavor Version Tinstall Tcheck Ttotal Status Flags
r-devel-linux-x86_64-debian-clang 0.2.0 1.31 25.05 26.36 OK
r-devel-linux-x86_64-debian-gcc 0.2.0 1.26 25.18 26.44 OK
r-devel-linux-x86_64-fedora-clang 0.2.0 51.98 OK
r-devel-linux-x86_64-fedora-gcc 0.2.0 49.82 OK
r-devel-osx-x86_64-clang 0.2.0 48.03 OK
r-devel-osx-x86_64-gcc 0.2.0 OK
r-devel-windows-ix86+x86_64 0.2.0 4.00 36.00 40.00 OK
r-patched-linux-x86_64 0.2.0 1.23 25.56 26.79 OK
r-patched-solaris-sparc 0.2.0 313.50 OK
r-patched-solaris-x86 0.2.0 91.50 OK
r-release-linux-ix86 0.2.0 2.00 45.00 47.00 OK
r-release-linux-x86_64 0.2.0 1.23 24.77 26.00 OK
r-release-osx-x86_64-mavericks 0.2.0 ERROR
r-release-osx-x86_64-snowleopard 0.2.0 OK
r-release-windows-ix86+x86_64 0.2.0 4.00 38.00 42.00 OK
r-oldrel-windows-ix86+x86_64 0.2.0 4.00 38.00 42.00 OK

Check Details

Version: 0.2.0
Check: package dependencies
Result: ERROR
    Package required but not available: ‘rjags’
    
    See the information on DESCRIPTION files in the chapter ‘Creating R
    packages’ of the ‘Writing R Extensions’ manual.
Flavor: r-release-osx-x86_64-mavericks