CRAN Package Check Results for Package prevalence

Last updated on 2015-03-30 17:49:11.

Flavor Version Tinstall Tcheck Ttotal Status Flags
r-devel-linux-x86_64-debian-clang 0.3.0 1.05 24.17 25.22 NOTE
r-devel-linux-x86_64-debian-gcc 0.3.0 1.06 25.01 26.07 NOTE
r-devel-linux-x86_64-fedora-clang 0.3.0 48.60 NOTE
r-devel-linux-x86_64-fedora-gcc 0.3.0 49.35 NOTE
r-devel-osx-x86_64-clang 0.3.0 46.96 NOTE
r-prerel-windows-ix86+x86_64 0.3.0 3.00 38.00 41.00 NOTE
r-prerel-linux-x86_64 0.3.0 1.03 23.79 24.82 NOTE
r-prerel-solaris-sparc 0.3.0 339.50 NOTE
r-prerel-solaris-x86 0.3.0 90.40 NOTE
r-release-linux-x86_64 0.3.0 1.37 26.02 27.38 OK
r-release-osx-x86_64-mavericks 0.3.0 OK
r-release-osx-x86_64-snowleopard 0.3.0 OK
r-release-windows-ix86+x86_64 0.3.0 5.00 43.00 48.00 OK
r-oldrel-windows-ix86+x86_64 0.3.0 4.00 44.00 48.00 OK

Check Details

Version: 0.3.0
Check: DESCRIPTION meta-information
Result: NOTE
    Malformed Description field: should contain one or more complete sentences.
Flavors: r-devel-linux-x86_64-debian-clang, r-devel-linux-x86_64-debian-gcc, r-devel-linux-x86_64-fedora-clang, r-devel-linux-x86_64-fedora-gcc, r-devel-osx-x86_64-clang, r-prerel-windows-ix86+x86_64, r-prerel-linux-x86_64, r-prerel-solaris-sparc, r-prerel-solaris-x86