CRAN Package Check Results for Package prevalence

Last updated on 2015-07-01 21:46:45.

Flavor Version Tinstall Tcheck Ttotal Status Flags
r-devel-linux-x86_64-debian-clang 0.4.0 3.02 24.95 27.96 NOTE
r-devel-linux-x86_64-debian-gcc 0.4.0 1.01 24.97 25.98 NOTE
r-devel-linux-x86_64-fedora-clang 0.4.0 49.39 NOTE
r-devel-linux-x86_64-fedora-gcc 0.4.0 46.53 NOTE
r-devel-osx-x86_64-clang 0.4.0 44.47 OK
r-devel-windows-ix86+x86_64 0.4.0 5.00 44.00 49.00 NOTE
r-patched-linux-x86_64 0.4.0 1.05 25.08 26.13 OK
r-patched-solaris-sparc 0.4.0 350.70 OK
r-patched-solaris-x86 0.4.0 93.80 OK
r-release-linux-x86_64 0.4.0 1.05 25.13 26.18 OK
r-release-osx-x86_64-mavericks 0.4.0 OK
r-release-windows-ix86+x86_64 0.4.0 5.00 43.00 48.00 OK
r-oldrel-windows-ix86+x86_64 0.4.0 5.00 61.00 66.00 OK

Check Details

Version: 0.4.0
Check: R code for possible problems
Result: NOTE
    betaExpert : f_mode: no visible global function definition for ‘qbeta’
    betaExpert : f_mode_zero: no visible global function definition for
     ‘qbeta’
    betaExpert : f_mode_one: no visible global function definition for
     ‘qbeta’
    betaExpert : f_mean: no visible global function definition for ‘qbeta’
    betaExpert: no visible global function definition for ‘optimize’
    define_prior2: no visible global function definition for ‘combn’
    print.betaExpert: no visible global function definition for ‘qbeta’
    print.betaPERT: no visible global function definition for ‘qbeta’
    propCI_agresticoull: no visible global function definition for ‘qnorm’
    propCI_exact: no visible global function definition for ‘qbeta’
    propCI_jeffreys: no visible global function definition for ‘qbeta’
    propCI_wald: no visible global function definition for ‘qnorm’
    propCI_wilson: no visible global function definition for ‘qnorm’
    truePrevBinom: no visible binding for global variable ‘sd’
    truePrevBinom: no visible global function definition for ‘new’
    truePrevMultinom_conditional: no visible binding for global variable
     ‘sd’
    truePrevMultinom_conditional: no visible global function definition for
     ‘new’
    truePrevMultinom_covariance: no visible global function definition for
     ‘combn’
    truePrevMultinom_covariance: no visible binding for global variable
     ‘sd’
    truePrevMultinom_covariance: no visible global function definition for
     ‘new’
    truePrevPools: no visible binding for global variable ‘sd’
    truePrevPools: no visible global function definition for ‘new’
    gelman.plot,prev : <anonymous>: no visible global function definition
     for ‘var’
    gelman.plot,prev: no visible global function definition for ‘head’
    gelman.plot,prev: no visible global function definition for ‘par’
    gelman.plot,prev: no visible global function definition for
     ‘devAskNewPage’
    plot,prev: no visible global function definition for ‘par’
    plot,prev: no visible global function definition for ‘devAskNewPage’
    plot,prev: no visible global function definition for ‘title’
Flavors: r-devel-linux-x86_64-debian-clang, r-devel-linux-x86_64-debian-gcc, r-devel-linux-x86_64-fedora-clang, r-devel-linux-x86_64-fedora-gcc, r-devel-windows-ix86+x86_64