CRAN Package Check Results for Package prevalence

Last updated on 2015-08-02 06:48:07.

Flavor Version Tinstall Tcheck Ttotal Status Flags
r-devel-linux-x86_64-debian-clang 0.4.0 1.08 24.91 25.98 NOTE
r-devel-linux-x86_64-debian-gcc 0.4.0 1.03 24.95 25.98 NOTE
r-devel-linux-x86_64-fedora-clang 0.4.0 49.00 NOTE
r-devel-linux-x86_64-fedora-gcc 0.4.0 47.68 NOTE
r-devel-osx-x86_64-clang 0.4.0 41.67 OK
r-devel-windows-ix86+x86_64 0.4.0 5.00 45.00 50.00 NOTE
r-patched-linux-x86_64 0.4.0 1.06 25.35 26.42 OK
r-patched-solaris-sparc 0.4.0 358.30 OK
r-patched-solaris-x86 0.4.0 96.50 OK
r-release-linux-x86_64 0.4.0 1.16 25.91 27.07 OK
r-release-osx-x86_64-mavericks 0.4.0 OK
r-release-windows-ix86+x86_64 0.4.0 6.00 46.00 52.00 OK
r-oldrel-windows-ix86+x86_64 0.4.0 7.00 49.00 56.00 OK

Check Details

Version: 0.4.0
Check: R code for possible problems
Result: NOTE
    betaExpert : f_mode: no visible global function definition for ‘qbeta’
    betaExpert : f_mode_zero: no visible global function definition for
     ‘qbeta’
    betaExpert : f_mode_one: no visible global function definition for
     ‘qbeta’
    betaExpert : f_mean: no visible global function definition for ‘qbeta’
    betaExpert: no visible global function definition for ‘optimize’
    define_prior2: no visible global function definition for ‘combn’
    print.betaExpert: no visible global function definition for ‘qbeta’
    print.betaPERT: no visible global function definition for ‘qbeta’
    propCI_agresticoull: no visible global function definition for ‘qnorm’
    propCI_exact: no visible global function definition for ‘qbeta’
    propCI_jeffreys: no visible global function definition for ‘qbeta’
    propCI_wald: no visible global function definition for ‘qnorm’
    propCI_wilson: no visible global function definition for ‘qnorm’
    truePrevBinom: no visible binding for global variable ‘sd’
    truePrevBinom: no visible global function definition for ‘new’
    truePrevMultinom_conditional: no visible binding for global variable
     ‘sd’
    truePrevMultinom_conditional: no visible global function definition for
     ‘new’
    truePrevMultinom_covariance: no visible global function definition for
     ‘combn’
    truePrevMultinom_covariance: no visible binding for global variable
     ‘sd’
    truePrevMultinom_covariance: no visible global function definition for
     ‘new’
    truePrevPools: no visible binding for global variable ‘sd’
    truePrevPools: no visible global function definition for ‘new’
    autocorr.plot,prev : <anonymous>: no visible global function definition
     for ‘var’
    autocorr.plot,prev: no visible global function definition for ‘head’
    autocorr.plot,prev: no visible global function definition for ‘par’
    autocorr.plot,prev: no visible global function definition for
     ‘devAskNewPage’
    densplot,prev : <anonymous>: no visible global function definition for
     ‘var’
    densplot,prev: no visible global function definition for ‘head’
    densplot,prev: no visible global function definition for ‘par’
    densplot,prev: no visible global function definition for
     ‘devAskNewPage’
    gelman.plot,prev : <anonymous>: no visible global function definition
     for ‘var’
    gelman.plot,prev: no visible global function definition for ‘head’
    gelman.plot,prev: no visible global function definition for ‘par’
    gelman.plot,prev: no visible global function definition for
     ‘devAskNewPage’
    plot,prev: no visible global function definition for ‘par’
    plot,prev: no visible global function definition for ‘devAskNewPage’
    plot,prev: no visible global function definition for ‘title’
    summary,prev: no visible global function definition for ‘median’
    summary,prev: no visible global function definition for ‘var’
    summary,prev: no visible global function definition for ‘density’
    summary,prev: no visible global function definition for ‘sd’
    summary,prev: no visible global function definition for ‘quantile’
    traceplot,prev : <anonymous>: no visible global function definition for
     ‘var’
    traceplot,prev: no visible global function definition for ‘head’
    traceplot,prev: no visible global function definition for ‘par’
    traceplot,prev: no visible global function definition for
     ‘devAskNewPage’
    Undefined global functions or variables:
     combn density devAskNewPage head median new optimize par qbeta qnorm
     quantile sd title var
    Consider adding
     importFrom("grDevices", "devAskNewPage")
     importFrom("graphics", "par", "title")
     importFrom("methods", "new")
     importFrom("stats", "density", "median", "optimize", "qbeta", "qnorm",
     "quantile", "sd", "var")
     importFrom("utils", "combn", "head")
    to your NAMESPACE.
Flavors: r-devel-linux-x86_64-debian-clang, r-devel-linux-x86_64-debian-gcc, r-devel-linux-x86_64-fedora-clang, r-devel-linux-x86_64-fedora-gcc, r-devel-windows-ix86+x86_64