CRAN Package Check Results for Package prevalence

Last updated on 2014-07-25 08:51:05.

Flavor Version Tinstall Tcheck Ttotal Status Flags
r-devel-linux-x86_64-debian-clang 0.2.0 1.22 24.91 26.13 OK
r-devel-linux-x86_64-debian-gcc 0.2.0 1.15 24.36 25.51 OK
r-devel-linux-x86_64-fedora-clang 0.2.0 51.88 OK
r-devel-linux-x86_64-fedora-gcc 0.2.0 50.27 OK
r-devel-osx-x86_64-clang 0.2.0 44.72 OK
r-devel-windows-ix86+x86_64 0.2.0 4.00 41.00 45.00 OK
r-patched-linux-x86_64 0.2.0 1.30 23.93 25.24 OK
r-patched-solaris-sparc 0.2.0 313.50 OK
r-patched-solaris-x86 0.2.0 85.60 OK
r-release-linux-ix86 0.2.0 1.56 33.65 35.22 OK
r-release-linux-x86_64 0.2.0 1.20 24.82 26.02 OK
r-release-osx-x86_64-mavericks 0.2.0 ERROR
r-release-osx-x86_64-snowleopard 0.2.0 OK
r-release-windows-ix86+x86_64 0.2.0 4.00 39.00 43.00 OK
r-oldrel-windows-ix86+x86_64 0.2.0 4.00 42.00 46.00 OK

Check Details

Version: 0.2.0
Check: package dependencies
Result: ERROR
    Package required but not available: ‘rjags’
    
    See the information on DESCRIPTION files in the chapter ‘Creating R
    packages’ of the ‘Writing R Extensions’ manual.
Flavor: r-release-osx-x86_64-mavericks