CRAN Package Check Results for Package preventr

Last updated on 2024-06-13 18:50:03 CEST.

Flavor Version Tinstall Tcheck Ttotal Status Flags
r-devel-linux-x86_64-debian-clang 0.9.0 4.54 100.13 104.67 OK
r-devel-linux-x86_64-debian-gcc 0.9.0 0.43 1.70 2.13 ERROR
r-devel-linux-x86_64-fedora-clang 0.9.0 124.07 NOTE
r-devel-linux-x86_64-fedora-gcc 0.9.0 117.75 OK
r-devel-windows-x86_64 0.9.0 5.00 87.00 92.00 OK
r-patched-linux-x86_64 0.9.0 3.50 97.56 101.06 OK
r-release-linux-x86_64 0.9.0 4.34 94.79 99.13 OK
r-release-macos-arm64 0.9.0 37.00 OK
r-release-macos-x86_64 0.9.0 59.00 OK
r-release-windows-x86_64 0.9.0 5.00 88.00 93.00 OK
r-oldrel-macos-arm64 0.9.0 44.00 OK
r-oldrel-macos-x86_64 0.9.0 81.00 OK
r-oldrel-windows-x86_64 0.9.0 6.00 109.00 115.00 OK

Check Details

Version: 0.9.0
Check: package dependencies
Result: ERROR Package required but not available: ‘dplyr’ Package suggested but not available for checking: ‘testthat’ See section ‘The DESCRIPTION file’ in the ‘Writing R Extensions’ manual. Flavor: r-devel-linux-x86_64-debian-gcc

Version: 0.9.0
Check: Rd cross-references
Result: NOTE Undeclared package ‘tibble’ in Rd xrefs Flavor: r-devel-linux-x86_64-fedora-clang