CRAN Package Check Results for Package prim

Last updated on 2014-04-24 17:49:50.

Flavor Version Tinstall Tcheck Ttotal Status Flags
r-devel-linux-x86_64-debian-clang 1.0.13 0.69 30.70 31.40 OK
r-devel-linux-x86_64-debian-gcc 1.0.13 0.68 31.01 31.69 OK
r-devel-linux-x86_64-fedora-clang 1.0.13 64.75 OK
r-devel-linux-x86_64-fedora-gcc 1.0.13 62.51 OK
r-devel-osx-x86_64-clang 1.0.13 58.10 OK
r-devel-osx-x86_64-gcc 1.0.13 OK
r-devel-windows-ix86+x86_64 1.0.13 2.00 46.00 48.00 OK
r-patched-linux-x86_64 1.0.13 0.69 30.48 31.17 OK
r-patched-solaris-sparc 1.0.13 341.30 OK
r-patched-solaris-x86 1.0.13 78.10 OK
r-release-linux-ix86 1.0.13 2.00 53.00 55.00 OK
r-release-linux-x86_64 1.0.13 0.67 31.00 31.67 OK
r-release-osx-x86_64-mavericks 1.0.13 WARN
r-release-osx-x86_64-snowleopard 1.0.13 NOTE
r-release-windows-ix86+x86_64 1.0.13 2.00 39.00 41.00 OK
r-oldrel-windows-ix86+x86_64 1.0.13 3.00 44.00 47.00 OK

Check Details

Version: 1.0.13
Check: re-building of vignette outputs
Result: NOTE
    Error in re-building vignettes:
     ...
    Error in texi2dvi(file = file, pdf = TRUE, clean = clean, quiet = quiet, :
     Running 'texi2dvi' on 'prim-2d.tex' failed.
    LaTeX errors:
    ! LaTeX Error: File `titling.sty' not found.
    
    Type X to quit or <RETURN> to proceed,
    or enter new name. (Default extension: sty)
    
    st/prim/vignettes/prim-2d.tex:4: ==> Fatal error occurred, no output PDF file
    produced!
    Calls: buildVignettes -> texi2pdf -> texi2dvi
    Execution halted
Flavor: r-release-osx-x86_64-mavericks

Version: 1.0.13
Check: PDF version of manual
Result: WARNING
    LaTeX errors when creating PDF version.
    This typically indicates Rd problems.
    LaTeX errors found:
    ! LaTeX Error: File `upquote.sty' not found.
    
    Type X to quit or <RETURN> to proceed,
    or enter new name. (Default extension: sty)
    
    7d0221/Rd2.tex:8: ==> Fatal error occurred, no output PDF file produced!
Flavor: r-release-osx-x86_64-mavericks

Version: 1.0.13
Check: re-building of vignette outputs
Result: NOTE
    Error in re-building vignettes:
     ...
    Error in texi2dvi(file = file, pdf = TRUE, clean = clean, quiet = quiet, :
     Running 'texi2dvi' on 'prim-2d.tex' failed.
    LaTeX errors:
    ! LaTeX Error: File `titling.sty' not found.
    
    Type X to quit or <RETURN> to proceed,
    or enter new name. (Default extension: sty)
    
    prim.Rcheck/vign_test/prim/vignettes/prim-2d.tex:4: ==> Fatal error occurred,
    no output PDF file produced!
    Calls: buildVignettes -> texi2pdf -> texi2dvi
    Execution halted
Flavor: r-release-osx-x86_64-snowleopard