CRAN Package Check Results for Package prim

Last updated on 2015-07-28 06:48:01.

Flavor Version Tinstall Tcheck Ttotal Status Flags
r-devel-linux-x86_64-debian-clang 1.0.15 0.67 29.40 30.08 NOTE
r-devel-linux-x86_64-debian-gcc 1.0.15 0.64 28.22 28.86 NOTE
r-devel-linux-x86_64-fedora-clang 1.0.15 57.14 NOTE
r-devel-linux-x86_64-fedora-gcc 1.0.15 55.78 NOTE
r-devel-osx-x86_64-clang 1.0.15 45.68 NOTE
r-devel-windows-ix86+x86_64 1.0.15 3.00 45.00 48.00 NOTE
r-patched-linux-x86_64 1.0.15 0.64 29.42 30.06 NOTE
r-patched-solaris-sparc 1.0.15 365.10 NOTE
r-patched-solaris-x86 1.0.15 80.60 NOTE
r-release-linux-x86_64 1.0.15 0.67 29.43 30.10 NOTE
r-release-osx-x86_64-mavericks 1.0.15 NOTE
r-release-windows-ix86+x86_64 1.0.15 5.00 77.00 82.00 NOTE
r-oldrel-windows-ix86+x86_64 1.0.15 5.00 56.00 61.00 OK

Check Details

Version: 1.0.15
Check: DESCRIPTION meta-information
Result: NOTE
    Malformed Description field: should contain one or more complete sentences.
Flavors: r-devel-linux-x86_64-debian-clang, r-devel-linux-x86_64-debian-gcc, r-devel-linux-x86_64-fedora-clang, r-devel-linux-x86_64-fedora-gcc, r-devel-osx-x86_64-clang, r-devel-windows-ix86+x86_64, r-patched-linux-x86_64, r-patched-solaris-sparc, r-patched-solaris-x86, r-release-linux-x86_64, r-release-osx-x86_64-mavericks, r-release-windows-ix86+x86_64

Version: 1.0.15
Check: R code for possible problems
Result: NOTE
    peel.one: no visible global function definition for ‘quantile’
    plotprim.2d: no visible global function definition for ‘plot’
    plotprim.2d: no visible global function definition for ‘rect’
    plotprim.2d: no visible global function definition for ‘legend’
    plotprim.3d: no visible global function definition for ‘topo.colors’
    plotprim.nd: no visible global function definition for ‘pairs’
    predict.prim: no visible global function definition for ‘tail’
    Undefined global functions or variables:
     legend pairs plot quantile rect tail topo.colors
    Consider adding
     importFrom("grDevices", "topo.colors")
     importFrom("graphics", "legend", "pairs", "plot", "rect")
     importFrom("stats", "quantile")
     importFrom("utils", "tail")
    to your NAMESPACE.
Flavors: r-devel-linux-x86_64-debian-clang, r-devel-linux-x86_64-debian-gcc, r-devel-linux-x86_64-fedora-clang, r-devel-linux-x86_64-fedora-gcc, r-devel-windows-ix86+x86_64