CRAN Package Check Results for Package prim

Last updated on 2015-05-28 09:47:33.

Flavor Version Tinstall Tcheck Ttotal Status Flags
r-devel-linux-x86_64-debian-clang 1.0.15 0.66 29.80 30.46 NOTE
r-devel-linux-x86_64-debian-gcc 1.0.15 0.64 29.80 30.44 NOTE
r-devel-linux-x86_64-fedora-clang 1.0.15 59.36 NOTE
r-devel-linux-x86_64-fedora-gcc 1.0.15 58.51 NOTE
r-devel-osx-x86_64-clang 1.0.15 55.72 NOTE
r-devel-windows-ix86+x86_64 1.0.15 3.00 47.00 50.00 NOTE
r-patched-linux-x86_64 1.0.15 0.62 29.22 29.85 NOTE
r-patched-solaris-sparc 1.0.15 368.00 NOTE
r-patched-solaris-x86 1.0.15 83.20 NOTE
r-release-linux-x86_64 1.0.15 0.68 31.23 31.91 NOTE
r-release-osx-x86_64-mavericks 1.0.15 NOTE
r-release-osx-x86_64-snowleopard 1.0.15 NOTE
r-release-windows-ix86+x86_64 1.0.15 3.00 51.00 54.00 NOTE
r-oldrel-windows-ix86+x86_64 1.0.15 4.00 46.00 50.00 OK

Check Details

Version: 1.0.15
Check: DESCRIPTION meta-information
Result: NOTE
    Malformed Description field: should contain one or more complete sentences.
Flavors: r-devel-linux-x86_64-debian-clang, r-devel-linux-x86_64-debian-gcc, r-devel-linux-x86_64-fedora-clang, r-devel-linux-x86_64-fedora-gcc, r-devel-osx-x86_64-clang, r-devel-windows-ix86+x86_64, r-patched-linux-x86_64, r-patched-solaris-sparc, r-patched-solaris-x86, r-release-linux-x86_64, r-release-osx-x86_64-mavericks, r-release-osx-x86_64-snowleopard, r-release-windows-ix86+x86_64