CRAN Package Check Results for Package prim

Last updated on 2015-03-06 23:48:26.

Flavor Version Tinstall Tcheck Ttotal Status Flags
r-devel-linux-x86_64-debian-clang 1.0.15 0.65 31.24 31.89 NOTE
r-devel-linux-x86_64-debian-gcc 1.0.15 0.63 30.43 31.06 NOTE
r-devel-linux-x86_64-fedora-clang 1.0.15 59.35 NOTE
r-devel-linux-x86_64-fedora-gcc 1.0.15 57.68 NOTE
r-devel-osx-x86_64-clang 1.0.15 61.04 NOTE
r-devel-windows-ix86+x86_64 1.0.15 4.00 48.00 52.00 NOTE
r-patched-linux-x86_64 1.0.15 0.77 35.21 35.98 OK
r-patched-solaris-sparc 1.0.15 419.90 OK
r-patched-solaris-x86 1.0.15 89.20 OK
r-release-linux-ix86 1.0.15 1.28 48.85 50.13 OK
r-release-linux-x86_64 1.0.15 0.74 34.99 35.73 OK
r-release-osx-x86_64-mavericks 1.0.15 OK
r-release-osx-x86_64-snowleopard 1.0.15 OK
r-release-windows-ix86+x86_64 1.0.15 4.00 50.00 54.00 OK
r-oldrel-windows-ix86+x86_64 1.0.15 3.00 55.00 58.00 OK

Check Details

Version: 1.0.15
Check: DESCRIPTION meta-information
Result: NOTE
    Malformed Description field: should contain one or more complete sentences.
Flavors: r-devel-linux-x86_64-debian-clang, r-devel-linux-x86_64-debian-gcc, r-devel-linux-x86_64-fedora-clang, r-devel-linux-x86_64-fedora-gcc, r-devel-osx-x86_64-clang, r-devel-windows-ix86+x86_64