CRAN Package Check Results for Package prim

Last updated on 2015-04-18 17:50:57.

Flavor Version Tinstall Tcheck Ttotal Status Flags
r-devel-linux-x86_64-debian-clang 1.0.15 0.72 30.19 30.91 NOTE
r-devel-linux-x86_64-debian-gcc 1.0.15 0.63 30.07 30.70 NOTE
r-devel-linux-x86_64-fedora-clang 1.0.15 61.88 NOTE
r-devel-linux-x86_64-fedora-gcc 1.0.15 59.10 NOTE
r-devel-osx-x86_64-clang 1.0.15 56.18 NOTE
r-patched-linux-x86_64 1.0.15 0.68 30.52 31.21 NOTE
r-patched-solaris-sparc 1.0.15 382.20 NOTE
r-patched-solaris-x86 1.0.15 82.90 NOTE
r-release-linux-x86_64 1.0.15 0.64 29.52 30.16 NOTE
r-release-osx-x86_64-mavericks 1.0.15 NOTE
r-release-osx-x86_64-snowleopard 1.0.15 NOTE
r-release-windows-ix86+x86_64 1.0.15 2.00 55.00 57.00 NOTE
r-oldrel-windows-ix86+x86_64 1.0.15 3.00 63.00 66.00 OK

Check Details

Version: 1.0.15
Check: DESCRIPTION meta-information
Result: NOTE
    Malformed Description field: should contain one or more complete sentences.
Flavors: r-devel-linux-x86_64-debian-clang, r-devel-linux-x86_64-debian-gcc, r-devel-linux-x86_64-fedora-clang, r-devel-linux-x86_64-fedora-gcc, r-devel-osx-x86_64-clang, r-patched-linux-x86_64, r-patched-solaris-sparc, r-patched-solaris-x86, r-release-linux-x86_64, r-release-osx-x86_64-mavericks, r-release-osx-x86_64-snowleopard, r-release-windows-ix86+x86_64