CRAN Package Check Results for Package prim

Last updated on 2022-11-30 23:54:47 CET.

Flavor Version Tinstall Tcheck Ttotal Status Flags
r-devel-linux-x86_64-debian-clang 1.0.20 3.16 57.40 60.56 NOTE
r-devel-linux-x86_64-debian-gcc 1.0.20 2.47 43.84 46.31 NOTE
r-devel-linux-x86_64-fedora-clang 1.0.20 86.59 NOTE
r-devel-linux-x86_64-fedora-gcc 1.0.20 84.47 NOTE
r-devel-windows-x86_64 1.0.20 12.00 100.00 112.00 NOTE
r-patched-linux-x86_64 1.0.20 4.33 57.84 62.17 OK
r-release-linux-x86_64 1.0.20 4.28 58.13 62.41 OK
r-release-macos-arm64 1.0.20 37.00 OK
r-release-macos-x86_64 1.0.20 52.00 OK
r-release-windows-x86_64 1.0.20 11.00 102.00 113.00 OK
r-oldrel-macos-arm64 1.0.20 64.00 OK
r-oldrel-macos-x86_64 1.0.20 59.00 OK
r-oldrel-windows-ix86+x86_64 1.0.20 8.00 81.00 89.00 OK

Check Details

Version: 1.0.20
Check: Rd files
Result: NOTE
    checkRd: (-1) prim.box.Rd:60: Escaped LaTeX specials: \&
Flavors: r-devel-linux-x86_64-debian-clang, r-devel-linux-x86_64-debian-gcc, r-devel-linux-x86_64-fedora-clang, r-devel-linux-x86_64-fedora-gcc, r-devel-windows-x86_64