CRAN Package Check Results for Package prim

Last updated on 2014-09-01 14:46:36.

Flavor Version Tinstall Tcheck Ttotal Status Flags
r-devel-linux-x86_64-debian-clang 1.0.14 0.58 28.39 28.97 NOTE
r-devel-linux-x86_64-debian-gcc 1.0.14 0.56 28.72 29.29 NOTE
r-devel-linux-x86_64-fedora-clang 1.0.14 61.64 NOTE
r-devel-linux-x86_64-fedora-gcc 1.0.14 60.12 NOTE
r-devel-osx-x86_64-clang 1.0.14 53.85 NOTE
r-devel-windows-ix86+x86_64 1.0.14 2.00 39.00 41.00 NOTE
r-patched-linux-x86_64 1.0.14 0.80 31.04 31.84 OK
r-patched-solaris-sparc 1.0.14 341.50 OK
r-patched-solaris-x86 1.0.14 77.30 OK
r-release-linux-ix86 1.0.14 0.93 43.16 44.08 OK
r-release-linux-x86_64 1.0.14 0.62 30.24 30.87 OK
r-release-osx-x86_64-mavericks 1.0.14 OK
r-release-osx-x86_64-snowleopard 1.0.14 OK
r-release-windows-ix86+x86_64 1.0.14 2.00 43.00 45.00 OK
r-oldrel-windows-ix86+x86_64 1.0.14 4.00 46.00 50.00 OK

Check Details

Version: 1.0.14
Check: R code for possible problems
Result: NOTE
    plotprim.3d: no visible global function definition for ‘clear3d’
    plotprim.3d: no visible global function definition for ‘rgl.bg’
    plotprim.3d: no visible global function definition for ‘lines3d’
    plotprim.3d: no visible global function definition for ‘texts3d’
    plotprim.3d: no visible global function definition for ‘points3d’
Flavors: r-devel-linux-x86_64-debian-clang, r-devel-linux-x86_64-debian-gcc, r-devel-linux-x86_64-fedora-clang, r-devel-linux-x86_64-fedora-gcc, r-devel-osx-x86_64-clang, r-devel-windows-ix86+x86_64