CRAN Package Check Results for Package prim

Last updated on 2017-02-25 23:47:58.

Flavor Version Tinstall Tcheck Ttotal Status Flags
r-devel-linux-x86_64-debian-clang 1.0.16 1.20 37.22 38.42 OK
r-devel-linux-x86_64-debian-gcc 1.0.16 1.22 36.67 37.89 OK
r-devel-linux-x86_64-fedora-clang 1.0.16 72.47 OK --no-stop-on-test-error
r-devel-linux-x86_64-fedora-gcc 1.0.16 63.45 OK --no-stop-on-test-error
r-devel-macos-x86_64-clang 1.0.16 55.81 OK --no-stop-on-test-error
r-devel-windows-ix86+x86_64 1.0.16 7.00 91.00 98.00 OK
r-patched-linux-x86_64 1.0.16 1.24 33.77 35.02 OK
r-patched-solaris-sparc 1.0.16 372.20 OK
r-patched-solaris-x86 1.0.16 84.20 OK
r-release-linux-x86_64 1.0.16 1.15 34.14 35.29 OK
r-release-osx-x86_64-mavericks 1.0.16 WARN
r-release-windows-ix86+x86_64 1.0.16 6.00 80.00 86.00 OK
r-oldrel-windows-ix86+x86_64 1.0.16 6.00 68.00 74.00 OK

Check Details

Version: 1.0.16
Check: whether package can be installed
Result: WARN
    Found the following significant warnings:
     Warning: 'rgl_init' failed, running with rgl.useNULL = TRUE
Flavor: r-release-osx-x86_64-mavericks

Version: 1.0.16
Check: dependencies in R code
Result: NOTE
    Invalid MIT-MAGIC-COOKIE-1 keyInvalid MIT-MAGIC-COOKIE-1 key
Flavor: r-release-osx-x86_64-mavericks

Version: 1.0.16
Check: S3 generic/method consistency
Result: WARN
    Invalid MIT-MAGIC-COOKIE-1 keyInvalid MIT-MAGIC-COOKIE-1 key
    See section ‘Generic functions and methods’ in the ‘Writing R
    Extensions’ manual.
Flavor: r-release-osx-x86_64-mavericks

Version: 1.0.16
Check: replacement functions
Result: WARN
    Invalid MIT-MAGIC-COOKIE-1 keyInvalid MIT-MAGIC-COOKIE-1 key
    The argument of a replacement function which corresponds to the right
    hand side must be named ‘value’.
Flavor: r-release-osx-x86_64-mavericks

Version: 1.0.16
Check: foreign function calls
Result: NOTE
    Invalid MIT-MAGIC-COOKIE-1 keyInvalid MIT-MAGIC-COOKIE-1 key
    See chapter ‘System and foreign language interfaces’ in the ‘Writing R
    Extensions’ manual.
Flavor: r-release-osx-x86_64-mavericks

Version: 1.0.16
Check: R code for possible problems
Result: NOTE
    Invalid MIT-MAGIC-COOKIE-1 keyInvalid MIT-MAGIC-COOKIE-1 key
Flavor: r-release-osx-x86_64-mavericks

Version: 1.0.16
Check: for missing documentation entries
Result: WARN
    Invalid MIT-MAGIC-COOKIE-1 keyInvalid MIT-MAGIC-COOKIE-1 key
    All user-level objects in a package should have documentation entries.
    See chapter ‘Writing R documentation files’ in the ‘Writing R
    Extensions’ manual.
Flavor: r-release-osx-x86_64-mavericks

Version: 1.0.16
Check: for code/documentation mismatches
Result: WARN
    Invalid MIT-MAGIC-COOKIE-1 keyInvalid MIT-MAGIC-COOKIE-1 key
    Invalid MIT-MAGIC-COOKIE-1 keyInvalid MIT-MAGIC-COOKIE-1 key
    Invalid MIT-MAGIC-COOKIE-1 keyInvalid MIT-MAGIC-COOKIE-1 key
Flavor: r-release-osx-x86_64-mavericks

Version: 1.0.16
Check: Rd \usage sections
Result: NOTE
    Invalid MIT-MAGIC-COOKIE-1 keyInvalid MIT-MAGIC-COOKIE-1 key
    The \usage entries for S3 methods should use the \method markup and not
    their full name.
    See chapter ‘Writing R documentation files’ in the ‘Writing R
    Extensions’ manual.
Flavor: r-release-osx-x86_64-mavericks