CRAN Package Check Results for Package prim

Last updated on 2014-10-24 16:46:51.

Flavor Version Tinstall Tcheck Ttotal Status Flags
r-devel-linux-x86_64-debian-clang 1.0.14 0.65 30.18 30.83 NOTE
r-devel-linux-x86_64-debian-gcc 1.0.14 0.64 31.13 31.77 NOTE
r-devel-linux-x86_64-fedora-clang 1.0.14 61.82 NOTE
r-devel-linux-x86_64-fedora-gcc 1.0.14 60.53 NOTE
r-devel-osx-x86_64-clang 1.0.14 57.43 NOTE
r-devel-windows-ix86+x86_64 1.0.14 2.00 45.00 47.00 NOTE
r-patched-linux-x86_64 1.0.14 0.70 32.49 33.19 NOTE
r-patched-solaris-sparc 1.0.14 346.00 NOTE
r-patched-solaris-x86 1.0.14 75.90 NOTE
r-release-linux-ix86 1.0.14 0.93 45.81 46.74 OK
r-release-linux-x86_64 1.0.14 0.62 32.48 33.09 OK
r-release-osx-x86_64-mavericks 1.0.14 OK
r-release-osx-x86_64-snowleopard 1.0.14 OK
r-release-windows-ix86+x86_64 1.0.14 2.00 47.00 49.00 OK
r-oldrel-windows-ix86+x86_64 1.0.14 2.00 46.00 48.00 OK

Check Details

Version: 1.0.14
Check: R code for possible problems
Result: NOTE
    plotprim.3d: no visible global function definition for ‘clear3d’
    plotprim.3d: no visible global function definition for ‘rgl.bg’
    plotprim.3d: no visible global function definition for ‘lines3d’
    plotprim.3d: no visible global function definition for ‘texts3d’
    plotprim.3d: no visible global function definition for ‘points3d’
Flavors: r-devel-linux-x86_64-debian-clang, r-devel-linux-x86_64-debian-gcc, r-devel-linux-x86_64-fedora-clang, r-devel-linux-x86_64-fedora-gcc, r-devel-osx-x86_64-clang, r-devel-windows-ix86+x86_64, r-patched-linux-x86_64, r-patched-solaris-sparc, r-patched-solaris-x86