CRAN Package Check Results for Package primer

Last updated on 2016-05-25 19:49:40.

Flavor Version Tinstall Tcheck Ttotal Status Flags
r-devel-linux-x86_64-debian-gcc 1.0 1.04 17.17 18.22 NOTE
r-devel-linux-x86_64-fedora-clang 1.0 31.84 NOTE
r-devel-linux-x86_64-fedora-gcc 1.0 29.85 NOTE
r-devel-osx-x86_64-clang 1.0 36.92 NOTE
r-devel-windows-ix86+x86_64 1.0 4.00 39.00 43.00 NOTE
r-patched-linux-x86_64 1.0 1.01 17.11 18.13 NOTE
r-patched-solaris-sparc 1.0 204.90 NOTE
r-patched-solaris-x86 1.0 44.70 NOTE
r-release-linux-x86_64 1.0 0.97 17.21 18.17 NOTE
r-release-osx-x86_64-mavericks 1.0 NOTE
r-release-windows-ix86+x86_64 1.0 4.00 38.00 42.00 NOTE
r-oldrel-windows-ix86+x86_64 1.0 5.00 38.00 43.00 NOTE

Check Details

Version: 1.0
Check: for hidden files and directories
Result: NOTE
    Found the following hidden files and directories:
     data/.Rapp.history
    These were most likely included in error. See section ‘Package
    structure’ in the ‘Writing R Extensions’ manual.
Flavors: r-devel-linux-x86_64-debian-gcc, r-devel-linux-x86_64-fedora-clang, r-devel-linux-x86_64-fedora-gcc, r-devel-osx-x86_64-clang, r-devel-windows-ix86+x86_64, r-patched-linux-x86_64, r-patched-solaris-sparc, r-patched-solaris-x86, r-release-linux-x86_64, r-release-osx-x86_64-mavericks, r-release-windows-ix86+x86_64, r-oldrel-windows-ix86+x86_64

Version: 1.0
Check: dependencies in R code
Result: NOTE
    'library' or 'require' call to ‘deSolve’ which was already attached by Depends.
     Please remove these calls from your code.
Flavors: r-devel-linux-x86_64-debian-gcc, r-devel-linux-x86_64-fedora-clang, r-devel-linux-x86_64-fedora-gcc, r-devel-osx-x86_64-clang, r-devel-windows-ix86+x86_64, r-patched-linux-x86_64, r-patched-solaris-sparc, r-patched-solaris-x86, r-release-linux-x86_64, r-release-osx-x86_64-mavericks, r-release-windows-ix86+x86_64, r-oldrel-windows-ix86+x86_64

Version: 1.0
Check: R code for possible problems
Result: NOTE
    LVCompGames: no visible global function definition for ‘runif’
    LVCompGames: no visible global function definition for ‘plot’
    LVCompGames: no visible global function definition for ‘axis’
    LVCompGames: no visible global function definition for ‘box’
    LVCompGames: no visible global function definition for ‘lines’
    LVCompGames: no visible global function definition for ‘points’
    MetaSim: no visible global function definition for ‘runif’
    chesson: no visible global function definition for ‘rbeta’
    chesson: no visible global function definition for ‘dbeta’
    chesson : rhof: no visible global function definition for ‘dbeta’
    chesson: no visible global function definition for ‘integrate’
    pimmlawton: no visible global function definition for ‘runif’
    Undefined global functions or variables:
     axis box dbeta integrate lines plot points rbeta runif
    Consider adding
     importFrom("graphics", "axis", "box", "lines", "plot", "points")
     importFrom("stats", "dbeta", "integrate", "rbeta", "runif")
    to your NAMESPACE file.
Flavors: r-devel-linux-x86_64-debian-gcc, r-devel-linux-x86_64-fedora-clang, r-devel-linux-x86_64-fedora-gcc, r-devel-osx-x86_64-clang, r-devel-windows-ix86+x86_64, r-patched-linux-x86_64, r-patched-solaris-sparc, r-patched-solaris-x86, r-release-linux-x86_64, r-release-osx-x86_64-mavericks, r-release-windows-ix86+x86_64