CRAN Package Check Results for Package primer

Last updated on 2017-10-18 23:47:59.

Flavor Version Tinstall Tcheck Ttotal Status Flags
r-devel-linux-x86_64-debian-clang 1.0 1.14 21.22 22.36 NOTE
r-devel-linux-x86_64-debian-gcc 1.0 1.58 21.76 23.34 NOTE
r-devel-linux-x86_64-fedora-clang 1.0 38.42 NOTE
r-devel-linux-x86_64-fedora-gcc 1.0 39.36 NOTE
r-devel-windows-ix86+x86_64 1.0 5.00 66.00 71.00 NOTE
r-patched-linux-x86_64 1.0 1.20 20.63 21.83 NOTE
r-patched-solaris-x86 1.0 50.10 NOTE
r-release-linux-x86_64 1.0 1.17 20.65 21.82 NOTE
r-release-windows-ix86+x86_64 1.0 6.00 52.00 58.00 NOTE
r-release-osx-x86_64 1.0 NOTE
r-oldrel-windows-ix86+x86_64 1.0 7.00 40.00 47.00 NOTE
r-oldrel-osx-x86_64 1.0 NOTE

Check Details

Version: 1.0
Check: for hidden files and directories
Result: NOTE
    Found the following hidden files and directories:
     data/.Rapp.history
    These were most likely included in error. See section ‘Package
    structure’ in the ‘Writing R Extensions’ manual.
Flavors: r-devel-linux-x86_64-debian-clang, r-devel-linux-x86_64-debian-gcc, r-devel-linux-x86_64-fedora-clang, r-devel-linux-x86_64-fedora-gcc, r-devel-windows-ix86+x86_64, r-patched-linux-x86_64, r-patched-solaris-x86, r-release-linux-x86_64, r-release-windows-ix86+x86_64, r-release-osx-x86_64, r-oldrel-windows-ix86+x86_64, r-oldrel-osx-x86_64

Version: 1.0
Check: dependencies in R code
Result: NOTE
    'library' or 'require' call to ‘deSolve’ which was already attached by Depends.
     Please remove these calls from your code.
Flavors: r-devel-linux-x86_64-debian-clang, r-devel-linux-x86_64-debian-gcc, r-devel-linux-x86_64-fedora-clang, r-devel-linux-x86_64-fedora-gcc, r-devel-windows-ix86+x86_64, r-patched-linux-x86_64, r-patched-solaris-x86, r-release-linux-x86_64, r-release-windows-ix86+x86_64, r-release-osx-x86_64, r-oldrel-windows-ix86+x86_64, r-oldrel-osx-x86_64

Version: 1.0
Check: R code for possible problems
Result: NOTE
    LVCompGames: no visible global function definition for ‘runif’
    LVCompGames: no visible global function definition for ‘plot’
    LVCompGames: no visible global function definition for ‘axis’
    LVCompGames: no visible global function definition for ‘box’
    LVCompGames: no visible global function definition for ‘lines’
    LVCompGames: no visible global function definition for ‘points’
    MetaSim: no visible global function definition for ‘runif’
    chesson: no visible global function definition for ‘rbeta’
    chesson: no visible global function definition for ‘dbeta’
    chesson : rhof: no visible global function definition for ‘dbeta’
    chesson: no visible global function definition for ‘integrate’
    pimmlawton: no visible global function definition for ‘runif’
    Undefined global functions or variables:
     axis box dbeta integrate lines plot points rbeta runif
    Consider adding
     importFrom("graphics", "axis", "box", "lines", "plot", "points")
     importFrom("stats", "dbeta", "integrate", "rbeta", "runif")
    to your NAMESPACE file.
Flavors: r-devel-linux-x86_64-debian-clang, r-devel-linux-x86_64-debian-gcc, r-devel-linux-x86_64-fedora-clang, r-devel-linux-x86_64-fedora-gcc, r-devel-windows-ix86+x86_64, r-patched-linux-x86_64, r-patched-solaris-x86, r-release-linux-x86_64, r-release-windows-ix86+x86_64, r-release-osx-x86_64, r-oldrel-windows-ix86+x86_64, r-oldrel-osx-x86_64