CRAN Package Check Results for Package primer

Last updated on 2014-10-02 01:48:24.

Flavor Version Tinstall Tcheck Ttotal Status Flags
r-devel-linux-x86_64-debian-clang 1.0 1.13 17.51 18.64 NOTE
r-devel-linux-x86_64-debian-gcc 1.0 1.07 16.96 18.03 NOTE
r-devel-linux-x86_64-fedora-clang 1.0 36.70 NOTE
r-devel-linux-x86_64-fedora-gcc 1.0 34.38 NOTE
r-devel-osx-x86_64-clang 1.0 35.33 NOTE
r-devel-windows-ix86+x86_64 1.0 4.00 28.00 32.00 NOTE
r-patched-linux-x86_64 1.0 1.14 18.25 19.39 NOTE
r-patched-solaris-sparc 1.0 226.20 NOTE
r-patched-solaris-x86 1.0 51.60 NOTE
r-release-linux-ix86 1.0 1.54 25.35 26.89 NOTE
r-release-linux-x86_64 1.0 1.14 17.99 19.14 NOTE
r-release-osx-x86_64-mavericks 1.0 NOTE
r-release-osx-x86_64-snowleopard 1.0 NOTE
r-release-windows-ix86+x86_64 1.0 4.00 29.00 33.00 NOTE
r-oldrel-windows-ix86+x86_64 1.0 5.00 30.00 35.00 NOTE

Check Details

Version: 1.0
Check: for hidden files and directories
Result: NOTE
    Found the following hidden files and directories:
     data/.Rapp.history
    These were most likely included in error. See section ‘Package
    structure’ in the ‘Writing R Extensions’ manual.
Flavors: r-devel-linux-x86_64-debian-clang, r-devel-linux-x86_64-debian-gcc, r-devel-linux-x86_64-fedora-clang, r-devel-linux-x86_64-fedora-gcc, r-devel-osx-x86_64-clang, r-devel-windows-ix86+x86_64, r-patched-linux-x86_64, r-patched-solaris-sparc, r-patched-solaris-x86, r-release-linux-ix86, r-release-linux-x86_64, r-release-osx-x86_64-mavericks, r-release-osx-x86_64-snowleopard, r-release-windows-ix86+x86_64, r-oldrel-windows-ix86+x86_64

Version: 1.0
Check: dependencies in R code
Result: NOTE
    'library' or 'require' call to ‘deSolve’ which was already attached by Depends.
     Please remove these calls from your code.
    See the information on DESCRIPTION files in the chapter ‘Creating R
    packages’ of the ‘Writing R Extensions’ manual.
Flavors: r-devel-linux-x86_64-debian-clang, r-devel-linux-x86_64-debian-gcc, r-devel-linux-x86_64-fedora-clang, r-devel-linux-x86_64-fedora-gcc, r-devel-osx-x86_64-clang, r-devel-windows-ix86+x86_64, r-patched-linux-x86_64, r-patched-solaris-sparc, r-patched-solaris-x86, r-release-linux-ix86, r-release-linux-x86_64, r-release-osx-x86_64-mavericks, r-release-osx-x86_64-snowleopard, r-release-windows-ix86+x86_64, r-oldrel-windows-ix86+x86_64