CRAN Package Check Results for Package primer

Last updated on 2017-01-21 13:49:03.

Flavor Version Tinstall Tcheck Ttotal Status Flags
r-devel-linux-x86_64-debian-clang 1.0 1.13 20.63 21.75 NOTE
r-devel-linux-x86_64-debian-gcc 1.0 1.10 20.11 21.21 NOTE
r-devel-linux-x86_64-fedora-clang 1.0 36.62 NOTE --no-stop-on-test-error
r-devel-linux-x86_64-fedora-gcc 1.0 35.22 NOTE --no-stop-on-test-error
r-devel-macos-x86_64-clang 1.0 31.20 NOTE --no-stop-on-test-error
r-devel-windows-ix86+x86_64 1.0 7.00 56.00 63.00 NOTE
r-patched-linux-x86_64 1.0 0.93 17.88 18.81 NOTE
r-patched-solaris-sparc 1.0 207.70 NOTE
r-patched-solaris-x86 1.0 42.50 NOTE
r-release-linux-x86_64 1.0 0.93 18.18 19.11 NOTE
r-release-osx-x86_64-mavericks 1.0 NOTE
r-release-windows-ix86+x86_64 1.0 11.00 52.00 63.00 NOTE
r-oldrel-windows-ix86+x86_64 1.0 5.00 49.00 54.00 NOTE

Check Details

Version: 1.0
Check: for hidden files and directories
Result: NOTE
    Found the following hidden files and directories:
     data/.Rapp.history
    These were most likely included in error. See section ‘Package
    structure’ in the ‘Writing R Extensions’ manual.
Flavors: r-devel-linux-x86_64-debian-clang, r-devel-linux-x86_64-debian-gcc, r-devel-windows-ix86+x86_64, r-patched-linux-x86_64, r-patched-solaris-sparc, r-patched-solaris-x86, r-release-linux-x86_64, r-release-osx-x86_64-mavericks, r-release-windows-ix86+x86_64, r-oldrel-windows-ix86+x86_64

Version: 1.0
Check: dependencies in R code
Result: NOTE
    'library' or 'require' call to ‘deSolve’ which was already attached by Depends.
     Please remove these calls from your code.
Flavors: r-devel-linux-x86_64-debian-clang, r-devel-linux-x86_64-debian-gcc, r-devel-windows-ix86+x86_64, r-patched-linux-x86_64, r-patched-solaris-sparc, r-patched-solaris-x86, r-release-linux-x86_64, r-release-osx-x86_64-mavericks, r-release-windows-ix86+x86_64, r-oldrel-windows-ix86+x86_64

Version: 1.0
Check: R code for possible problems
Result: NOTE
    LVCompGames: no visible global function definition for ‘runif’
    LVCompGames: no visible global function definition for ‘plot’
    LVCompGames: no visible global function definition for ‘axis’
    LVCompGames: no visible global function definition for ‘box’
    LVCompGames: no visible global function definition for ‘lines’
    LVCompGames: no visible global function definition for ‘points’
    MetaSim: no visible global function definition for ‘runif’
    chesson: no visible global function definition for ‘rbeta’
    chesson: no visible global function definition for ‘dbeta’
    chesson : rhof: no visible global function definition for ‘dbeta’
    chesson: no visible global function definition for ‘integrate’
    pimmlawton: no visible global function definition for ‘runif’
    Undefined global functions or variables:
     axis box dbeta integrate lines plot points rbeta runif
    Consider adding
     importFrom("graphics", "axis", "box", "lines", "plot", "points")
     importFrom("stats", "dbeta", "integrate", "rbeta", "runif")
    to your NAMESPACE file.
Flavors: r-devel-linux-x86_64-debian-clang, r-devel-linux-x86_64-debian-gcc, r-devel-windows-ix86+x86_64, r-patched-linux-x86_64, r-patched-solaris-sparc, r-patched-solaris-x86, r-release-linux-x86_64, r-release-osx-x86_64-mavericks, r-release-windows-ix86+x86_64

Version: 1.0
Flags: --no-stop-on-test-error
Check: for hidden files and directories
Result: NOTE
    Found the following hidden files and directories:
     data/.Rapp.history
    These were most likely included in error. See section ‘Package
    structure’ in the ‘Writing R Extensions’ manual.
Flavors: r-devel-linux-x86_64-fedora-clang, r-devel-linux-x86_64-fedora-gcc, r-devel-macos-x86_64-clang

Version: 1.0
Flags: --no-stop-on-test-error
Check: dependencies in R code
Result: NOTE
    'library' or 'require' call to ‘deSolve’ which was already attached by Depends.
     Please remove these calls from your code.
Flavors: r-devel-linux-x86_64-fedora-clang, r-devel-linux-x86_64-fedora-gcc, r-devel-macos-x86_64-clang

Version: 1.0
Flags: --no-stop-on-test-error
Check: R code for possible problems
Result: NOTE
    LVCompGames: no visible global function definition for ‘runif’
    LVCompGames: no visible global function definition for ‘plot’
    LVCompGames: no visible global function definition for ‘axis’
    LVCompGames: no visible global function definition for ‘box’
    LVCompGames: no visible global function definition for ‘lines’
    LVCompGames: no visible global function definition for ‘points’
    MetaSim: no visible global function definition for ‘runif’
    chesson: no visible global function definition for ‘rbeta’
    chesson: no visible global function definition for ‘dbeta’
    chesson : rhof: no visible global function definition for ‘dbeta’
    chesson: no visible global function definition for ‘integrate’
    pimmlawton: no visible global function definition for ‘runif’
    Undefined global functions or variables:
     axis box dbeta integrate lines plot points rbeta runif
    Consider adding
     importFrom("graphics", "axis", "box", "lines", "plot", "points")
     importFrom("stats", "dbeta", "integrate", "rbeta", "runif")
    to your NAMESPACE file.
Flavors: r-devel-linux-x86_64-fedora-clang, r-devel-linux-x86_64-fedora-gcc, r-devel-macos-x86_64-clang