CRAN Package Check Results for Package primer

Last updated on 2015-05-22 11:48:06.

Flavor Version Tinstall Tcheck Ttotal Status Flags
r-devel-linux-x86_64-debian-clang 1.0 1.06 15.75 16.82 NOTE
r-devel-linux-x86_64-debian-gcc 1.0 0.97 15.25 16.22 NOTE
r-devel-linux-x86_64-fedora-clang 1.0 33.10 NOTE
r-devel-linux-x86_64-fedora-gcc 1.0 30.44 NOTE
r-devel-osx-x86_64-clang 1.0 33.73 NOTE
r-devel-windows-ix86+x86_64 1.0 5.00 27.00 32.00 NOTE
r-patched-linux-x86_64 1.0 1.05 15.34 16.40 NOTE
r-patched-solaris-sparc 1.0 215.00 NOTE
r-patched-solaris-x86 1.0 45.10 NOTE
r-release-linux-x86_64 1.0 0.98 15.70 16.68 NOTE
r-release-osx-x86_64-mavericks 1.0 NOTE
r-release-osx-x86_64-snowleopard 1.0 NOTE
r-release-windows-ix86+x86_64 1.0 4.00 26.00 30.00 NOTE
r-oldrel-windows-ix86+x86_64 1.0 5.00 29.00 34.00 NOTE

Check Details

Version: 1.0
Check: for hidden files and directories
Result: NOTE
    Found the following hidden files and directories:
     data/.Rapp.history
    These were most likely included in error. See section ‘Package
    structure’ in the ‘Writing R Extensions’ manual.
Flavors: r-devel-linux-x86_64-debian-clang, r-devel-linux-x86_64-debian-gcc, r-devel-linux-x86_64-fedora-clang, r-devel-linux-x86_64-fedora-gcc, r-devel-osx-x86_64-clang, r-devel-windows-ix86+x86_64, r-patched-linux-x86_64, r-patched-solaris-sparc, r-patched-solaris-x86, r-release-linux-x86_64, r-release-osx-x86_64-mavericks, r-release-osx-x86_64-snowleopard, r-release-windows-ix86+x86_64, r-oldrel-windows-ix86+x86_64

Version: 1.0
Check: dependencies in R code
Result: NOTE
    'library' or 'require' call to ‘deSolve’ which was already attached by Depends.
     Please remove these calls from your code.
Flavors: r-devel-linux-x86_64-debian-clang, r-devel-linux-x86_64-debian-gcc, r-devel-linux-x86_64-fedora-clang, r-devel-linux-x86_64-fedora-gcc, r-devel-osx-x86_64-clang, r-devel-windows-ix86+x86_64, r-patched-linux-x86_64, r-patched-solaris-sparc, r-patched-solaris-x86, r-release-linux-x86_64, r-release-osx-x86_64-mavericks, r-release-osx-x86_64-snowleopard, r-release-windows-ix86+x86_64, r-oldrel-windows-ix86+x86_64

Version: 1.0
Check: package dependencies
Result: NOTE
    Package suggested but not available for checking: ‘vegan’
Flavor: r-release-osx-x86_64-snowleopard