CRAN Package Check Results for Package primerTree

Last updated on 2018-04-22 00:47:03 CEST.

Flavor Version Tinstall Tcheck Ttotal Status Flags
r-devel-linux-x86_64-debian-clang 1.0.3 4.51 51.35 55.86 NOTE
r-devel-linux-x86_64-debian-gcc 1.0.3 3.76 40.32 44.08 NOTE
r-devel-linux-x86_64-fedora-clang 1.0.3 67.74 NOTE
r-devel-linux-x86_64-fedora-gcc 1.0.3 65.02 NOTE
r-devel-windows-ix86+x86_64 1.0.3 16.00 90.00 106.00 OK
r-devel-osx-x86_64 1.0.3 OK
r-patched-linux-x86_64 1.0.3 4.75 50.52 55.27 NOTE
r-patched-solaris-x86 1.0.3 102.20 OK
r-release-linux-x86_64 1.0.3 4.68 56.99 61.67 NOTE
r-release-windows-ix86+x86_64 1.0.3 11.00 95.00 106.00 OK
r-release-osx-x86_64 1.0.3 OK
r-oldrel-windows-ix86+x86_64 1.0.3 14.00 78.00 92.00 OK

Check Details

Version: 1.0.3
Check: compiled code
Result: NOTE
    File ‘primerTree/libs/primerTree.so’:
     Found no calls to: ‘R_registerRoutines’, ‘R_useDynamicSymbols’
    
    It is good practice to register native routines and to disable symbol
    search.
    
    See ‘Writing portable packages’ in the ‘Writing R Extensions’ manual.
Flavors: r-devel-linux-x86_64-debian-clang, r-devel-linux-x86_64-debian-gcc, r-devel-linux-x86_64-fedora-clang, r-devel-linux-x86_64-fedora-gcc, r-patched-linux-x86_64, r-release-linux-x86_64