CRAN Package Check Results for Package primerTree

Last updated on 2015-07-06 08:48:18.

Flavor Version Tinstall Tcheck Ttotal Status Flags
r-devel-linux-x86_64-debian-clang 1.0.1 2.62 36.59 39.21 NOTE
r-devel-linux-x86_64-debian-gcc 1.0.1 2.55 35.80 38.35 NOTE
r-devel-linux-x86_64-fedora-clang 1.0.1 79.25 NOTE
r-devel-linux-x86_64-fedora-gcc 1.0.1 75.27 NOTE
r-devel-osx-x86_64-clang 1.0.1 66.22 OK
r-devel-windows-ix86+x86_64 1.0.1 13.00 91.00 104.00 NOTE
r-patched-linux-x86_64 1.0.1 2.64 36.32 38.96 OK
r-patched-solaris-sparc 1.0.1 490.60 OK
r-patched-solaris-x86 1.0.1 105.60 OK
r-release-linux-x86_64 1.0.1 2.65 36.24 38.89 OK
r-release-osx-x86_64-mavericks 1.0.1 OK
r-release-windows-ix86+x86_64 1.0.1 14.00 84.00 98.00 OK
r-oldrel-windows-ix86+x86_64 1.0.1 20.00 137.00 157.00 OK

Check Details

Version: 1.0.1
Check: R code for possible problems
Result: NOTE
    identify.primerTree_plot: no visible binding for global variable ‘plot’
    labeled_quantile: no visible global function definition for ‘quantile’
    layout_tree_ape: no visible global function definition for ‘dev.cur’
    layout_tree_ape: no visible global function definition for ‘pdf’
    layout_tree_ape: no visible global function definition for ‘dev.off’
    layout_tree_ape: no visible global function definition for ‘dev.set’
    plot_tree: no visible global function definition for ‘na.omit’
    plot_tree_ranks: no visible global function definition for ‘na.omit’
    print_options: no visible global function definition for
     ‘capture.output’
    tree_from_alignment: no visible global function definition for ‘dist’
    Undefined global functions or variables:
     capture.output dev.cur dev.off dev.set dist na.omit pdf plot quantile
Flavors: r-devel-linux-x86_64-debian-clang, r-devel-linux-x86_64-debian-gcc, r-devel-linux-x86_64-fedora-clang, r-devel-linux-x86_64-fedora-gcc, r-devel-windows-ix86+x86_64