CRAN Package Check Results for Package primerTree

Last updated on 2017-03-29 18:47:26.

Flavor Version Tinstall Tcheck Ttotal Status Flags
r-devel-linux-x86_64-debian-clang 1.0.3 2.60 35.26 37.85 NOTE
r-devel-linux-x86_64-debian-gcc 1.0.3 2.84 34.80 37.64 NOTE
r-devel-linux-x86_64-fedora-clang 1.0.3 70.91 NOTE --no-stop-on-test-error
r-devel-linux-x86_64-fedora-gcc 1.0.3 68.74 NOTE --no-stop-on-test-error
r-devel-macos-x86_64-clang 1.0.3 55.47 NOTE --no-stop-on-test-error
r-devel-windows-ix86+x86_64 1.0.3 10.00 126.00 136.00 OK
r-patched-linux-x86_64 1.0.3 2.88 35.53 38.42 NOTE
r-patched-solaris-sparc 1.0.3 416.90 OK
r-patched-solaris-x86 1.0.3 96.20 OK
r-release-linux-x86_64 1.0.3 2.74 30.78 33.52 OK
r-release-osx-x86_64-mavericks 1.0.3 OK
r-release-windows-ix86+x86_64 1.0.3 13.00 111.00 124.00 OK
r-oldrel-windows-ix86+x86_64 1.0.3 15.00 195.00 210.00 OK

Check Details

Version: 1.0.3
Check: compiled code
Result: NOTE
    File ‘primerTree/libs/primerTree.so’:
     Found no calls to: ‘R_registerRoutines’, ‘R_useDynamicSymbols’
    
    It is good practice to register native routines and to disable symbol
    search.
    
    See ‘Writing portable packages’ in the ‘Writing R Extensions’ manual.
Flavors: r-devel-linux-x86_64-debian-clang, r-devel-linux-x86_64-debian-gcc, r-patched-linux-x86_64

Version: 1.0.3
Flags: --no-stop-on-test-error
Check: compiled code
Result: NOTE
    File ‘primerTree/libs/primerTree.so’:
     Found no calls to: ‘R_registerRoutines’, ‘R_useDynamicSymbols’
    
    It is good practice to register native routines and to disable symbol
    search.
    
    See ‘Writing portable packages’ in the ‘Writing R Extensions’ manual.
Flavors: r-devel-linux-x86_64-fedora-clang, r-devel-linux-x86_64-fedora-gcc, r-devel-macos-x86_64-clang