CRAN Package Check Results for Package primerTree

Last updated on 2017-07-20 23:51:36.

Flavor Version Tinstall Tcheck Ttotal Status Flags
r-devel-linux-x86_64-debian-clang 1.0.3 2.82 41.79 44.62 NOTE
r-devel-linux-x86_64-debian-gcc 1.0.3 2.98 42.81 45.79 NOTE
r-devel-linux-x86_64-fedora-clang 1.0.3 72.86 NOTE
r-devel-linux-x86_64-fedora-gcc 1.0.3 69.43 NOTE
r-devel-windows-ix86+x86_64 1.0.3 17.00 97.00 114.00 OK
r-patched-linux-x86_64 1.0.3 2.90 41.79 44.69 NOTE
r-patched-solaris-x86 1.0.3 94.00 OK
r-release-linux-x86_64 1.0.3 3.15 41.69 44.84 NOTE
r-release-windows-ix86+x86_64 1.0.3 12.00 126.00 138.00 OK
r-release-osx-x86_64 1.0.3 OK
r-oldrel-windows-ix86+x86_64 1.0.3 9.00 87.00 96.00 OK
r-oldrel-osx-x86_64 1.0.3 OK

Check Details

Version: 1.0.3
Check: compiled code
Result: NOTE
    File ‘primerTree/libs/primerTree.so’:
     Found no calls to: ‘R_registerRoutines’, ‘R_useDynamicSymbols’
    
    It is good practice to register native routines and to disable symbol
    search.
    
    See ‘Writing portable packages’ in the ‘Writing R Extensions’ manual.
Flavors: r-devel-linux-x86_64-debian-clang, r-devel-linux-x86_64-debian-gcc, r-devel-linux-x86_64-fedora-clang, r-devel-linux-x86_64-fedora-gcc, r-patched-linux-x86_64, r-release-linux-x86_64