CRAN Package Check Results for Package primerTree

Last updated on 2015-05-27 11:49:30.

Flavor Version Tinstall Tcheck Ttotal Status Flags
r-devel-linux-x86_64-debian-clang 1.0.1 2.54 36.91 39.45 OK
r-devel-linux-x86_64-debian-gcc 1.0.1 2.92 37.43 40.35 OK
r-devel-linux-x86_64-fedora-clang 1.0.1 81.34 OK
r-devel-linux-x86_64-fedora-gcc 1.0.1 75.74 OK
r-devel-osx-x86_64-clang 1.0.1 69.70 OK
r-devel-windows-ix86+x86_64 1.0.1 11.00 84.00 95.00 OK
r-patched-linux-x86_64 1.0.1 2.53 35.77 38.30 OK
r-patched-solaris-sparc 1.0.1 490.60 OK
r-patched-solaris-x86 1.0.1 106.00 OK
r-release-linux-x86_64 1.0.1 2.50 36.24 38.74 OK
r-release-osx-x86_64-mavericks 1.0.1 OK
r-release-osx-x86_64-snowleopard 1.0.1 ERROR
r-release-windows-ix86+x86_64 1.0.1 9.00 87.00 96.00 OK
r-oldrel-windows-ix86+x86_64 1.0.1 19.00 129.00 148.00 OK

Check Details

Version: 1.0.1
Check: package dependencies
Result: ERROR
    Packages required but not available:
     ‘directlabels’ ‘gridExtra’ ‘ggplot2’ ‘XML’ ‘scales’
    
    See section ‘The DESCRIPTION file’ in the ‘Writing R Extensions’
    manual.
Flavor: r-release-osx-x86_64-snowleopard