CRAN Package Check Results for Package primerTree

Last updated on 2017-09-25 16:47:25.

Flavor Version Tinstall Tcheck Ttotal Status Flags
r-devel-linux-x86_64-debian-clang 1.0.3 2.90 35.28 38.18 NOTE
r-devel-linux-x86_64-debian-gcc 1.0.3 2.74 34.78 37.52 NOTE
r-devel-linux-x86_64-fedora-clang 1.0.3 69.83 NOTE
r-devel-linux-x86_64-fedora-gcc 1.0.3 70.71 NOTE
r-devel-windows-ix86+x86_64 1.0.3 11.00 90.00 101.00 OK
r-patched-linux-x86_64 1.0.3 2.78 35.95 38.73 NOTE
r-patched-solaris-x86 1.0.3 94.70 OK
r-release-linux-x86_64 1.0.3 2.96 35.49 38.45 NOTE
r-release-windows-ix86+x86_64 1.0.3 11.00 86.00 97.00 OK
r-release-osx-x86_64 1.0.3 OK
r-oldrel-windows-ix86+x86_64 1.0.3 9.00 85.00 94.00 OK
r-oldrel-osx-x86_64 1.0.3 OK

Check Details

Version: 1.0.3
Check: compiled code
Result: NOTE
    File ‘primerTree/libs/primerTree.so’:
     Found no calls to: ‘R_registerRoutines’, ‘R_useDynamicSymbols’
    
    It is good practice to register native routines and to disable symbol
    search.
    
    See ‘Writing portable packages’ in the ‘Writing R Extensions’ manual.
Flavors: r-devel-linux-x86_64-debian-clang, r-devel-linux-x86_64-debian-gcc, r-devel-linux-x86_64-fedora-clang, r-devel-linux-x86_64-fedora-gcc, r-patched-linux-x86_64, r-release-linux-x86_64