CRAN Package Check Results for Package primerTree

Last updated on 2017-05-30 14:47:22.

Flavor Version Tinstall Tcheck Ttotal Status Flags
r-devel-linux-x86_64-debian-clang 1.0.3 2.87 35.84 38.71 NOTE
r-devel-linux-x86_64-debian-gcc 1.0.3 2.84 34.53 37.37 NOTE
r-devel-linux-x86_64-fedora-clang 1.0.3 70.69 NOTE
r-devel-linux-x86_64-fedora-gcc 1.0.3 67.71 NOTE
r-devel-windows-ix86+x86_64 1.0.3 10.00 125.00 135.00 OK
r-patched-linux-x86_64 1.0.3 2.94 35.18 38.12 NOTE
r-patched-solaris-sparc 1.0.3 416.90 OK
r-patched-solaris-x86 1.0.3 93.90 OK
r-release-linux-x86_64 1.0.3 2.78 35.17 37.96 NOTE
r-release-windows-ix86+x86_64 1.0.3 15.00 122.00 137.00 OK
r-release-osx-x86_64 1.0.3 OK
r-oldrel-windows-ix86+x86_64 1.0.3 10.00 78.00 88.00 OK
r-oldrel-osx-x86_64 1.0.3 OK

Check Details

Version: 1.0.3
Check: compiled code
Result: NOTE
    File ‘primerTree/libs/primerTree.so’:
     Found no calls to: ‘R_registerRoutines’, ‘R_useDynamicSymbols’
    
    It is good practice to register native routines and to disable symbol
    search.
    
    See ‘Writing portable packages’ in the ‘Writing R Extensions’ manual.
Flavors: r-devel-linux-x86_64-debian-clang, r-devel-linux-x86_64-debian-gcc, r-devel-linux-x86_64-fedora-clang, r-devel-linux-x86_64-fedora-gcc, r-patched-linux-x86_64, r-release-linux-x86_64