CRAN Package Check Results for Package primerTree

Last updated on 2015-08-28 08:47:08.

Flavor Version Tinstall Tcheck Ttotal Status Flags
r-devel-linux-x86_64-debian-clang 1.0.1 2.39 31.68 34.06 NOTE
r-devel-linux-x86_64-debian-gcc 1.0.1 2.48 30.51 32.99 NOTE
r-devel-linux-x86_64-fedora-clang 1.0.1 68.93 NOTE
r-devel-linux-x86_64-fedora-gcc 1.0.1 67.18 NOTE
r-devel-osx-x86_64-clang 1.0.1 57.54 OK
r-devel-windows-ix86+x86_64 1.0.1 18.00 78.00 96.00 NOTE
r-patched-linux-x86_64 1.0.1 2.90 32.36 35.26 OK
r-patched-solaris-sparc 1.0.1 450.90 OK
r-patched-solaris-x86 1.0.1 100.20 OK
r-release-linux-x86_64 1.0.1 2.57 32.59 35.16 OK
r-release-osx-x86_64-mavericks 1.0.1 OK
r-release-windows-ix86+x86_64 1.0.1 17.00 80.00 97.00 OK
r-oldrel-windows-ix86+x86_64 1.0.1 26.00 124.00 150.00 OK

Check Details

Version: 1.0.1
Check: R code for possible problems
Result: NOTE
    identify.primerTree_plot: no visible binding for global variable ‘plot’
    labeled_quantile: no visible global function definition for ‘quantile’
    layout_tree_ape: no visible global function definition for ‘dev.cur’
    layout_tree_ape: no visible global function definition for ‘pdf’
    layout_tree_ape: no visible global function definition for ‘dev.off’
    layout_tree_ape: no visible global function definition for ‘dev.set’
    plot_tree: no visible global function definition for ‘na.omit’
    plot_tree_ranks: no visible global function definition for ‘na.omit’
    print_options: no visible global function definition for
     ‘capture.output’
    tree_from_alignment: no visible global function definition for ‘dist’
    Undefined global functions or variables:
     capture.output dev.cur dev.off dev.set dist na.omit pdf plot quantile
    Consider adding
     importFrom("grDevices", "dev.cur", "dev.off", "dev.set", "pdf")
     importFrom("graphics", "plot")
     importFrom("stats", "dist", "na.omit", "quantile")
     importFrom("utils", "capture.output")
    to your NAMESPACE.
Flavors: r-devel-linux-x86_64-debian-clang, r-devel-linux-x86_64-debian-gcc, r-devel-linux-x86_64-fedora-clang, r-devel-linux-x86_64-fedora-gcc, r-devel-windows-ix86+x86_64