CRAN Package Check Results for Package primerTree

Last updated on 2014-04-23 17:47:51.

Flavor Version Tinstall Tcheck Ttotal Status Flags
r-devel-linux-x86_64-debian-clang 1.0.0 4.24 55.47 59.70 OK
r-devel-linux-x86_64-debian-gcc 1.0.0 4.33 55.06 59.40 OK
r-devel-linux-x86_64-fedora-clang 1.0.0 124.64 OK
r-devel-linux-x86_64-fedora-gcc 1.0.0 115.07 OK
r-devel-osx-x86_64-clang 1.0.0 117.12 OK
r-devel-osx-x86_64-gcc 1.0.0 ERROR
r-devel-windows-ix86+x86_64 1.0.0 15.00 139.00 154.00 OK
r-patched-linux-x86_64 1.0.0 4.43 56.24 60.67 OK
r-patched-solaris-sparc 1.0.0 655.10 OK
r-patched-solaris-x86 1.0.0 151.40 OK
r-release-linux-ix86 1.0.0 7.00 93.00 100.00 OK
r-release-linux-x86_64 1.0.0 4.37 56.19 60.56 OK
r-release-osx-x86_64-mavericks 1.0.0 OK
r-release-osx-x86_64-snowleopard 1.0.0 OK
r-release-windows-ix86+x86_64 1.0.0 17.00 122.00 139.00 OK
r-oldrel-windows-ix86+x86_64 1.0.0 17.00 123.00 140.00 OK

Check Details

Version: 1.0.0
Check: package dependencies
Result: ERROR
    Packages required but not available:
     ‘directlabels’ ‘gridExtra’ ‘ggplot2’ ‘XML’ ‘scales’
    
    See the information on DESCRIPTION files in the chapter ‘Creating R
    packages’ of the ‘Writing R Extensions’ manual.
Flavor: r-devel-osx-x86_64-gcc