CRAN Package Check Results for Package primerTree

Last updated on 2017-02-24 10:47:52.

Flavor Version Tinstall Tcheck Ttotal Status Flags
r-devel-linux-x86_64-debian-clang 1.0.3 2.86 35.96 38.82 NOTE
r-devel-linux-x86_64-debian-gcc 1.0.3 2.76 35.26 38.02 NOTE
r-devel-linux-x86_64-fedora-clang 1.0.3 74.95 NOTE --no-stop-on-test-error
r-devel-linux-x86_64-fedora-gcc 1.0.3 67.19 NOTE --no-stop-on-test-error
r-devel-macos-x86_64-clang 1.0.3 56.11 NOTE --no-stop-on-test-error
r-devel-windows-ix86+x86_64 1.0.3 17.00 91.00 108.00 OK
r-patched-linux-x86_64 1.0.3 2.77 31.25 34.02 OK
r-patched-solaris-sparc 1.0.3 395.90 OK
r-patched-solaris-x86 1.0.3 86.70 OK
r-release-linux-x86_64 1.0.3 2.96 30.93 33.89 OK
r-release-osx-x86_64-mavericks 1.0.3 OK
r-release-windows-ix86+x86_64 1.0.3 27.00 193.00 220.00 OK
r-oldrel-windows-ix86+x86_64 1.0.3 15.00 132.00 147.00 OK

Check Details

Version: 1.0.3
Check: compiled code
Result: NOTE
    File ‘primerTree/libs/primerTree.so’:
     Found no calls to: ‘R_registerRoutines’, ‘R_useDynamicSymbols’
    
    It is good practice to register native routines and to disable symbol
    search.
    
    See ‘Writing portable packages’ in the ‘Writing R Extensions’ manual.
Flavors: r-devel-linux-x86_64-debian-clang, r-devel-linux-x86_64-debian-gcc

Version: 1.0.3
Flags: --no-stop-on-test-error
Check: compiled code
Result: NOTE
    File ‘primerTree/libs/primerTree.so’:
     Found no calls to: ‘R_registerRoutines’, ‘R_useDynamicSymbols’
    
    It is good practice to register native routines and to disable symbol
    search.
    
    See ‘Writing portable packages’ in the ‘Writing R Extensions’ manual.
Flavors: r-devel-linux-x86_64-fedora-clang, r-devel-linux-x86_64-fedora-gcc, r-devel-macos-x86_64-clang