CRAN Package Check Results for Package princurve

Last updated on 2014-10-25 19:47:44.

Flavor Version Tinstall Tcheck Ttotal Status Flags
r-devel-linux-x86_64-debian-clang 1.1-12 1.00 9.86 10.86 NOTE
r-devel-linux-x86_64-debian-gcc 1.1-12 0.98 9.70 10.68 NOTE
r-devel-linux-x86_64-fedora-clang 1.1-12 20.92 NOTE
r-devel-linux-x86_64-fedora-gcc 1.1-12 19.84 NOTE
r-devel-osx-x86_64-clang 1.1-12 23.78 NOTE
r-devel-windows-ix86+x86_64 1.1-12 5.00 19.00 24.00 NOTE
r-patched-linux-x86_64 1.1-12 0.97 9.63 10.60 NOTE
r-patched-solaris-sparc 1.1-12 114.90 NOTE
r-patched-solaris-x86 1.1-12 31.40 NOTE
r-release-linux-ix86 1.1-12 1.46 15.97 17.43 NOTE
r-release-linux-x86_64 1.1-12 0.89 9.40 10.29 NOTE
r-release-osx-x86_64-mavericks 1.1-12 NOTE
r-release-windows-ix86+x86_64 1.1-12 6.00 20.00 26.00 NOTE
r-oldrel-windows-ix86+x86_64 1.1-12 5.00 31.00 36.00 NOTE

Check Details

Version: 1.1-12
Check: dependencies in R code
Result: NOTE
    Namespaces in Imports field not imported from:
     ‘graphics’ ‘stats’
     All declared Imports should be used.
    See the information on DESCRIPTION files in the chapter ‘Creating R
    packages’ of the ‘Writing R Extensions’ manual.
Flavors: r-devel-linux-x86_64-debian-clang, r-devel-linux-x86_64-debian-gcc, r-devel-linux-x86_64-fedora-clang, r-devel-linux-x86_64-fedora-gcc, r-devel-osx-x86_64-clang, r-devel-windows-ix86+x86_64, r-patched-linux-x86_64, r-patched-solaris-sparc, r-patched-solaris-x86, r-release-linux-ix86, r-release-linux-x86_64, r-release-osx-x86_64-mavericks, r-release-windows-ix86+x86_64, r-oldrel-windows-ix86+x86_64