CRAN Package Check Results for Package princurve

Last updated on 2017-10-17 01:48:09.

Flavor Version Tinstall Tcheck Ttotal Status Flags
r-devel-linux-x86_64-debian-clang 1.1-12 0.98 11.68 12.66 NOTE
r-devel-linux-x86_64-debian-gcc 1.1-12 1.30 13.02 14.32 NOTE
r-devel-linux-x86_64-fedora-clang 1.1-12 20.65 NOTE
r-devel-linux-x86_64-fedora-gcc 1.1-12 21.57 NOTE
r-devel-windows-ix86+x86_64 1.1-12 11.00 47.00 58.00 NOTE
r-patched-linux-x86_64 1.1-12 0.91 11.30 12.21 NOTE
r-patched-solaris-x86 1.1-12 29.30 NOTE
r-release-linux-x86_64 1.1-12 0.96 11.34 12.29 NOTE
r-release-windows-ix86+x86_64 1.1-12 6.00 31.00 37.00 NOTE
r-release-osx-x86_64 1.1-12 NOTE
r-oldrel-windows-ix86+x86_64 1.1-12 5.00 28.00 33.00 NOTE
r-oldrel-osx-x86_64 1.1-12 NOTE

Check Details

Version: 1.1-12
Check: DESCRIPTION meta-information
Result: NOTE
    Malformed Description field: should contain one or more complete sentences.
Flavors: r-devel-linux-x86_64-debian-clang, r-devel-linux-x86_64-debian-gcc, r-devel-linux-x86_64-fedora-clang, r-devel-linux-x86_64-fedora-gcc, r-devel-windows-ix86+x86_64, r-patched-linux-x86_64, r-patched-solaris-x86, r-release-linux-x86_64, r-release-windows-ix86+x86_64, r-release-osx-x86_64, r-oldrel-windows-ix86+x86_64, r-oldrel-osx-x86_64

Version: 1.1-12
Check: R code for possible problems
Result: NOTE
    bias.correct.curve: no visible global function definition for ‘approx’
    lines.principal.curve: no visible global function definition for
     ‘lines’
    periodic.lowess: no visible global function definition for ‘lowess’
    periodic.lowess: no visible global function definition for ‘approx’
    plot.principal.curve: no visible global function definition for ‘plot’
    points.principal.curve: no visible global function definition for
     ‘points’
    principal.curve : <anonymous>: no visible global function definition
     for ‘lowess’
    principal.curve : <anonymous>: no visible global function definition
     for ‘smooth.spline’
    principal.curve : <anonymous>: no visible global function definition
     for ‘predict’
    principal.curve: no visible global function definition for ‘var’
    principal.curve: no visible global function definition for ‘plot’
    principal.curve: no visible global function definition for ‘lines’
    Undefined global functions or variables:
     approx lines lowess plot points predict smooth.spline var
    Consider adding
     importFrom("graphics", "lines", "plot", "points")
     importFrom("stats", "approx", "lowess", "predict", "smooth.spline",
     "var")
    to your NAMESPACE file.
Flavors: r-devel-linux-x86_64-debian-clang, r-devel-linux-x86_64-debian-gcc, r-devel-linux-x86_64-fedora-clang, r-devel-linux-x86_64-fedora-gcc, r-devel-windows-ix86+x86_64, r-patched-linux-x86_64, r-patched-solaris-x86, r-release-linux-x86_64, r-release-windows-ix86+x86_64, r-release-osx-x86_64, r-oldrel-windows-ix86+x86_64, r-oldrel-osx-x86_64

Version: 1.1-12
Check: compiled code
Result: NOTE
    File ‘princurve/libs/princurve.so’:
     Found no calls to: ‘R_registerRoutines’, ‘R_useDynamicSymbols’
    
    It is good practice to register native routines and to disable symbol
    search.
    
    See ‘Writing portable packages’ in the ‘Writing R Extensions’ manual.
Flavors: r-devel-linux-x86_64-debian-clang, r-devel-linux-x86_64-debian-gcc, r-devel-linux-x86_64-fedora-clang, r-devel-linux-x86_64-fedora-gcc, r-patched-linux-x86_64, r-release-linux-x86_64

Version: 1.1-12
Check: dependencies in R code
Result: NOTE
    Namespaces in Imports field not imported from:
     ‘graphics’ ‘stats’
     All declared Imports should be used.
Flavors: r-devel-linux-x86_64-fedora-clang, r-devel-linux-x86_64-fedora-gcc, r-patched-solaris-x86, r-release-osx-x86_64, r-oldrel-osx-x86_64