CRAN Package Check Results for Package princurve

Last updated on 2015-09-03 14:48:29.

Flavor Version Tinstall Tcheck Ttotal Status Flags
r-devel-linux-x86_64-debian-clang 1.1-12 0.92 8.56 9.48 NOTE
r-devel-linux-x86_64-debian-gcc 1.1-12 0.85 8.42 9.28 NOTE
r-devel-linux-x86_64-fedora-clang 1.1-12 17.45 NOTE
r-devel-linux-x86_64-fedora-gcc 1.1-12 17.01 NOTE
r-devel-osx-x86_64-clang 1.1-12 17.88 NOTE
r-devel-windows-ix86+x86_64 1.1-12 5.00 24.00 29.00 NOTE
r-patched-linux-x86_64 1.1-12 1.02 9.57 10.58 NOTE
r-patched-solaris-sparc 1.1-12 125.10 NOTE
r-patched-solaris-x86 1.1-12 27.60 NOTE
r-release-linux-x86_64 1.1-12 0.91 8.94 9.85 NOTE
r-release-osx-x86_64-mavericks 1.1-12 NOTE
r-release-windows-ix86+x86_64 1.1-12 5.00 20.00 25.00 NOTE
r-oldrel-windows-ix86+x86_64 1.1-12 8.00 20.00 28.00 NOTE

Check Details

Version: 1.1-12
Check: DESCRIPTION meta-information
Result: NOTE
    Malformed Description field: should contain one or more complete sentences.
Flavors: r-devel-linux-x86_64-debian-clang, r-devel-linux-x86_64-debian-gcc, r-devel-linux-x86_64-fedora-clang, r-devel-linux-x86_64-fedora-gcc, r-devel-osx-x86_64-clang, r-devel-windows-ix86+x86_64, r-patched-linux-x86_64, r-patched-solaris-sparc, r-patched-solaris-x86, r-release-linux-x86_64, r-release-osx-x86_64-mavericks, r-release-windows-ix86+x86_64

Version: 1.1-12
Check: R code for possible problems
Result: NOTE
    bias.correct.curve: no visible global function definition for ‘approx’
    lines.principal.curve: no visible global function definition for
     ‘lines’
    periodic.lowess: no visible global function definition for ‘lowess’
    periodic.lowess: no visible global function definition for ‘approx’
    plot.principal.curve: no visible global function definition for ‘plot’
    points.principal.curve: no visible global function definition for
     ‘points’
    principal.curve : <anonymous>: no visible global function definition
     for ‘lowess’
    principal.curve : <anonymous>: no visible global function definition
     for ‘smooth.spline’
    principal.curve : <anonymous>: no visible global function definition
     for ‘predict’
    principal.curve: no visible global function definition for ‘var’
    principal.curve: no visible global function definition for ‘plot’
    principal.curve: no visible global function definition for ‘lines’
    Undefined global functions or variables:
     approx lines lowess plot points predict smooth.spline var
    Consider adding
     importFrom("graphics", "lines", "plot", "points")
     importFrom("stats", "approx", "lowess", "predict", "smooth.spline",
     "var")
    to your NAMESPACE.
Flavors: r-devel-linux-x86_64-debian-clang, r-devel-linux-x86_64-debian-gcc, r-devel-linux-x86_64-fedora-clang, r-devel-linux-x86_64-fedora-gcc, r-devel-windows-ix86+x86_64

Version: 1.1-12
Check: dependencies in R code
Result: NOTE
    Namespaces in Imports field not imported from:
     ‘graphics’ ‘stats’
     All declared Imports should be used.
Flavors: r-devel-linux-x86_64-fedora-clang, r-devel-linux-x86_64-fedora-gcc, r-devel-osx-x86_64-clang, r-patched-linux-x86_64, r-patched-solaris-sparc, r-patched-solaris-x86, r-release-linux-x86_64, r-release-osx-x86_64-mavericks, r-release-windows-ix86+x86_64, r-oldrel-windows-ix86+x86_64