CRAN Package Check Results for Package princurve

Last updated on 2015-04-19 11:51:16.

Flavor Version Tinstall Tcheck Ttotal Status Flags
r-devel-linux-x86_64-debian-clang 1.1-12 1.14 9.96 11.09 NOTE
r-devel-linux-x86_64-debian-gcc 1.1-12 0.96 9.17 10.13 NOTE
r-devel-linux-x86_64-fedora-clang 1.1-12 18.78 NOTE
r-devel-linux-x86_64-fedora-gcc 1.1-12 17.79 NOTE
r-devel-osx-x86_64-clang 1.1-12 22.34 NOTE
r-devel-windows-ix86+x86_64 1.1-12 6.00 21.00 27.00 NOTE
r-patched-linux-x86_64 1.1-12 0.93 9.18 10.12 NOTE
r-patched-solaris-sparc 1.1-12 128.20 NOTE
r-patched-solaris-x86 1.1-12 27.40 NOTE
r-release-linux-x86_64 1.1-12 0.93 9.40 10.34 NOTE
r-release-osx-x86_64-mavericks 1.1-12 NOTE
r-release-osx-x86_64-snowleopard 1.1-12 NOTE
r-release-windows-ix86+x86_64 1.1-12 4.00 20.00 24.00 NOTE
r-oldrel-windows-ix86+x86_64 1.1-12 8.00 20.00 28.00 NOTE

Check Details

Version: 1.1-12
Check: DESCRIPTION meta-information
Result: NOTE
    Malformed Description field: should contain one or more complete sentences.
Flavors: r-devel-linux-x86_64-debian-clang, r-devel-linux-x86_64-debian-gcc, r-devel-linux-x86_64-fedora-clang, r-devel-linux-x86_64-fedora-gcc, r-devel-osx-x86_64-clang, r-devel-windows-ix86+x86_64, r-patched-linux-x86_64, r-patched-solaris-sparc, r-patched-solaris-x86, r-release-linux-x86_64, r-release-osx-x86_64-mavericks, r-release-osx-x86_64-snowleopard, r-release-windows-ix86+x86_64

Version: 1.1-12
Check: dependencies in R code
Result: NOTE
    Namespaces in Imports field not imported from:
     ‘graphics’ ‘stats’
     All declared Imports should be used.
Flavors: r-devel-linux-x86_64-debian-clang, r-devel-linux-x86_64-debian-gcc, r-devel-linux-x86_64-fedora-clang, r-devel-linux-x86_64-fedora-gcc, r-devel-osx-x86_64-clang, r-devel-windows-ix86+x86_64, r-patched-linux-x86_64, r-patched-solaris-sparc, r-patched-solaris-x86, r-release-linux-x86_64, r-release-osx-x86_64-mavericks, r-release-osx-x86_64-snowleopard, r-release-windows-ix86+x86_64, r-oldrel-windows-ix86+x86_64