CRAN Package Check Results for Package princurve

Last updated on 2015-01-30 03:49:10.

Flavor Version Tinstall Tcheck Ttotal Status Flags
r-devel-linux-x86_64-debian-clang 1.1-12 1.05 8.93 9.98 NOTE
r-devel-linux-x86_64-debian-gcc 1.1-12 0.91 8.87 9.78 NOTE
r-devel-linux-x86_64-fedora-clang 1.1-12 21.95 NOTE
r-devel-linux-x86_64-fedora-gcc 1.1-12 21.13 NOTE
r-devel-osx-x86_64-clang 1.1-12 24.36 NOTE
r-devel-windows-ix86+x86_64 1.1-12 5.00 20.00 25.00 NOTE
r-patched-linux-x86_64 1.1-12 0.96 9.48 10.44 NOTE
r-patched-solaris-sparc 1.1-12 125.40 NOTE
r-patched-solaris-x86 1.1-12 32.10 NOTE
r-release-linux-ix86 1.1-12 1.39 14.93 16.32 NOTE
r-release-linux-x86_64 1.1-12 1.02 9.62 10.64 NOTE
r-release-osx-x86_64-mavericks 1.1-12 NOTE
r-release-windows-ix86+x86_64 1.1-12 6.00 19.00 25.00 NOTE
r-oldrel-windows-ix86+x86_64 1.1-12 5.00 31.00 36.00 NOTE

Check Details

Version: 1.1-12
Check: dependencies in R code
Result: NOTE
    Namespaces in Imports field not imported from:
     ‘graphics’ ‘stats’
     All declared Imports should be used.
Flavors: r-devel-linux-x86_64-debian-clang, r-devel-linux-x86_64-debian-gcc, r-devel-linux-x86_64-fedora-clang, r-devel-linux-x86_64-fedora-gcc, r-devel-osx-x86_64-clang, r-devel-windows-ix86+x86_64

Version: 1.1-12
Check: dependencies in R code
Result: NOTE
    Namespaces in Imports field not imported from:
     ‘graphics’ ‘stats’
     All declared Imports should be used.
    See the information on DESCRIPTION files in the chapter ‘Creating R
    packages’ of the ‘Writing R Extensions’ manual.
Flavors: r-patched-linux-x86_64, r-patched-solaris-sparc, r-patched-solaris-x86, r-release-linux-ix86, r-release-linux-x86_64, r-release-osx-x86_64-mavericks, r-release-windows-ix86+x86_64, r-oldrel-windows-ix86+x86_64