CRAN Package Check Results for Package princurve

Last updated on 2014-04-17 05:47:15.

Flavor Version Tinstall Tcheck Ttotal Status Flags
r-devel-linux-x86_64-debian-clang 1.1-12 0.90 9.29 10.19 NOTE
r-devel-linux-x86_64-debian-gcc 1.1-12 0.89 9.34 10.23 NOTE
r-devel-linux-x86_64-fedora-clang 1.1-12 19.86 NOTE
r-devel-linux-x86_64-fedora-gcc 1.1-12 18.88 NOTE
r-devel-macosx-x86_64-clang 1.1-12 23.80 NOTE
r-devel-macosx-x86_64-gcc 1.1-12 NOTE
r-devel-windows-ix86+x86_64 1.1-12 4.00 17.00 21.00 NOTE
r-patched-linux-x86_64 1.1-12 0.89 9.72 10.61 NOTE
r-patched-solaris-sparc 1.1-12 114.80 NOTE
r-patched-solaris-x86 1.1-12 30.60 NOTE
r-release-linux-ix86 1.1-12 3.00 22.00 25.00 NOTE
r-release-linux-x86_64 1.1-12 0.89 9.43 10.32 NOTE
r-release-windows-ix86+x86_64 1.1-12 9.00 23.00 32.00 NOTE
r-oldrel-windows-ix86+x86_64 1.1-12 5.00 31.00 36.00 NOTE

Check Details

Version: 1.1-12
Check: dependencies in R code
Result: NOTE
    Namespaces in Imports field not imported from:
     ‘graphics’ ‘stats’
     All declared Imports should be used.
    See the information on DESCRIPTION files in the chapter ‘Creating R
    packages’ of the ‘Writing R Extensions’ manual.
Flavors: r-devel-linux-x86_64-debian-clang, r-devel-linux-x86_64-debian-gcc, r-devel-linux-x86_64-fedora-clang, r-devel-linux-x86_64-fedora-gcc, r-devel-macosx-x86_64-clang, r-devel-macosx-x86_64-gcc, r-devel-windows-ix86+x86_64, r-patched-linux-x86_64, r-patched-solaris-sparc, r-patched-solaris-x86, r-release-linux-ix86, r-release-linux-x86_64, r-release-windows-ix86+x86_64, r-oldrel-windows-ix86+x86_64