CRAN Package Check Results for Package princurve

Last updated on 2014-09-02 15:49:04.

Flavor Version Tinstall Tcheck Ttotal Status Flags
r-devel-linux-x86_64-debian-clang 1.1-12 0.83 9.30 10.12 NOTE
r-devel-linux-x86_64-debian-gcc 1.1-12 0.84 8.65 9.49 NOTE
r-devel-linux-x86_64-fedora-clang 1.1-12 19.93 NOTE
r-devel-linux-x86_64-fedora-gcc 1.1-12 18.66 NOTE
r-devel-osx-x86_64-clang 1.1-12 22.06 NOTE
r-devel-windows-ix86+x86_64 1.1-12 5.00 20.00 25.00 NOTE
r-patched-linux-x86_64 1.1-12 0.88 9.16 10.04 NOTE
r-patched-solaris-sparc 1.1-12 114.90 NOTE
r-patched-solaris-x86 1.1-12 29.40 NOTE
r-release-linux-ix86 1.1-12 1.43 14.85 16.28 NOTE
r-release-linux-x86_64 1.1-12 0.87 9.79 10.66 NOTE
r-release-osx-x86_64-mavericks 1.1-12 NOTE
r-release-windows-ix86+x86_64 1.1-12 6.00 20.00 26.00 NOTE
r-oldrel-windows-ix86+x86_64 1.1-12 5.00 31.00 36.00 NOTE

Check Details

Version: 1.1-12
Check: dependencies in R code
Result: NOTE
    Namespaces in Imports field not imported from:
     ‘graphics’ ‘stats’
     All declared Imports should be used.
    See the information on DESCRIPTION files in the chapter ‘Creating R
    packages’ of the ‘Writing R Extensions’ manual.
Flavors: r-devel-linux-x86_64-debian-clang, r-devel-linux-x86_64-debian-gcc, r-devel-linux-x86_64-fedora-clang, r-devel-linux-x86_64-fedora-gcc, r-devel-osx-x86_64-clang, r-devel-windows-ix86+x86_64, r-patched-linux-x86_64, r-patched-solaris-sparc, r-patched-solaris-x86, r-release-linux-ix86, r-release-linux-x86_64, r-release-osx-x86_64-mavericks, r-release-windows-ix86+x86_64, r-oldrel-windows-ix86+x86_64