CRAN Package Check Results for Package princurve

Last updated on 2015-03-29 05:49:27.

Flavor Version Tinstall Tcheck Ttotal Status Flags
r-devel-linux-x86_64-debian-clang 1.1-12 0.96 8.96 9.92 NOTE
r-devel-linux-x86_64-debian-gcc 1.1-12 0.88 8.84 9.72 NOTE
r-devel-linux-x86_64-fedora-clang 1.1-12 19.03 NOTE
r-devel-linux-x86_64-fedora-gcc 1.1-12 19.06 NOTE
r-devel-osx-x86_64-clang 1.1-12 25.70 NOTE
r-prerel-windows-ix86+x86_64 1.1-12 8.00 20.00 28.00 NOTE
r-prerel-linux-x86_64 1.1-12 0.94 8.91 9.85 NOTE
r-prerel-solaris-sparc 1.1-12 128.20 NOTE
r-prerel-solaris-x86 1.1-12 27.90 NOTE
r-release-linux-x86_64 1.1-12 0.99 9.45 10.44 NOTE
r-release-osx-x86_64-mavericks 1.1-12 NOTE
r-release-windows-ix86+x86_64 1.1-12 8.00 20.00 28.00 NOTE
r-oldrel-windows-ix86+x86_64 1.1-12 5.00 31.00 36.00 NOTE

Check Details

Version: 1.1-12
Check: DESCRIPTION meta-information
Result: NOTE
    Malformed Description field: should contain one or more complete sentences.
Flavors: r-devel-linux-x86_64-debian-clang, r-devel-linux-x86_64-debian-gcc, r-devel-linux-x86_64-fedora-clang, r-devel-linux-x86_64-fedora-gcc, r-devel-osx-x86_64-clang, r-prerel-windows-ix86+x86_64, r-prerel-linux-x86_64, r-prerel-solaris-sparc, r-prerel-solaris-x86

Version: 1.1-12
Check: dependencies in R code
Result: NOTE
    Namespaces in Imports field not imported from:
     ‘graphics’ ‘stats’
     All declared Imports should be used.
Flavors: r-devel-linux-x86_64-debian-clang, r-devel-linux-x86_64-debian-gcc, r-devel-linux-x86_64-fedora-clang, r-devel-linux-x86_64-fedora-gcc, r-devel-osx-x86_64-clang, r-prerel-windows-ix86+x86_64, r-prerel-linux-x86_64, r-prerel-solaris-sparc, r-prerel-solaris-x86, r-release-linux-x86_64, r-release-windows-ix86+x86_64

Version: 1.1-12
Check: dependencies in R code
Result: NOTE
    Namespaces in Imports field not imported from:
     ‘graphics’ ‘stats’
     All declared Imports should be used.
    See the information on DESCRIPTION files in the chapter ‘Creating R
    packages’ of the ‘Writing R Extensions’ manual.
Flavors: r-release-osx-x86_64-mavericks, r-oldrel-windows-ix86+x86_64