CRAN Package Check Results for Package princurve

Last updated on 2018-06-21 21:50:05 CEST.

Flavor Version Tinstall Tcheck Ttotal Status Flags
r-devel-linux-x86_64-debian-clang 2.0.2 1.84 18.25 20.09 OK
r-devel-linux-x86_64-debian-gcc 2.0.2 1.43 15.63 17.06 OK
r-devel-linux-x86_64-fedora-clang 2.0.2 25.44 OK
r-devel-linux-x86_64-fedora-gcc 2.0.2 23.47 OK
r-devel-windows-ix86+x86_64 2.0.2 9.00 42.00 51.00 OK
r-patched-linux-x86_64 2.0.2 1.79 18.59 20.38 OK
r-patched-solaris-x86 2.0.2 37.40 OK
r-release-linux-x86_64 2.0.2 1.56 18.56 20.12 OK
r-release-windows-ix86+x86_64 2.0.2 6.00 40.00 46.00 OK
r-release-osx-x86_64 2.0.2 OK
r-oldrel-windows-ix86+x86_64 2.0.2 9.00 36.00 45.00 OK
r-oldrel-osx-x86_64 1.1-12 NOTE

Check Details

Version: 1.1-12
Check: DESCRIPTION meta-information
Result: NOTE
    Malformed Description field: should contain one or more complete sentences.
Flavor: r-oldrel-osx-x86_64

Version: 1.1-12
Check: dependencies in R code
Result: NOTE
    Namespaces in Imports field not imported from:
     ‘graphics’ ‘stats’
     All declared Imports should be used.
Flavor: r-oldrel-osx-x86_64

Version: 1.1-12
Check: R code for possible problems
Result: NOTE
    bias.correct.curve: no visible global function definition for ‘approx’
    lines.principal.curve: no visible global function definition for
     ‘lines’
    periodic.lowess: no visible global function definition for ‘lowess’
    periodic.lowess: no visible global function definition for ‘approx’
    plot.principal.curve: no visible global function definition for ‘plot’
    points.principal.curve: no visible global function definition for
     ‘points’
    principal.curve : <anonymous>: no visible global function definition
     for ‘lowess’
    principal.curve : <anonymous>: no visible global function definition
     for ‘smooth.spline’
    principal.curve : <anonymous>: no visible global function definition
     for ‘predict’
    principal.curve: no visible global function definition for ‘var’
    principal.curve: no visible global function definition for ‘plot’
    principal.curve: no visible global function definition for ‘lines’
    Undefined global functions or variables:
     approx lines lowess plot points predict smooth.spline var
    Consider adding
     importFrom("graphics", "lines", "plot", "points")
     importFrom("stats", "approx", "lowess", "predict", "smooth.spline",
     "var")
    to your NAMESPACE file.
Flavor: r-oldrel-osx-x86_64