CRAN Package Check Results for Package prioritylasso

Last updated on 2021-12-03 08:50:31 CET.

Flavor Version Tinstall Tcheck Ttotal Status Flags
r-devel-linux-x86_64-debian-clang 0.2.5 9.01 210.21 219.22 OK
r-devel-linux-x86_64-debian-gcc 0.2.5 7.39 154.57 161.96 OK
r-devel-linux-x86_64-fedora-clang 0.2.5 264.07 NOTE
r-devel-linux-x86_64-fedora-gcc 0.2.5 255.31 OK
r-devel-windows-x86_64-new-UL 0.2.5 16.00 254.00 270.00 OK
r-devel-windows-x86_64-new-TK 0.2.5 OK
r-devel-windows-x86_64-old 0.2.5 14.00 192.00 206.00 OK
r-patched-linux-x86_64 0.2.5 9.30 201.62 210.92 OK
r-patched-solaris-x86 0.2.5 140.70 OK
r-release-linux-x86_64 0.2.5 9.54 200.82 210.36 OK
r-release-macos-arm64 0.2.5 OK
r-release-macos-x86_64 0.2.5 OK
r-release-windows-ix86+x86_64 0.2.5 20.00 244.00 264.00 OK
r-oldrel-macos-x86_64 0.2.5 OK
r-oldrel-windows-ix86+x86_64 0.2.5 21.00 250.00 271.00 OK

Check Details

Version: 0.2.5
Check: Rd cross-references
Result: NOTE
    Undeclared packages ‘ipflasso’, ‘mvtnorm’ in Rd xrefs
Flavor: r-devel-linux-x86_64-fedora-clang