CRAN Package Check Results for Package prob

Last updated on 2014-04-16 15:49:33.

Flavor Version Tinstall Tcheck Ttotal Status Flags
r-devel-linux-x86_64-debian-clang 0.9-5 3.89 51.74 55.63 NOTE
r-devel-linux-x86_64-debian-gcc 0.9-5 3.87 52.13 56.00 NOTE
r-devel-linux-x86_64-fedora-clang 0.9-5 127.29 NOTE
r-devel-linux-x86_64-fedora-gcc 0.9-5 121.43 NOTE
r-devel-macosx-x86_64-clang 0.9-5 109.36 NOTE
r-devel-macosx-x86_64-gcc 0.9-5 NOTE
r-devel-windows-ix86+x86_64 0.9-5 12.00 78.00 90.00 NOTE
r-patched-linux-x86_64 0.9-5 4.07 52.31 56.38 NOTE
r-patched-solaris-sparc 0.9-5 641.50 NOTE
r-patched-solaris-x86 0.9-5 150.60 NOTE
r-release-linux-ix86 0.9-5 7.00 87.00 94.00 NOTE
r-release-linux-x86_64 0.9-5 3.92 51.89 55.81 NOTE
r-release-macosx-x86_64 0.9-5 ERROR
r-release-windows-ix86+x86_64 0.9-5 13.00 75.00 88.00 NOTE
r-oldrel-windows-ix86+x86_64 0.9-5 11.00 77.00 88.00 NOTE

Check Details

Version: 0.9-5
Check: dependencies in R code
Result: NOTE
    Packages in Depends field not imported from:
     ‘VGAM’ ‘combinat’ ‘fAsianOptions’ ‘hypergeo’
     These packages need to be imported from (in the NAMESPACE file)
     for when this namespace is loaded but not attached.
    See the information on DESCRIPTION files in the chapter ‘Creating R
    packages’ of the ‘Writing R Extensions’ manual.
Flavors: r-devel-linux-x86_64-debian-clang, r-devel-linux-x86_64-debian-gcc, r-devel-linux-x86_64-fedora-clang, r-devel-linux-x86_64-fedora-gcc, r-devel-macosx-x86_64-clang, r-devel-macosx-x86_64-gcc, r-devel-windows-ix86+x86_64, r-patched-linux-x86_64, r-patched-solaris-sparc, r-patched-solaris-x86, r-release-linux-ix86, r-release-linux-x86_64, r-release-windows-ix86+x86_64, r-oldrel-windows-ix86+x86_64

Version: 0.9-5
Check: for missing documentation entries
Result: ERROR
    Error: path[1]="/Library/Frameworks/R.framework/Resources/library": No such file or directory
    Call sequence:
    6: normalizePath(dirname(pkgpath), "/", TRUE)
    5: library(pkg, character.only = TRUE, logical.return = TRUE, lib.loc = lib.loc)
    4: .getRequiredPackages2(pkgInfo, quietly = quietly)
    3: library(pkg, character.only = TRUE, logical.return = TRUE, lib.loc = lib.loc)
    2: .getRequiredPackages2(pkgInfo, quietly = quietly)
    1: library(package, lib.loc = lib.loc, character.only = TRUE, verbose = FALSE)
    Execution halted
Flavor: r-release-macosx-x86_64