CRAN Package Check Results for Package prob

Last updated on 2015-05-25 03:47:47.

Flavor Version Tinstall Tcheck Ttotal Status Flags
r-devel-linux-x86_64-debian-clang 0.9-5 2.70 39.13 41.83 NOTE
r-devel-linux-x86_64-debian-gcc 0.9-5 2.73 37.80 40.53 NOTE
r-devel-linux-x86_64-fedora-clang 0.9-5 87.13 NOTE
r-devel-linux-x86_64-fedora-gcc 0.9-5 81.70 NOTE
r-devel-osx-x86_64-clang 0.9-5 80.13 NOTE
r-devel-windows-ix86+x86_64 0.9-5 9.00 67.00 76.00 NOTE
r-patched-linux-x86_64 0.9-5 2.68 37.79 40.46 NOTE
r-patched-solaris-sparc 0.9-5 490.00 NOTE
r-patched-solaris-x86 0.9-5 105.80 NOTE
r-release-linux-x86_64 0.9-5 2.57 38.61 41.18 NOTE
r-release-osx-x86_64-mavericks 0.9-5 NOTE
r-release-osx-x86_64-snowleopard 0.9-5 NOTE
r-release-windows-ix86+x86_64 0.9-5 8.00 62.00 70.00 NOTE
r-oldrel-windows-ix86+x86_64 0.9-5 12.00 113.00 125.00 NOTE

Check Details

Version: 0.9-5
Check: dependencies in R code
Result: NOTE
    Packages in Depends field not imported from:
     ‘VGAM’ ‘combinat’ ‘fAsianOptions’ ‘hypergeo’
     These packages need to be imported from (in the NAMESPACE file)
     for when this namespace is loaded but not attached.
Flavors: r-devel-linux-x86_64-debian-clang, r-devel-linux-x86_64-debian-gcc, r-devel-linux-x86_64-fedora-clang, r-devel-linux-x86_64-fedora-gcc, r-devel-osx-x86_64-clang, r-devel-windows-ix86+x86_64, r-patched-linux-x86_64, r-patched-solaris-sparc, r-patched-solaris-x86, r-release-linux-x86_64, r-release-osx-x86_64-mavericks, r-release-osx-x86_64-snowleopard, r-release-windows-ix86+x86_64, r-oldrel-windows-ix86+x86_64

Version: 0.9-5
Check: R code for possible problems
Result: NOTE
    cfbeta: no visible global function definition for ‘kummerM’
    cff: no visible global function definition for ‘kummerU’
    cff: no visible global function definition for ‘kummerM’
    permsn: no visible global function definition for ‘permn’
Flavors: r-devel-linux-x86_64-debian-clang, r-devel-linux-x86_64-debian-gcc, r-devel-linux-x86_64-fedora-clang, r-devel-linux-x86_64-fedora-gcc, r-devel-osx-x86_64-clang, r-devel-windows-ix86+x86_64, r-patched-linux-x86_64, r-patched-solaris-sparc, r-patched-solaris-x86, r-release-linux-x86_64, r-release-osx-x86_64-mavericks, r-release-osx-x86_64-snowleopard, r-release-windows-ix86+x86_64, r-oldrel-windows-ix86+x86_64