CRAN Package Check Results for Package prob

Last updated on 2017-07-22 08:48:26.

Flavor Version Tinstall Tcheck Ttotal Status Flags
r-devel-linux-x86_64-debian-clang 1.0-0 2.39 57.53 59.92 OK
r-devel-linux-x86_64-debian-gcc 1.0-0 2.16 57.63 59.79 OK
r-devel-linux-x86_64-fedora-clang 1.0-0 74.60 OK
r-devel-linux-x86_64-fedora-gcc 1.0-0 71.87 OK
r-devel-windows-ix86+x86_64 1.0-0 11.00 104.00 115.00 OK
r-patched-linux-x86_64 1.0-0 2.22 56.98 59.20 OK
r-patched-solaris-x86 1.0-0 89.00 OK
r-release-linux-x86_64 1.0-0 2.10 58.68 60.78 OK
r-release-windows-ix86+x86_64 1.0-0 11.00 100.00 111.00 OK
r-release-osx-x86_64 1.0-0 NOTE
r-oldrel-windows-ix86+x86_64 1.0-0 13.00 103.00 116.00 OK
r-oldrel-osx-x86_64 1.0-0 OK

Check Details

Version: 1.0-0
Check: re-building of vignette outputs
Result: NOTE
    Error in re-building vignettes:
     ...
    Error in texi2dvi(file = file, pdf = TRUE, clean = clean, quiet = quiet, :
     Running 'texi2dvi' on 'charfunc.tex' failed.
    LaTeX errors:
    ! LaTeX Error: File `esint.sty' not found.
    
    Type X to quit or <RETURN> to proceed,
    or enter new name. (Default extension: sty)
    
    ! Emergency stop.
    <read *>
    
    l.12 ^^M
    
    ! ==> Fatal error occurred, no output PDF file produced!
    Calls: buildVignettes -> texi2pdf -> texi2dvi
    Execution halted
Flavor: r-release-osx-x86_64