CRAN Package Check Results for Package prob

Last updated on 2015-08-29 03:48:58.

Flavor Version Tinstall Tcheck Ttotal Status Flags
r-devel-linux-x86_64-debian-clang 0.9-5 2.51 36.44 38.95 NOTE
r-devel-linux-x86_64-debian-gcc 0.9-5 2.42 35.36 37.78 NOTE
r-devel-linux-x86_64-fedora-clang 0.9-5 81.27 NOTE
r-devel-linux-x86_64-fedora-gcc 0.9-5 77.34 NOTE
r-devel-osx-x86_64-clang 0.9-5 68.46 NOTE
r-devel-windows-ix86+x86_64 0.9-5 11.00 69.00 80.00 NOTE
r-patched-linux-x86_64 0.9-5 2.68 37.92 40.60 NOTE
r-patched-solaris-sparc 0.9-5 493.00 NOTE
r-patched-solaris-x86 0.9-5 105.80 NOTE
r-release-linux-x86_64 0.9-5 2.81 38.47 41.28 NOTE
r-release-osx-x86_64-mavericks 0.9-5 NOTE
r-release-windows-ix86+x86_64 0.9-5 14.00 104.00 118.00 NOTE
r-oldrel-windows-ix86+x86_64 0.9-5 19.00 91.00 110.00 NOTE

Check Details

Version: 0.9-5
Check: dependencies in R code
Result: NOTE
    Packages in Depends field not imported from:
     ‘VGAM’ ‘combinat’ ‘fAsianOptions’ ‘hypergeo’
     These packages need to be imported from (in the NAMESPACE file)
     for when this namespace is loaded but not attached.
Flavors: r-devel-linux-x86_64-debian-clang, r-devel-linux-x86_64-debian-gcc, r-devel-linux-x86_64-fedora-clang, r-devel-linux-x86_64-fedora-gcc, r-devel-osx-x86_64-clang, r-devel-windows-ix86+x86_64, r-patched-linux-x86_64, r-patched-solaris-sparc, r-patched-solaris-x86, r-release-linux-x86_64, r-release-osx-x86_64-mavericks, r-release-windows-ix86+x86_64, r-oldrel-windows-ix86+x86_64

Version: 0.9-5
Check: R code for possible problems
Result: NOTE
    cfbeta: no visible global function definition for ‘kummerM’
    cfbeta : fr: no visible global function definition for ‘dbeta’
    cfbeta : fi: no visible global function definition for ‘dbeta’
    cfbeta: no visible global function definition for ‘integrate’
    cff: no visible global function definition for ‘kummerU’
    cff: no visible global function definition for ‘kummerM’
    cflnorm: no visible global function definition for ‘integrate’
    cfsignrank: no visible global function definition for ‘dsignrank’
    cft : fr: no visible global function definition for ‘dt’
    cft : fi: no visible global function definition for ‘dt’
    cft: no visible global function definition for ‘integrate’
    cfweibull : fr: no visible global function definition for ‘dweibull’
    cfweibull : fi: no visible global function definition for ‘dweibull’
    cfweibull: no visible global function definition for ‘integrate’
    cfwilcox: no visible global function definition for ‘dwilcox’
    marginal: no visible global function definition for ‘aggregate’
    noorder: no visible global function definition for ‘aggregate’
    permsn: no visible global function definition for ‘combn’
    permsn: no visible global function definition for ‘permn’
    urnsamples.data.frame: no visible global function definition for
     ‘combn’
    urnsamples.default: no visible global function definition for ‘combn’
    Undefined global functions or variables:
     aggregate combn dbeta dsignrank dt dweibull dwilcox integrate kummerM
     kummerU permn
    Consider adding
     importFrom("stats", "aggregate", "dbeta", "dsignrank", "dt",
     "dweibull", "dwilcox", "integrate")
     importFrom("utils", "combn")
    to your NAMESPACE.
Flavors: r-devel-linux-x86_64-debian-clang, r-devel-linux-x86_64-debian-gcc, r-devel-linux-x86_64-fedora-clang, r-devel-linux-x86_64-fedora-gcc, r-devel-windows-ix86+x86_64

Version: 0.9-5
Check: R code for possible problems
Result: NOTE
    cfbeta: no visible global function definition for ‘kummerM’
    cff: no visible global function definition for ‘kummerU’
    cff: no visible global function definition for ‘kummerM’
    permsn: no visible global function definition for ‘permn’
    Undefined global functions or variables:
     kummerM kummerU permn
Flavor: r-devel-osx-x86_64-clang

Version: 0.9-5
Check: R code for possible problems
Result: NOTE
    cfbeta: no visible global function definition for ‘kummerM’
    cff: no visible global function definition for ‘kummerU’
    cff: no visible global function definition for ‘kummerM’
    permsn: no visible global function definition for ‘permn’
Flavors: r-patched-linux-x86_64, r-patched-solaris-sparc, r-patched-solaris-x86, r-release-linux-x86_64, r-release-osx-x86_64-mavericks, r-release-windows-ix86+x86_64, r-oldrel-windows-ix86+x86_64