CRAN Package Check Results for Package prob

Last updated on 2016-04-30 06:47:37.

Flavor Version Tinstall Tcheck Ttotal Status Flags
r-devel-linux-x86_64-debian-gcc 0.9-5 2.59 35.18 37.77 NOTE
r-devel-linux-x86_64-fedora-clang 0.9-5 72.91 NOTE
r-devel-linux-x86_64-fedora-gcc 0.9-5 71.47 NOTE
r-devel-osx-x86_64-clang 0.9-5 80.62 NOTE
r-devel-windows-ix86+x86_64 0.9-5 8.00 78.00 86.00 NOTE
r-patched-linux-x86_64 0.9-5 2.55 35.18 37.73 NOTE
r-patched-solaris-sparc 0.9-5 415.00 NOTE
r-patched-solaris-x86 0.9-5 89.60 NOTE
r-release-linux-x86_64 0.9-5 2.84 40.76 43.60 NOTE
r-release-osx-x86_64-mavericks 0.9-5 NOTE
r-release-windows-ix86+x86_64 0.9-5 7.00 78.00 85.00 NOTE
r-oldrel-windows-ix86+x86_64 0.9-5 18.00 95.00 113.00 NOTE

Check Details

Version: 0.9-5
Check: dependencies in R code
Result: NOTE
    Packages in Depends field not imported from:
     ‘VGAM’ ‘combinat’ ‘fAsianOptions’ ‘hypergeo’
     These packages need to be imported from (in the NAMESPACE file)
     for when this namespace is loaded but not attached.
Flavors: r-devel-linux-x86_64-debian-gcc, r-devel-linux-x86_64-fedora-clang, r-devel-linux-x86_64-fedora-gcc, r-devel-osx-x86_64-clang, r-devel-windows-ix86+x86_64, r-patched-linux-x86_64, r-patched-solaris-sparc, r-patched-solaris-x86, r-release-linux-x86_64, r-release-osx-x86_64-mavericks, r-release-windows-ix86+x86_64, r-oldrel-windows-ix86+x86_64

Version: 0.9-5
Check: R code for possible problems
Result: NOTE
    cfbeta: no visible global function definition for ‘kummerM’
    cfbeta : fr: no visible global function definition for ‘dbeta’
    cfbeta : fi: no visible global function definition for ‘dbeta’
    cfbeta: no visible global function definition for ‘integrate’
    cff: no visible global function definition for ‘kummerU’
    cff: no visible global function definition for ‘kummerM’
    cflnorm: no visible global function definition for ‘integrate’
    cfsignrank: no visible global function definition for ‘dsignrank’
    cft : fr: no visible global function definition for ‘dt’
    cft : fi: no visible global function definition for ‘dt’
    cft: no visible global function definition for ‘integrate’
    cfweibull : fr: no visible global function definition for ‘dweibull’
    cfweibull : fi: no visible global function definition for ‘dweibull’
    cfweibull: no visible global function definition for ‘integrate’
    cfwilcox: no visible global function definition for ‘dwilcox’
    marginal: no visible global function definition for ‘aggregate’
    noorder: no visible global function definition for ‘aggregate’
    permsn: no visible global function definition for ‘combn’
    permsn: no visible global function definition for ‘permn’
    urnsamples.data.frame: no visible global function definition for
     ‘combn’
    urnsamples.default: no visible global function definition for ‘combn’
    Undefined global functions or variables:
     aggregate combn dbeta dsignrank dt dweibull dwilcox integrate kummerM
     kummerU permn
    Consider adding
     importFrom("stats", "aggregate", "dbeta", "dsignrank", "dt",
     "dweibull", "dwilcox", "integrate")
     importFrom("utils", "combn")
    to your NAMESPACE file.
Flavors: r-devel-linux-x86_64-debian-gcc, r-devel-linux-x86_64-fedora-clang, r-devel-linux-x86_64-fedora-gcc, r-devel-osx-x86_64-clang, r-devel-windows-ix86+x86_64, r-patched-linux-x86_64, r-patched-solaris-sparc, r-patched-solaris-x86

Version: 0.9-5
Check: R code for possible problems
Result: NOTE
    cfbeta: no visible global function definition for ‘kummerM’
    cff: no visible global function definition for ‘kummerU’
    cff: no visible global function definition for ‘kummerM’
    permsn: no visible global function definition for ‘permn’
Flavors: r-release-linux-x86_64, r-release-osx-x86_64-mavericks, r-release-windows-ix86+x86_64, r-oldrel-windows-ix86+x86_64

Version: 0.9-5
Check: re-building of vignette outputs
Result: NOTE
    Error in re-building vignettes:
     ...
    LaTeX Font Warning: Some font shapes were not available, defaults substituted.
    
     )
    (see the transcript file for additional information){D:/Compiler/texmf/fonts/en
    c/dvips/cm-super/cm-super-ts1.enc}<D:/Compiler/texmf/fonts/type1/public/amsfont
    s/cm/cmbx10.pfb><D:/Compiler/texmf/fonts/type1/public/amsfonts/cm/cmbx12.pfb><D
    :/Compiler/texmf/fonts/type1/public/amsfonts/cm/cmex10.pfb><D:/Compiler/texmf/f
    onts/type1/public/amsfonts/cm/cmmi10.pfb><D:/Compiler/texmf/fonts/type1/public/
    amsfonts/cm/cmmi7.pfb><D:/Compiler/texmf/fonts/type1/public/amsfonts/cm/cmr10.p
    fb><D:/Compiler/texmf/fonts/type1/public/amsfonts/cm/cmr12.pfb><D:/Compiler/tex
    mf/fonts/type1/public/amsfonts/cm/cmr17.pfb><D:/Compiler/texmf/fonts/type1/publ
    ic/amsfonts/cm/cmr7.pfb><D:/Compiler/texmf/fonts/type1/public/amsfonts/cm/cmslt
    t10.pfb><D:/Compiler/texmf/fonts/type1/public/amsfonts/cm/cmsy10.pfb><D:/Compil
    er/texmf/fonts/type1/public/amsfonts/cm/cmsy7.pfb><D:/Compiler/texmf/fonts/type
    1/public/amsfonts/cm/cmti10.pfb><D:/Compiler/texmf/fonts/type1/public/amsfonts/
    cm/cmtt10.pfb><D:/Compiler/texmf/fonts/type1/public/amsfonts/cm/cmtt12.pfb><D:/
    Compiler/texmf/fonts/type1/public/amsfonts/euler/eusm10.pfb><D:/Compiler/texmf/
    fonts/type1/public/cm-super/sfrm1000.pfb>
    Output written on prob.pdf (26 pages, 288859 bytes).
    Transcript written on prob.log.
    Warning: running command '"pdflatex" -interaction=nonstopmode "prob.tex"' had status 1
    Error in texi2dvi(file = file, pdf = TRUE, clean = clean, quiet = quiet, :
     unable to run 'pdflatex' on 'prob.tex'
    Calls: buildVignettes -> texi2pdf -> texi2dvi
    Execution halted
Flavor: r-oldrel-windows-ix86+x86_64