CRAN Package Check Results for Package prob

Last updated on 2015-02-01 16:47:06.

Flavor Version Tinstall Tcheck Ttotal Status Flags
r-devel-linux-x86_64-debian-clang 0.9-5 2.78 40.63 43.42 NOTE
r-devel-linux-x86_64-debian-gcc 0.9-5 2.58 38.91 41.49 NOTE
r-devel-linux-x86_64-fedora-clang 0.9-5 108.90 NOTE
r-devel-linux-x86_64-fedora-gcc 0.9-5 82.88 NOTE
r-devel-osx-x86_64-clang 0.9-5 90.02 NOTE
r-devel-windows-ix86+x86_64 0.9-5 9.00 65.00 74.00 NOTE
r-patched-linux-x86_64 0.9-5 3.51 50.18 53.70 NOTE
r-patched-solaris-sparc 0.9-5 612.10 NOTE
r-patched-solaris-x86 0.9-5 137.50 NOTE
r-release-linux-ix86 0.9-5 4.36 61.84 66.20 NOTE
r-release-linux-x86_64 0.9-5 3.46 48.74 52.20 NOTE
r-release-osx-x86_64-mavericks 0.9-5 NOTE
r-release-osx-x86_64-snowleopard 0.9-5 ERROR
r-release-windows-ix86+x86_64 0.9-5 13.00 77.00 90.00 NOTE
r-oldrel-windows-ix86+x86_64 0.9-5 13.00 85.00 98.00 NOTE

Check Details

Version: 0.9-5
Check: dependencies in R code
Result: NOTE
    Packages in Depends field not imported from:
     ‘VGAM’ ‘combinat’ ‘fAsianOptions’ ‘hypergeo’
     These packages need to be imported from (in the NAMESPACE file)
     for when this namespace is loaded but not attached.
Flavors: r-devel-linux-x86_64-debian-clang, r-devel-linux-x86_64-debian-gcc, r-devel-linux-x86_64-fedora-clang, r-devel-linux-x86_64-fedora-gcc, r-devel-osx-x86_64-clang, r-devel-windows-ix86+x86_64

Version: 0.9-5
Check: R code for possible problems
Result: NOTE
    cfbeta: no visible global function definition for ‘kummerM’
    cff: no visible global function definition for ‘kummerU’
    cff: no visible global function definition for ‘kummerM’
    permsn: no visible global function definition for ‘permn’
Flavors: r-devel-linux-x86_64-debian-clang, r-devel-linux-x86_64-debian-gcc, r-devel-linux-x86_64-fedora-clang, r-devel-linux-x86_64-fedora-gcc, r-devel-osx-x86_64-clang, r-devel-windows-ix86+x86_64, r-patched-linux-x86_64, r-patched-solaris-sparc, r-patched-solaris-x86, r-release-linux-ix86, r-release-linux-x86_64, r-release-osx-x86_64-mavericks, r-release-windows-ix86+x86_64

Version: 0.9-5
Check: dependencies in R code
Result: NOTE
    Packages in Depends field not imported from:
     ‘VGAM’ ‘combinat’ ‘fAsianOptions’ ‘hypergeo’
     These packages need to be imported from (in the NAMESPACE file)
     for when this namespace is loaded but not attached.
    See the information on DESCRIPTION files in the chapter ‘Creating R
    packages’ of the ‘Writing R Extensions’ manual.
Flavors: r-patched-linux-x86_64, r-patched-solaris-sparc, r-patched-solaris-x86, r-release-linux-ix86, r-release-linux-x86_64, r-release-osx-x86_64-mavericks, r-release-windows-ix86+x86_64, r-oldrel-windows-ix86+x86_64

Version: 0.9-5
Check: for missing documentation entries
Result: ERROR
    Error: path[1]="/Library/Frameworks/R.framework/Resources/library": No such file or directory
    Call sequence:
    6: normalizePath(dirname(pkgpath), "/", TRUE)
    5: library(pkg, character.only = TRUE, logical.return = TRUE, lib.loc = lib.loc)
    4: .getRequiredPackages2(pkgInfo, quietly = quietly)
    3: library(pkg, character.only = TRUE, logical.return = TRUE, lib.loc = lib.loc)
    2: .getRequiredPackages2(pkgInfo, quietly = quietly)
    1: library(package, lib.loc = lib.loc, character.only = TRUE, verbose = FALSE)
    Execution halted
Flavor: r-release-osx-x86_64-snowleopard