CRAN Package Check Results for Package prob

Last updated on 2017-04-24 12:47:51.

Flavor Version Tinstall Tcheck Ttotal Status Flags
r-devel-linux-x86_64-debian-clang 1.0-0 2.31 36.04 38.35 OK
r-devel-linux-x86_64-debian-gcc 1.0-0 2.12 36.09 38.21 OK
r-devel-linux-x86_64-fedora-clang 1.0-0 76.51 OK --no-stop-on-test-error
r-devel-linux-x86_64-fedora-gcc 1.0-0 71.94 OK --no-stop-on-test-error
r-devel-windows-ix86+x86_64 1.0-0 10.00 103.00 113.00 OK
r-patched-linux-x86_64 1.0-0 2.14 36.27 38.42 OK
r-patched-solaris-sparc 1.0-0 416.60 OK
r-patched-solaris-x86 1.0-0 88.20 OK
r-release-linux-x86_64 1.0-0 2.14 36.16 38.30 OK
r-release-windows-ix86+x86_64 1.0-0 7.00 91.00 98.00 OK
r-release-osx-x86_64 1.0-0 NOTE
r-oldrel-windows-ix86+x86_64 1.0-0 6.00 73.00 79.00 OK
r-oldrel-osx-x86_64 1.0-0 OK

Check Details

Version: 1.0-0
Check: re-building of vignette outputs
Result: NOTE
    Error in re-building vignettes:
     ...
    Error in texi2dvi(file = file, pdf = TRUE, clean = clean, quiet = quiet, :
     Running 'texi2dvi' on 'charfunc.tex' failed.
    LaTeX errors:
    ! LaTeX Error: File `esint.sty' not found.
    
    Type X to quit or <RETURN> to proceed,
    or enter new name. (Default extension: sty)
    
    ! Emergency stop.
    <read *>
    
    l.12 ^^M
    
    ! ==> Fatal error occurred, no output PDF file produced!
    Calls: buildVignettes -> texi2pdf -> texi2dvi
    Execution halted
Flavor: r-release-osx-x86_64