CRAN Package Check Results for Package prob

Last updated on 2016-07-27 07:47:42.

Flavor Version Tinstall Tcheck Ttotal Status Flags
r-devel-linux-x86_64-debian-clang 0.9-5 3.01 40.37 43.38 NOTE
r-devel-linux-x86_64-debian-gcc 0.9-5 3.19 41.41 44.59 NOTE
r-devel-linux-x86_64-fedora-clang 0.9-5 73.97 NOTE
r-devel-linux-x86_64-fedora-gcc 0.9-5 68.83 NOTE
r-devel-osx-x86_64-clang 0.9-5 58.88 NOTE
r-devel-windows-ix86+x86_64 0.9-5 10.00 77.00 87.00 NOTE
r-patched-linux-x86_64 0.9-5 3.64 40.86 44.50 NOTE
r-patched-solaris-sparc 0.9-5 419.40 NOTE
r-patched-solaris-x86 0.9-5 88.80 NOTE
r-release-linux-x86_64 0.9-5 3.73 41.97 45.69 NOTE
r-release-osx-x86_64-mavericks 0.9-5 NOTE
r-release-windows-ix86+x86_64 0.9-5 12.00 78.00 90.00 NOTE
r-oldrel-windows-ix86+x86_64 0.9-5 14.00 82.00 96.00 NOTE

Check Details

Version: 0.9-5
Check: dependencies in R code
Result: NOTE
    Packages in Depends field not imported from:
     ‘VGAM’ ‘combinat’ ‘fAsianOptions’ ‘hypergeo’
     These packages need to be imported from (in the NAMESPACE file)
     for when this namespace is loaded but not attached.
Flavors: r-devel-linux-x86_64-debian-clang, r-devel-linux-x86_64-debian-gcc, r-devel-linux-x86_64-fedora-clang, r-devel-linux-x86_64-fedora-gcc, r-devel-osx-x86_64-clang, r-devel-windows-ix86+x86_64, r-patched-linux-x86_64, r-patched-solaris-sparc, r-patched-solaris-x86, r-release-linux-x86_64, r-release-osx-x86_64-mavericks, r-release-windows-ix86+x86_64, r-oldrel-windows-ix86+x86_64

Version: 0.9-5
Check: R code for possible problems
Result: NOTE
    cfbeta: no visible global function definition for ‘kummerM’
    cfbeta : fr: no visible global function definition for ‘dbeta’
    cfbeta : fi: no visible global function definition for ‘dbeta’
    cfbeta: no visible global function definition for ‘integrate’
    cff: no visible global function definition for ‘kummerU’
    cff: no visible global function definition for ‘kummerM’
    cflnorm: no visible global function definition for ‘integrate’
    cfsignrank: no visible global function definition for ‘dsignrank’
    cft : fr: no visible global function definition for ‘dt’
    cft : fi: no visible global function definition for ‘dt’
    cft: no visible global function definition for ‘integrate’
    cfweibull : fr: no visible global function definition for ‘dweibull’
    cfweibull : fi: no visible global function definition for ‘dweibull’
    cfweibull: no visible global function definition for ‘integrate’
    cfwilcox: no visible global function definition for ‘dwilcox’
    marginal: no visible global function definition for ‘aggregate’
    noorder: no visible global function definition for ‘aggregate’
    permsn: no visible global function definition for ‘combn’
    permsn: no visible global function definition for ‘permn’
    urnsamples.data.frame: no visible global function definition for
     ‘combn’
    urnsamples.default: no visible global function definition for ‘combn’
    Undefined global functions or variables:
     aggregate combn dbeta dsignrank dt dweibull dwilcox integrate kummerM
     kummerU permn
    Consider adding
     importFrom("stats", "aggregate", "dbeta", "dsignrank", "dt",
     "dweibull", "dwilcox", "integrate")
     importFrom("utils", "combn")
    to your NAMESPACE file.
Flavors: r-devel-linux-x86_64-debian-clang, r-devel-linux-x86_64-debian-gcc, r-devel-linux-x86_64-fedora-clang, r-devel-linux-x86_64-fedora-gcc, r-devel-osx-x86_64-clang, r-devel-windows-ix86+x86_64, r-patched-linux-x86_64, r-patched-solaris-sparc, r-patched-solaris-x86, r-release-linux-x86_64, r-release-osx-x86_64-mavericks, r-release-windows-ix86+x86_64

Version: 0.9-5
Check: R code for possible problems
Result: NOTE
    cfbeta: no visible global function definition for 'kummerM'
    cff: no visible global function definition for 'kummerU'
    cff: no visible global function definition for 'kummerM'
    permsn: no visible global function definition for 'permn'
Flavor: r-oldrel-windows-ix86+x86_64