CRAN Package Check Results for Package prob

Last updated on 2017-09-22 21:48:22.

Flavor Version Tinstall Tcheck Ttotal Status Flags
r-release-osx-x86_64 1.0-0 NOTE

Check Details

Version: 1.0-0
Check: re-building of vignette outputs
Result: NOTE
    Error in re-building vignettes:
     ...
    Error in texi2dvi(file = file, pdf = TRUE, clean = clean, quiet = quiet, :
     Running 'texi2dvi' on 'charfunc.tex' failed.
    LaTeX errors:
    ! LaTeX Error: File `esint.sty' not found.
    
    Type X to quit or <RETURN> to proceed,
    or enter new name. (Default extension: sty)
    
    ! Emergency stop.
    <read *>
    
    l.12 ^^M
    
    ! ==> Fatal error occurred, no output PDF file produced!
    Calls: buildVignettes -> texi2pdf -> texi2dvi
    Execution halted
Flavor: r-release-osx-x86_64