CRAN Package Check Results for Package prob

Last updated on 2017-05-27 05:54:37.

Flavor Version Tinstall Tcheck Ttotal Status Flags
r-devel-linux-x86_64-debian-clang 1.0-0 2.35 37.71 40.06 OK
r-devel-linux-x86_64-debian-gcc 1.0-0 2.37 37.72 40.09 OK
r-devel-linux-x86_64-fedora-clang 1.0-0 73.52 OK
r-devel-linux-x86_64-fedora-gcc 1.0-0 71.54 OK
r-devel-windows-ix86+x86_64 1.0-0 7.00 82.00 89.00 OK
r-patched-linux-x86_64 1.0-0 2.58 37.43 40.01 OK
r-patched-solaris-sparc 1.0-0 416.60 OK
r-patched-solaris-x86 1.0-0 88.40 OK
r-release-linux-x86_64 1.0-0 2.26 35.90 38.16 OK
r-release-windows-ix86+x86_64 1.0-0 7.00 75.00 82.00 OK
r-release-osx-x86_64 1.0-0 NOTE
r-oldrel-windows-ix86+x86_64 1.0-0 11.00 73.00 84.00 OK
r-oldrel-osx-x86_64 1.0-0 OK

Check Details

Version: 1.0-0
Check: re-building of vignette outputs
Result: NOTE
    Error in re-building vignettes:
     ...
    Error in texi2dvi(file = file, pdf = TRUE, clean = clean, quiet = quiet, :
     Running 'texi2dvi' on 'charfunc.tex' failed.
    LaTeX errors:
    ! LaTeX Error: File `esint.sty' not found.
    
    Type X to quit or <RETURN> to proceed,
    or enter new name. (Default extension: sty)
    
    ! Emergency stop.
    <read *>
    
    l.12 ^^M
    
    ! ==> Fatal error occurred, no output PDF file produced!
    Calls: buildVignettes -> texi2pdf -> texi2dvi
    Execution halted
Flavor: r-release-osx-x86_64