CRAN Package Check Results for Package prob

Last updated on 2015-04-18 21:49:13.

Flavor Version Tinstall Tcheck Ttotal Status Flags
r-devel-linux-x86_64-debian-clang 0.9-5 2.80 38.95 41.75 NOTE
r-devel-linux-x86_64-debian-gcc 0.9-5 2.57 37.84 40.41 NOTE
r-devel-linux-x86_64-fedora-clang 0.9-5 86.70 NOTE
r-devel-linux-x86_64-fedora-gcc 0.9-5 81.06 NOTE
r-devel-osx-x86_64-clang 0.9-5 80.12 NOTE
r-patched-linux-x86_64 0.9-5 2.61 38.00 40.60 NOTE
r-patched-solaris-sparc 0.9-5 484.40 NOTE
r-patched-solaris-x86 0.9-5 105.20 NOTE
r-release-linux-x86_64 0.9-5 2.52 38.48 41.00 NOTE
r-release-osx-x86_64-mavericks 0.9-5 NOTE
r-release-osx-x86_64-snowleopard 0.9-5 NOTE
r-release-windows-ix86+x86_64 0.9-5 9.00 74.00 83.00 NOTE
r-oldrel-windows-ix86+x86_64 0.9-5 13.00 108.00 121.00 NOTE

Check Details

Version: 0.9-5
Check: dependencies in R code
Result: NOTE
    Packages in Depends field not imported from:
     ‘VGAM’ ‘combinat’ ‘fAsianOptions’ ‘hypergeo’
     These packages need to be imported from (in the NAMESPACE file)
     for when this namespace is loaded but not attached.
Flavors: r-devel-linux-x86_64-debian-clang, r-devel-linux-x86_64-debian-gcc, r-devel-linux-x86_64-fedora-clang, r-devel-linux-x86_64-fedora-gcc, r-devel-osx-x86_64-clang, r-patched-linux-x86_64, r-patched-solaris-sparc, r-patched-solaris-x86, r-release-linux-x86_64, r-release-osx-x86_64-mavericks, r-release-osx-x86_64-snowleopard, r-release-windows-ix86+x86_64

Version: 0.9-5
Check: R code for possible problems
Result: NOTE
    cfbeta: no visible global function definition for ‘kummerM’
    cff: no visible global function definition for ‘kummerU’
    cff: no visible global function definition for ‘kummerM’
    permsn: no visible global function definition for ‘permn’
Flavors: r-devel-linux-x86_64-debian-clang, r-devel-linux-x86_64-debian-gcc, r-devel-linux-x86_64-fedora-clang, r-devel-linux-x86_64-fedora-gcc, r-devel-osx-x86_64-clang, r-patched-linux-x86_64, r-patched-solaris-sparc, r-patched-solaris-x86, r-release-linux-x86_64, r-release-osx-x86_64-mavericks, r-release-osx-x86_64-snowleopard, r-release-windows-ix86+x86_64

Version: 0.9-5
Check: dependencies in R code
Result: NOTE
    Packages in Depends field not imported from:
     'VGAM' 'combinat' 'fAsianOptions' 'hypergeo'
     These packages need to be imported from (in the NAMESPACE file)
     for when this namespace is loaded but not attached.
    See the information on DESCRIPTION files in the chapter 'Creating R
    packages' of the 'Writing R Extensions' manual.
Flavor: r-oldrel-windows-ix86+x86_64