CRAN Package Check Results for Package prob

Last updated on 2015-07-30 11:48:48.

Flavor Version Tinstall Tcheck Ttotal Status Flags
r-devel-linux-x86_64-debian-clang 0.9-5 2.96 38.02 40.98 NOTE
r-devel-linux-x86_64-debian-gcc 0.9-5 2.53 37.93 40.46 NOTE
r-devel-linux-x86_64-fedora-clang 0.9-5 84.23 NOTE
r-devel-linux-x86_64-fedora-gcc 0.9-5 79.47 NOTE
r-devel-osx-x86_64-clang 0.9-5 69.08 NOTE
r-devel-windows-ix86+x86_64 0.9-5 8.00 95.00 103.00 NOTE
r-patched-linux-x86_64 0.9-5 2.58 39.44 42.02 NOTE
r-patched-solaris-sparc 0.9-5 493.00 NOTE
r-patched-solaris-x86 0.9-5 103.70 NOTE
r-release-linux-x86_64 0.9-5 2.63 38.77 41.40 NOTE
r-release-osx-x86_64-mavericks 0.9-5 NOTE
r-release-windows-ix86+x86_64 0.9-5 10.00 80.00 90.00 NOTE
r-oldrel-windows-ix86+x86_64 0.9-5 15.00 99.00 114.00 NOTE

Check Details

Version: 0.9-5
Check: dependencies in R code
Result: NOTE
    Packages in Depends field not imported from:
     ‘VGAM’ ‘combinat’ ‘fAsianOptions’ ‘hypergeo’
     These packages need to be imported from (in the NAMESPACE file)
     for when this namespace is loaded but not attached.
Flavors: r-devel-linux-x86_64-debian-clang, r-devel-linux-x86_64-debian-gcc, r-devel-linux-x86_64-fedora-clang, r-devel-linux-x86_64-fedora-gcc, r-devel-osx-x86_64-clang, r-devel-windows-ix86+x86_64, r-patched-linux-x86_64, r-patched-solaris-sparc, r-patched-solaris-x86, r-release-linux-x86_64, r-release-osx-x86_64-mavericks, r-release-windows-ix86+x86_64, r-oldrel-windows-ix86+x86_64

Version: 0.9-5
Check: R code for possible problems
Result: NOTE
    cfbeta: no visible global function definition for ‘kummerM’
    cfbeta : fr: no visible global function definition for ‘dbeta’
    cfbeta : fi: no visible global function definition for ‘dbeta’
    cfbeta: no visible global function definition for ‘integrate’
    cff: no visible global function definition for ‘kummerU’
    cff: no visible global function definition for ‘kummerM’
    cflnorm: no visible global function definition for ‘integrate’
    cfsignrank: no visible global function definition for ‘dsignrank’
    cft : fr: no visible global function definition for ‘dt’
    cft : fi: no visible global function definition for ‘dt’
    cft: no visible global function definition for ‘integrate’
    cfweibull : fr: no visible global function definition for ‘dweibull’
    cfweibull : fi: no visible global function definition for ‘dweibull’
    cfweibull: no visible global function definition for ‘integrate’
    cfwilcox: no visible global function definition for ‘dwilcox’
    marginal: no visible global function definition for ‘aggregate’
    noorder: no visible global function definition for ‘aggregate’
    permsn: no visible global function definition for ‘combn’
    permsn: no visible global function definition for ‘permn’
    urnsamples.data.frame: no visible global function definition for
     ‘combn’
    urnsamples.default: no visible global function definition for ‘combn’
    Undefined global functions or variables:
     aggregate combn dbeta dsignrank dt dweibull dwilcox integrate kummerM
     kummerU permn
    Consider adding
     importFrom("stats", "aggregate", "dbeta", "dsignrank", "dt",
     "dweibull", "dwilcox", "integrate")
     importFrom("utils", "combn")
    to your NAMESPACE.
Flavors: r-devel-linux-x86_64-debian-clang, r-devel-linux-x86_64-debian-gcc, r-devel-linux-x86_64-fedora-clang, r-devel-linux-x86_64-fedora-gcc, r-devel-windows-ix86+x86_64

Version: 0.9-5
Check: R code for possible problems
Result: NOTE
    cfbeta: no visible global function definition for ‘kummerM’
    cff: no visible global function definition for ‘kummerU’
    cff: no visible global function definition for ‘kummerM’
    permsn: no visible global function definition for ‘permn’
    Undefined global functions or variables:
     kummerM kummerU permn
Flavor: r-devel-osx-x86_64-clang

Version: 0.9-5
Check: R code for possible problems
Result: NOTE
    cfbeta: no visible global function definition for ‘kummerM’
    cff: no visible global function definition for ‘kummerU’
    cff: no visible global function definition for ‘kummerM’
    permsn: no visible global function definition for ‘permn’
Flavors: r-patched-linux-x86_64, r-patched-solaris-sparc, r-patched-solaris-x86, r-release-linux-x86_64, r-release-osx-x86_64-mavericks, r-release-windows-ix86+x86_64, r-oldrel-windows-ix86+x86_64