CRAN Package Check Results for Package probout

Last updated on 2022-01-21 19:48:45 CET.

Flavor Version Tinstall Tcheck Ttotal Status Flags
r-devel-linux-x86_64-debian-clang 1.1.1 3.50 416.49 419.99 NOTE
r-devel-linux-x86_64-debian-gcc 1.1.1 2.77 290.07 292.84 NOTE
r-devel-linux-x86_64-fedora-clang 1.1.1 476.08 NOTE
r-devel-linux-x86_64-fedora-gcc 1.1.1 464.34 OK
r-devel-windows-x86_64-new-UL 1.1.1 30.00 420.00 450.00 OK
r-devel-windows-x86_64-new-TK 1.1.1 OK
r-patched-linux-x86_64 1.1.1 3.14 387.40 390.54 NOTE
r-release-linux-x86_64 1.1.1 3.05 393.85 396.90 NOTE
r-release-macos-arm64 1.1.1 OK
r-release-macos-x86_64 1.1.1 OK
r-release-windows-ix86+x86_64 1.1.1 11.00 470.00 481.00 OK
r-oldrel-macos-x86_64 1.1.1 OK
r-oldrel-windows-ix86+x86_64 1.1.1 10.00 476.00 486.00 OK

Check Details

Version: 1.1.1
Check: package dependencies
Result: NOTE
    Suggests orphaned package: 'bibtex'
Flavors: r-devel-linux-x86_64-debian-clang, r-devel-linux-x86_64-debian-gcc, r-devel-linux-x86_64-fedora-clang, r-patched-linux-x86_64, r-release-linux-x86_64