CRAN Package Check Results for Package processanimateR

Last updated on 2022-10-05 10:51:48 CEST.

Flavor Version Tinstall Tcheck Ttotal Status Flags
r-devel-linux-x86_64-debian-clang 1.0.5 11.54 136.12 147.66 OK
r-devel-linux-x86_64-debian-gcc 1.0.5 8.49 98.13 106.62 OK
r-devel-linux-x86_64-fedora-clang 1.0.5 189.56 NOTE
r-devel-linux-x86_64-fedora-gcc 1.0.5 168.61 OK
r-devel-windows-x86_64 1.0.5 168.00 188.00 356.00 NOTE
r-patched-linux-x86_64 1.0.5 16.43 122.88 139.31 OK
r-release-linux-x86_64 1.0.5 7.48 125.26 132.74 OK
r-release-macos-arm64 1.0.5 49.00 NOTE
r-release-macos-x86_64 1.0.5 69.00 NOTE
r-release-windows-x86_64 1.0.5 92.00 186.00 278.00 NOTE
r-oldrel-macos-arm64 1.0.5 53.00 NOTE
r-oldrel-macos-x86_64 1.0.5 75.00 NOTE
r-oldrel-windows-ix86+x86_64 1.0.5 28.00 159.00 187.00 NOTE

Check Details

Version: 1.0.5
Check: installed package size
Result: NOTE
     installed size is 11.6Mb
     sub-directories of 1Mb or more:
     doc 8.8Mb
     htmlwidgets 2.6Mb
Flavors: r-devel-linux-x86_64-fedora-clang, r-devel-windows-x86_64, r-release-macos-arm64, r-release-macos-x86_64, r-release-windows-x86_64, r-oldrel-macos-arm64, r-oldrel-macos-x86_64, r-oldrel-windows-ix86+x86_64