CRAN Package Check Results for Package processdata

Last updated on 2014-08-29 05:47:27.

Flavor Version Tinstall Tcheck Ttotal Status Flags
r-devel-linux-x86_64-debian-clang 0.8.2 2.14 30.44 32.58 NOTE
r-devel-linux-x86_64-debian-gcc 0.8.2 2.15 29.77 31.92 NOTE
r-devel-linux-x86_64-fedora-clang 0.8.2 73.10 NOTE
r-devel-linux-x86_64-fedora-gcc 0.8.2 68.28 NOTE
r-devel-osx-x86_64-clang 0.8.2 61.68 NOTE
r-devel-windows-ix86+x86_64 0.8.2 8.00 49.00 57.00 NOTE
r-patched-linux-x86_64 0.8.2 2.20 31.77 33.97 NOTE
r-patched-solaris-sparc 0.8.2 389.00 NOTE
r-patched-solaris-x86 0.8.2 93.60 NOTE
r-release-linux-ix86 0.8.2 2.89 41.06 43.96 NOTE
r-release-linux-x86_64 0.8.2 2.32 32.80 35.12 NOTE
r-release-osx-x86_64-mavericks 0.8.2 NOTE
r-release-osx-x86_64-snowleopard 0.8.2 NOTE
r-release-windows-ix86+x86_64 0.8.2 8.00 53.00 61.00 NOTE
r-oldrel-windows-ix86+x86_64 0.8.2 8.00 59.00 67.00 NOTE

Check Details

Version: 0.8.2
Check: dependencies in R code
Result: NOTE
    Packages in Depends field not imported from:
     ‘ggplot2’ ‘methods’ ‘reshape2’
     These packages need to be imported from (in the NAMESPACE file)
     for when this namespace is loaded but not attached.
    See the information on DESCRIPTION files in the chapter ‘Creating R
    packages’ of the ‘Writing R Extensions’ manual.
Flavors: r-devel-linux-x86_64-debian-clang, r-devel-linux-x86_64-debian-gcc, r-devel-linux-x86_64-fedora-clang, r-devel-linux-x86_64-fedora-gcc, r-devel-osx-x86_64-clang, r-devel-windows-ix86+x86_64, r-patched-linux-x86_64, r-patched-solaris-sparc, r-patched-solaris-x86, r-release-linux-ix86, r-release-linux-x86_64, r-release-osx-x86_64-mavericks, r-release-windows-ix86+x86_64, r-oldrel-windows-ix86+x86_64

Version: 0.8.2
Check: R code for possible problems
Result: NOTE
    allTest: no visible global function definition for ‘defineTestSuite’
    allTest: no visible global function definition for ‘runTestSuite’
    range2factor.frame: no visible global function definition for ‘melt’
    plot,ProcessPlotData-missing: no visible global function definition for
     ‘ggplot’
    plot,ProcessPlotData-missing: no visible global function definition for
     ‘aes_string’
    plot,ProcessPlotData-missing: no visible global function definition for
     ‘scale_x_continuous’
    plot,ProcessPlotData-missing: no visible global function definition for
     ‘guides’
    plot,ProcessPlotData-missing: no visible global function definition for
     ‘guide_legend’
    plot,ProcessPlotData-missing: no visible global function definition for
     ‘facet_grid’
    plot,ProcessPlotData-missing: no visible global function definition for
     ‘geom_line’
    plot,ProcessPlotData-missing: no visible global function definition for
     ‘scale_y_continuous’
    plot,ProcessPlotData-missing: no visible binding for global variable
     ‘geom_line’
    plot,ProcessPlotData-missing: no visible binding for global variable
     ‘geom_point’
Flavors: r-devel-linux-x86_64-debian-clang, r-devel-linux-x86_64-debian-gcc, r-devel-linux-x86_64-fedora-clang, r-devel-linux-x86_64-fedora-gcc, r-devel-osx-x86_64-clang, r-devel-windows-ix86+x86_64

Version: 0.8.2
Check: for old-style vignette sources
Result: NOTE
    Vignette sources only in ‘inst/doc’:
     ‘Introduction.Rnw’
    A ‘vignettes’ directory is required as from R 3.1.0
    and these will not be indexed nor checked
Flavors: r-devel-linux-x86_64-debian-clang, r-devel-linux-x86_64-debian-gcc, r-devel-linux-x86_64-fedora-clang, r-devel-linux-x86_64-fedora-gcc, r-devel-osx-x86_64-clang, r-devel-windows-ix86+x86_64, r-patched-linux-x86_64, r-patched-solaris-sparc, r-patched-solaris-x86, r-release-linux-ix86, r-release-linux-x86_64, r-release-osx-x86_64-mavericks, r-release-osx-x86_64-snowleopard, r-release-windows-ix86+x86_64

Version: 0.8.2
Check: dependencies in R code
Result: NOTE
    Packages in Depends field not imported from:
     'ggplot2' 'methods' 'reshape2'
     These packages need to be imported from for the case when
     this namespace is loaded but not attached.
    See the information on DESCRIPTION files in the chapter 'Creating R
    packages' of the 'Writing R Extensions' manual.
Flavor: r-release-osx-x86_64-snowleopard

Version: 0.8.2
Check: for old-style vignette sources
Result: NOTE
    Vignette sources only in 'inst/doc':
     'Introduction.Rnw'
    A 'vignettes' directory will be required as from R 3.1.0
Flavor: r-oldrel-windows-ix86+x86_64