CRAN Package Check Results for Package processdata

Last updated on 2014-07-24 01:48:00.

Flavor Version Tinstall Tcheck Ttotal Status Flags
r-devel-linux-x86_64-debian-clang 0.8.2 2.21 31.37 33.58 NOTE
r-devel-linux-x86_64-debian-gcc 0.8.2 2.41 30.50 32.91 NOTE
r-devel-linux-x86_64-fedora-clang 0.8.2 75.53 NOTE
r-devel-linux-x86_64-fedora-gcc 0.8.2 71.95 NOTE
r-devel-osx-x86_64-clang 0.8.2 64.26 NOTE
r-devel-windows-ix86+x86_64 0.8.2 9.00 51.00 60.00 NOTE
r-patched-linux-x86_64 0.8.2 2.32 31.76 34.08 NOTE
r-patched-solaris-sparc 0.8.2 393.80 NOTE
r-patched-solaris-x86 0.8.2 93.60 NOTE
r-release-linux-ix86 0.8.2 2.91 40.91 43.82 NOTE
r-release-linux-x86_64 0.8.2 2.30 32.40 34.70 NOTE
r-release-osx-x86_64-mavericks 0.8.2 NOTE
r-release-osx-x86_64-snowleopard 0.8.2 NOTE
r-release-windows-ix86+x86_64 0.8.2 8.00 54.00 62.00 NOTE
r-oldrel-windows-ix86+x86_64 0.8.2 9.00 59.00 68.00 NOTE

Check Details

Version: 0.8.2
Check: dependencies in R code
Result: NOTE
    Packages in Depends field not imported from:
     ‘ggplot2’ ‘methods’ ‘reshape2’
     These packages need to be imported from (in the NAMESPACE file)
     for when this namespace is loaded but not attached.
    See the information on DESCRIPTION files in the chapter ‘Creating R
    packages’ of the ‘Writing R Extensions’ manual.
Flavors: r-devel-linux-x86_64-debian-clang, r-devel-linux-x86_64-debian-gcc, r-devel-linux-x86_64-fedora-clang, r-devel-linux-x86_64-fedora-gcc, r-devel-osx-x86_64-clang, r-devel-windows-ix86+x86_64, r-patched-linux-x86_64, r-patched-solaris-sparc, r-patched-solaris-x86, r-release-linux-ix86, r-release-linux-x86_64, r-release-osx-x86_64-mavericks, r-release-windows-ix86+x86_64, r-oldrel-windows-ix86+x86_64

Version: 0.8.2
Check: for old-style vignette sources
Result: NOTE
    Vignette sources only in ‘inst/doc’:
     ‘Introduction.Rnw’
    A ‘vignettes’ directory is required as from R 3.1.0
    and these will not be indexed nor checked
Flavors: r-devel-linux-x86_64-debian-clang, r-devel-linux-x86_64-debian-gcc, r-devel-linux-x86_64-fedora-clang, r-devel-linux-x86_64-fedora-gcc, r-devel-osx-x86_64-clang, r-devel-windows-ix86+x86_64, r-patched-linux-x86_64, r-patched-solaris-sparc, r-patched-solaris-x86, r-release-linux-ix86, r-release-linux-x86_64, r-release-osx-x86_64-mavericks, r-release-osx-x86_64-snowleopard, r-release-windows-ix86+x86_64

Version: 0.8.2
Check: dependencies in R code
Result: NOTE
    Packages in Depends field not imported from:
     'ggplot2' 'methods' 'reshape2'
     These packages need to be imported from for the case when
     this namespace is loaded but not attached.
    See the information on DESCRIPTION files in the chapter 'Creating R
    packages' of the 'Writing R Extensions' manual.
Flavor: r-release-osx-x86_64-snowleopard

Version: 0.8.2
Check: for old-style vignette sources
Result: NOTE
    Vignette sources only in 'inst/doc':
     'Introduction.Rnw'
    A 'vignettes' directory will be required as from R 3.1.0
Flavor: r-oldrel-windows-ix86+x86_64