CRAN Package Check Results for Package prodlim

Last updated on 2014-04-24 15:50:44.

Flavor Version Tinstall Tcheck Ttotal Status Flags
r-devel-linux-x86_64-debian-clang 1.4.2 2.68 26.58 29.27 NOTE
r-devel-linux-x86_64-debian-gcc 1.4.2 2.83 26.74 29.57 NOTE
r-devel-linux-x86_64-fedora-clang 1.4.2 56.26 NOTE
r-devel-linux-x86_64-fedora-gcc 1.4.2 55.51 NOTE
r-devel-osx-x86_64-clang 1.4.2 50.64 NOTE
r-devel-osx-x86_64-gcc 1.4.2 NOTE
r-devel-windows-ix86+x86_64 1.4.2 17.00 42.00 59.00 NOTE
r-patched-linux-x86_64 1.4.2 2.84 26.73 29.58 NOTE
r-patched-solaris-sparc 1.4.2 298.60 NOTE
r-patched-solaris-x86 1.4.2 66.00 NOTE
r-release-linux-ix86 1.4.2 5.00 45.00 50.00 NOTE
r-release-linux-x86_64 1.4.2 2.89 27.75 30.64 NOTE
r-release-osx-x86_64-mavericks 1.4.2 NOTE
r-release-osx-x86_64-snowleopard 1.4.2 OK
r-release-windows-ix86+x86_64 1.4.2 18.00 46.00 64.00 NOTE
r-oldrel-windows-ix86+x86_64 1.4.2 20.00 49.00 69.00 OK

Memtest notes: valgrind

Check Details

Version: 1.4.2
Check: foreign function calls
Result: NOTE
    Calls with DUP = FALSE:
     .C("loo_comprisk", Y = as.double(Y), D = as.double(D), time = as.double(time),
     obsT = as.double(obstimes), status = as.double(status * (E ==
     cause)), lagSurv = as.double(lagSk), F = double(NU *
     N), N = as.integer(N), NT = as.integer(NU), DUP = FALSE,
     PACKAGE = "prodlim")
     .C("loo_surv", Y = as.double(Y), D = as.double(D), time = as.double(time),
     obsT = as.double(obstimes), status = as.double(status), S = double(NU *
     N), N = as.integer(N), NT = as.integer(NU), DUP = FALSE,
     PACKAGE = "prodlim")
     .C("sindex", index = integer(neval), as.double(sort(jump.times)),
     as.double(eval.times[new.order]), as.integer(N), as.integer(neval),
     as.integer(strict), DUP = FALSE, PACKAGE = "prodlim")
    DUP = FALSE is deprecated and may be disabled in future versions of R.
Flavors: r-devel-linux-x86_64-debian-clang, r-devel-linux-x86_64-debian-gcc, r-devel-linux-x86_64-fedora-clang, r-devel-linux-x86_64-fedora-gcc, r-devel-osx-x86_64-clang, r-devel-osx-x86_64-gcc, r-devel-windows-ix86+x86_64, r-patched-linux-x86_64, r-patched-solaris-sparc, r-patched-solaris-x86, r-release-linux-ix86, r-release-linux-x86_64, r-release-osx-x86_64-mavericks, r-release-windows-ix86+x86_64