CRAN Package Check Results for Package prodlim

Last updated on 2015-09-04 23:56:21.

Flavor Version Tinstall Tcheck Ttotal Status Flags
r-devel-linux-x86_64-debian-clang 1.5.1 2.43 25.14 27.57 NOTE
r-devel-linux-x86_64-debian-gcc 1.5.1 2.82 25.38 28.20 NOTE
r-devel-linux-x86_64-fedora-clang 1.5.1 53.31 NOTE
r-devel-linux-x86_64-fedora-gcc 1.5.1 49.71 NOTE
r-devel-osx-x86_64-clang 1.5.1 47.07 OK
r-devel-windows-ix86+x86_64 1.5.1 20.00 51.00 71.00 NOTE
r-patched-linux-x86_64 1.5.1 3.04 25.08 28.12 OK
r-patched-solaris-sparc 1.5.1 333.30 OK
r-patched-solaris-x86 1.5.1 65.00 OK
r-release-linux-x86_64 1.5.1 2.99 25.76 28.75 OK
r-release-osx-x86_64-mavericks 1.5.1 OK
r-release-windows-ix86+x86_64 1.5.1 25.00 52.00 77.00 OK
r-oldrel-windows-ix86+x86_64 1.5.1 30.00 60.00 90.00 OK

Check Details

Version: 1.5.1
Check: R code for possible problems
Result: NOTE
    EventHistory.frame: no visible global function definition for ‘terms’
    EventHistory.frame: no visible global function definition for ‘na.omit’
    EventHistory.frame: no visible global function definition for
     ‘get_all_vars’
    EventHistory.frame: no visible global function definition for
     ‘model.response’
    EventHistory.frame: no visible global function definition for
     ‘model.frame’
    EventHistory.frame: no visible global function definition for ‘update’
    PercentAxis: no visible global function definition for ‘axis’
    atRisk: no visible global function definition for ‘par’
    atRisk: no visible global function definition for ‘mtext’
    atRisk : <anonymous>: no visible global function definition for ‘mtext’
    backGround: no visible global function definition for ‘par’
    backGround: no visible global function definition for ‘rect’
    backGround : <anonymous>: no visible global function definition for
     ‘polygon’
    backGround: no visible global function definition for ‘abline’
    confInt : <anonymous>: no visible global function definition for
     ‘segments’
    confInt : <anonymous>: no visible global function definition for
     ‘polygon’
    confInt : <anonymous>: no visible global function definition for
     ‘lines’
    dimColor: no visible global function definition for ‘col2rgb’
    head.Hist: no visible global function definition for ‘head’
    jackknife.competing.risks: no visible global function definition for
     ‘predict’
    jackknife.survival: no visible global function definition for ‘predict’
    leaveOneOut.survival: no visible global function definition for
     ‘predict’
    lifeTab.competing.risks: no visible global function definition for
     ‘predict’
    lifeTab.survival: no visible global function definition for ‘predict’
    markTime : <anonymous>: no visible global function definition for
     ‘points’
    mean.prodlim: no visible global function definition for ‘predict’
    mean.prodlim: no visible global function definition for
     ‘update.formula’
    mean.prodlim: no visible global function definition for ‘formula’
    model.design: no visible global function definition for
     ‘delete.response’
    model.design: no visible global function definition for ‘drop.terms’
    model.design : <anonymous>: no visible global function definition for
     ‘model.frame’
    model.design : <anonymous>: no visible global function definition for
     ‘.getXlevels’
    model.design : <anonymous>: no visible global function definition for
     ‘model.matrix’
    model.design: no visible global function definition for ‘model.frame’
    model.design: no visible global function definition for ‘.getXlevels’
    model.design: no visible global function definition for ‘model.matrix’
    model.specials: no visible global function definition for
     ‘delete.response’
    modelMatrix: no visible global function definition for ‘model.frame’
    plot.Hist: no visible global function definition for ‘par’
    plot.Hist: no visible global function definition for ‘plot’
    plot.Hist: no visible global function definition for ‘strwidth’
    plot.Hist : <anonymous>: no visible global function definition for
     ‘strwidth’
    plot.Hist : <anonymous>: no visible global function definition for
     ‘strheight’
    plot.Hist: no visible global function definition for ‘strheight’
    plot.Hist : <anonymous>: no visible global function definition for
     ‘text’
    plot.prodlim: no visible global function definition for ‘plot’
    plot.prodlim: no visible global function definition for ‘median’
    plot.prodlim: no visible global function definition for ‘par’
    plot.prodlim: no visible global function definition for ‘strwidth’
    plot.prodlim : <anonymous>: no visible global function definition for
     ‘lines’
    plot.prodlim : <anonymous>: no visible global function definition for
     ‘polygon’
    plot.prodlim: no visible binding for global variable ‘formula’
    plot.prodlim: no visible global function definition for ‘pchisq’
    plotCompetingRiskModel: no visible global function definition for
     ‘plot’
    plotIllnessDeathModel: no visible global function definition for ‘plot’
    plotIntervals: no visible global function definition for ‘plot’
    plotIntervals : <anonymous>: no visible global function definition for
     ‘segments’
    predictCuminc: no visible global function definition for ‘predict’
    predictList: no visible global function definition for ‘update’
    predictList: no visible global function definition for ‘formula’
    predictList: no visible global function definition for ‘drop.terms’
    predictList: no visible global function definition for ‘terms’
    predictSurv: no visible global function definition for ‘predict’
    prodlim: no visible global function definition for ‘qnorm’
    str.Hist: no visible global function definition for ‘str’
    strip.terms: no visible global function definition for ‘reformulate’
    summary.prodlim: no visible global function definition for ‘median’
    Undefined global functions or variables:
     .getXlevels abline axis col2rgb delete.response drop.terms formula
     get_all_vars head lines median model.frame model.matrix
     model.response mtext na.omit par pchisq plot points polygon predict
     qnorm rect reformulate segments str strheight strwidth terms text
     update update.formula
    Consider adding
     importFrom("grDevices", "col2rgb")
     importFrom("graphics", "abline", "axis", "lines", "mtext", "par",
     "plot", "points", "polygon", "rect", "segments",
     "strheight", "strwidth", "text")
     importFrom("stats", ".getXlevels", "delete.response", "drop.terms",
     "formula", "get_all_vars", "median", "model.frame",
     "model.matrix", "model.response", "na.omit", "pchisq",
     "predict", "qnorm", "reformulate", "terms", "update",
     "update.formula")
     importFrom("utils", "head", "str")
    to your NAMESPACE.
Flavors: r-devel-linux-x86_64-debian-clang, r-devel-linux-x86_64-debian-gcc, r-devel-linux-x86_64-fedora-clang, r-devel-linux-x86_64-fedora-gcc, r-devel-windows-ix86+x86_64