CRAN Package Check Results for Package prodlim

Last updated on 2017-02-22 13:51:05.

Flavor Version Tinstall Tcheck Ttotal Status Flags
r-devel-linux-x86_64-debian-clang 1.5.9 5.31 50.92 56.22 NOTE
r-devel-linux-x86_64-debian-gcc 1.5.9 5.18 51.04 56.21 NOTE
r-devel-linux-x86_64-fedora-clang 1.5.9 116.26 NOTE --no-stop-on-test-error
r-devel-linux-x86_64-fedora-gcc 1.5.9 117.38 NOTE --no-stop-on-test-error
r-devel-macos-x86_64-clang 1.5.9 91.45 NOTE --no-stop-on-test-error
r-devel-windows-ix86+x86_64 1.5.9 35.00 205.00 240.00 OK
r-patched-linux-x86_64 1.5.9 4.88 45.52 50.39 OK
r-patched-solaris-sparc 1.5.9 584.60 OK
r-patched-solaris-x86 1.5.9 129.00 OK
r-release-linux-x86_64 1.5.9 4.58 45.09 49.67 OK
r-release-osx-x86_64-mavericks 1.5.9 OK
r-release-windows-ix86+x86_64 1.5.9 57.00 129.00 186.00 OK
r-oldrel-windows-ix86+x86_64 1.5.9 43.00 94.00 137.00 OK

Check Details

Version: 1.5.9
Check: compiled code
Result: NOTE
    File ‘prodlim/libs/prodlim.so’:
     Found no calls to: ‘R_registerRoutines’, ‘R_useDynamicSymbols’
    
    It is good practice to register native routines and to disable symbol
    search.
    
    See ‘Writing portable packages’ in the ‘Writing R Extensions’ manual.
Flavors: r-devel-linux-x86_64-debian-clang, r-devel-linux-x86_64-debian-gcc

Version: 1.5.9
Flags: --no-stop-on-test-error
Check: compiled code
Result: NOTE
    File ‘prodlim/libs/prodlim.so’:
     Found no calls to: ‘R_registerRoutines’, ‘R_useDynamicSymbols’
    
    It is good practice to register native routines and to disable symbol
    search.
    
    See ‘Writing portable packages’ in the ‘Writing R Extensions’ manual.
Flavors: r-devel-linux-x86_64-fedora-clang, r-devel-linux-x86_64-fedora-gcc, r-devel-macos-x86_64-clang