CRAN Package Check Results for Package productivity

Last updated on 2018-01-20 05:49:19 CET.

Flavor Version Tinstall Tcheck Ttotal Status Flags
r-devel-linux-x86_64-debian-clang 1.0.0 2.64 54.98 57.62 OK
r-devel-linux-x86_64-debian-gcc 1.0.0 2.14 41.82 43.96 OK
r-devel-linux-x86_64-fedora-clang 1.0.0 61.74 OK
r-devel-linux-x86_64-fedora-gcc 1.0.0 61.21 OK
r-devel-windows-ix86+x86_64 1.0.0 8.00 67.00 75.00 OK
r-patched-linux-x86_64 1.0.0 2.85 54.95 57.80 OK
r-patched-solaris-x86 1.0.0 81.60 OK
r-release-linux-x86_64 1.0.0 2.43 54.69 57.12 OK
r-release-windows-ix86+x86_64 1.0.0 9.00 61.00 70.00 OK
r-release-osx-x86_64 1.0.0 ERROR
r-oldrel-windows-ix86+x86_64 1.0.0 8.00 81.00 89.00 OK
r-oldrel-osx-x86_64 1.0.0 OK

Check Details

Version: 1.0.0
Check: package dependencies
Result: ERROR
    Package required but not available: ‘Rglpk’
    
    See section ‘The DESCRIPTION file’ in the ‘Writing R Extensions’
    manual.
Flavor: r-release-osx-x86_64