CRAN Package Check Results for Package productivity

Last updated on 2017-09-25 09:48:42.

Flavor Version Tinstall Tcheck Ttotal Status Flags
r-devel-linux-x86_64-debian-clang 1.0.0 4.09 55.03 59.12 OK
r-devel-linux-x86_64-debian-gcc 1.0.0 4.18 55.04 59.23 OK
r-devel-linux-x86_64-fedora-clang 1.0.0 127.06 OK
r-devel-linux-x86_64-fedora-gcc 1.0.0 126.07 OK
r-devel-windows-ix86+x86_64 1.0.0 10.00 93.00 103.00 OK
r-patched-linux-x86_64 1.0.0 4.44 54.53 58.96 OK
r-patched-solaris-x86 1.0.0 167.60 OK
r-release-linux-x86_64 1.0.0 3.95 55.27 59.22 OK
r-release-windows-ix86+x86_64 1.0.0 12.00 98.00 110.00 OK
r-release-osx-x86_64 1.0.0 ERROR
r-oldrel-windows-ix86+x86_64 1.0.0 12.00 88.00 100.00 OK
r-oldrel-osx-x86_64 1.0.0 OK

Check Details

Version: 1.0.0
Check: package dependencies
Result: ERROR
    Package required but not available: ‘Rglpk’
    
    See section ‘The DESCRIPTION file’ in the ‘Writing R Extensions’
    manual.
Flavor: r-release-osx-x86_64