CRAN Package Check Results for Package productivity

Last updated on 2017-11-19 17:48:53.

Flavor Version Tinstall Tcheck Ttotal Status Flags
r-devel-linux-x86_64-debian-clang 1.0.0 1.91 33.22 35.12 OK
r-devel-linux-x86_64-debian-gcc 1.0.0 2.31 35.63 37.94 OK
r-devel-linux-x86_64-fedora-clang 1.0.0 62.17 OK
r-devel-linux-x86_64-fedora-gcc 1.0.0 94.77 OK
r-devel-windows-ix86+x86_64 1.0.0 5.00 65.00 70.00 OK
r-patched-linux-x86_64 1.0.0 1.81 33.52 35.33 OK
r-patched-solaris-x86 1.0.0 76.80 OK
r-release-linux-x86_64 1.0.0 1.72 35.61 37.33 OK
r-release-windows-ix86+x86_64 1.0.0 6.00 87.00 93.00 OK
r-release-osx-x86_64 1.0.0 ERROR
r-oldrel-windows-ix86+x86_64 1.0.0 7.00 77.00 84.00 OK
r-oldrel-osx-x86_64 1.0.0 OK

Check Details

Version: 1.0.0
Check: package dependencies
Result: ERROR
    Package required but not available: ‘Rglpk’
    
    See section ‘The DESCRIPTION file’ in the ‘Writing R Extensions’
    manual.
Flavor: r-release-osx-x86_64