CRAN Package Check Results for Package profdpm

Last updated on 2016-05-24 15:46:52.

Flavor Version Tinstall Tcheck Ttotal Status Flags
r-devel-linux-x86_64-debian-gcc 3.3 2.10 24.00 26.10 NOTE
r-devel-linux-x86_64-fedora-clang 3.3 49.34 NOTE
r-devel-linux-x86_64-fedora-gcc 3.3 47.60 NOTE
r-devel-osx-x86_64-clang 3.3 45.92 NOTE
r-devel-windows-ix86+x86_64 3.3 11.00 72.00 83.00 NOTE
r-patched-linux-x86_64 3.3 1.88 23.72 25.60 NOTE
r-patched-solaris-sparc 3.3 319.10 NOTE
r-patched-solaris-x86 3.3 72.00 NOTE
r-release-linux-x86_64 3.3 1.93 23.89 25.82 NOTE
r-release-osx-x86_64-mavericks 3.3 NOTE
r-release-windows-ix86+x86_64 3.3 11.00 72.00 83.00 NOTE
r-oldrel-windows-ix86+x86_64 3.3 15.00 75.00 90.00 OK

Check Details

Version: 3.3
Check: R code for possible problems
Result: NOTE
    profBinary: no visible global function definition for ‘model.frame’
    profBinary: no visible global function definition for ‘model.matrix’
    profLinear: no visible global function definition for ‘model.frame’
    profLinear: no visible global function definition for ‘model.matrix’
    profLinear: no visible global function definition for ‘model.response’
    profLinear: no visible global function definition for ‘model.extract’
    summary.profBinary: no visible global function definition for ‘terms’
    summary.profBinary: no visible global function definition for ‘qbeta’
    summary.profLinear: no visible global function definition for ‘terms’
    Undefined global functions or variables:
     model.extract model.frame model.matrix model.response qbeta terms
    Consider adding
     importFrom("stats", "model.extract", "model.frame", "model.matrix",
     "model.response", "qbeta", "terms")
    to your NAMESPACE file.
Flavors: r-devel-linux-x86_64-debian-gcc, r-devel-linux-x86_64-fedora-clang, r-devel-linux-x86_64-fedora-gcc, r-devel-osx-x86_64-clang, r-devel-windows-ix86+x86_64, r-patched-linux-x86_64, r-patched-solaris-sparc, r-patched-solaris-x86, r-release-linux-x86_64, r-release-osx-x86_64-mavericks, r-release-windows-ix86+x86_64