CRAN Package Check Results for Package profdpm

Last updated on 2016-04-30 06:47:37.

Flavor Version Tinstall Tcheck Ttotal Status Flags
r-devel-linux-x86_64-debian-gcc 3.3 1.92 24.33 26.25 NOTE
r-devel-linux-x86_64-fedora-clang 3.3 49.70 NOTE
r-devel-linux-x86_64-fedora-gcc 3.3 47.71 NOTE
r-devel-osx-x86_64-clang 3.3 45.53 NOTE
r-devel-windows-ix86+x86_64 3.3 11.00 64.00 75.00 NOTE
r-patched-linux-x86_64 3.3 1.96 23.95 25.90 NOTE
r-patched-solaris-sparc 3.3 320.40 NOTE
r-patched-solaris-x86 3.3 71.70 NOTE
r-release-linux-x86_64 3.3 2.02 35.71 37.73 OK
r-release-osx-x86_64-mavericks 3.3 OK
r-release-windows-ix86+x86_64 3.3 15.00 75.00 90.00 OK
r-oldrel-windows-ix86+x86_64 3.3 17.00 77.00 94.00 OK

Check Details

Version: 3.3
Check: R code for possible problems
Result: NOTE
    profBinary: no visible global function definition for ‘model.frame’
    profBinary: no visible global function definition for ‘model.matrix’
    profLinear: no visible global function definition for ‘model.frame’
    profLinear: no visible global function definition for ‘model.matrix’
    profLinear: no visible global function definition for ‘model.response’
    profLinear: no visible global function definition for ‘model.extract’
    summary.profBinary: no visible global function definition for ‘terms’
    summary.profBinary: no visible global function definition for ‘qbeta’
    summary.profLinear: no visible global function definition for ‘terms’
    Undefined global functions or variables:
     model.extract model.frame model.matrix model.response qbeta terms
    Consider adding
     importFrom("stats", "model.extract", "model.frame", "model.matrix",
     "model.response", "qbeta", "terms")
    to your NAMESPACE file.
Flavors: r-devel-linux-x86_64-debian-gcc, r-devel-linux-x86_64-fedora-clang, r-devel-linux-x86_64-fedora-gcc, r-devel-osx-x86_64-clang, r-devel-windows-ix86+x86_64, r-patched-linux-x86_64, r-patched-solaris-sparc, r-patched-solaris-x86