CRAN Package Check Results for Package profdpm

Last updated on 2017-02-24 23:52:45.

Flavor Version Tinstall Tcheck Ttotal Status Flags
r-devel-linux-x86_64-debian-clang 3.3 2.42 26.78 29.20 NOTE
r-devel-linux-x86_64-debian-gcc 3.3 2.20 26.14 28.34 NOTE
r-devel-linux-x86_64-fedora-clang 3.3 74.00 NOTE --no-stop-on-test-error
r-devel-linux-x86_64-fedora-gcc 3.3 65.42 NOTE --no-stop-on-test-error
r-devel-macos-x86_64-clang 3.3 38.30 NOTE --no-stop-on-test-error
r-devel-windows-ix86+x86_64 3.3 13.00 79.00 92.00 NOTE
r-patched-linux-x86_64 3.3 1.90 24.05 25.95 NOTE
r-patched-solaris-sparc 3.3 321.00 NOTE
r-patched-solaris-x86 3.3 77.50 NOTE
r-release-linux-x86_64 3.3 1.82 24.38 26.20 NOTE
r-release-osx-x86_64-mavericks 3.3 NOTE
r-release-windows-ix86+x86_64 3.3 11.00 62.00 73.00 NOTE
r-oldrel-windows-ix86+x86_64 3.3 14.00 83.00 97.00 OK

Check Details

Version: 3.3
Check: R code for possible problems
Result: NOTE
    profBinary: no visible global function definition for ‘model.frame’
    profBinary: no visible global function definition for ‘model.matrix’
    profLinear: no visible global function definition for ‘model.frame’
    profLinear: no visible global function definition for ‘model.matrix’
    profLinear: no visible global function definition for ‘model.response’
    profLinear: no visible global function definition for ‘model.extract’
    summary.profBinary: no visible global function definition for ‘terms’
    summary.profBinary: no visible global function definition for ‘qbeta’
    summary.profLinear: no visible global function definition for ‘terms’
    Undefined global functions or variables:
     model.extract model.frame model.matrix model.response qbeta terms
    Consider adding
     importFrom("stats", "model.extract", "model.frame", "model.matrix",
     "model.response", "qbeta", "terms")
    to your NAMESPACE file.
Flavors: r-devel-linux-x86_64-debian-clang, r-devel-linux-x86_64-debian-gcc, r-devel-windows-ix86+x86_64, r-patched-linux-x86_64, r-patched-solaris-sparc, r-patched-solaris-x86, r-release-linux-x86_64, r-release-osx-x86_64-mavericks, r-release-windows-ix86+x86_64

Version: 3.3
Check: compiled code
Result: NOTE
    File ‘profdpm/libs/profdpm.so’:
     Found no calls to: ‘R_registerRoutines’, ‘R_useDynamicSymbols’
    
    It is good practice to register native routines and to disable symbol
    search.
    
    See ‘Writing portable packages’ in the ‘Writing R Extensions’ manual.
Flavors: r-devel-linux-x86_64-debian-clang, r-devel-linux-x86_64-debian-gcc

Version: 3.3
Flags: --no-stop-on-test-error
Check: R code for possible problems
Result: NOTE
    profBinary: no visible global function definition for ‘model.frame’
    profBinary: no visible global function definition for ‘model.matrix’
    profLinear: no visible global function definition for ‘model.frame’
    profLinear: no visible global function definition for ‘model.matrix’
    profLinear: no visible global function definition for ‘model.response’
    profLinear: no visible global function definition for ‘model.extract’
    summary.profBinary: no visible global function definition for ‘terms’
    summary.profBinary: no visible global function definition for ‘qbeta’
    summary.profLinear: no visible global function definition for ‘terms’
    Undefined global functions or variables:
     model.extract model.frame model.matrix model.response qbeta terms
    Consider adding
     importFrom("stats", "model.extract", "model.frame", "model.matrix",
     "model.response", "qbeta", "terms")
    to your NAMESPACE file.
Flavors: r-devel-linux-x86_64-fedora-clang, r-devel-linux-x86_64-fedora-gcc, r-devel-macos-x86_64-clang

Version: 3.3
Flags: --no-stop-on-test-error
Check: compiled code
Result: NOTE
    File ‘profdpm/libs/profdpm.so’:
     Found no calls to: ‘R_registerRoutines’, ‘R_useDynamicSymbols’
    
    It is good practice to register native routines and to disable symbol
    search.
    
    See ‘Writing portable packages’ in the ‘Writing R Extensions’ manual.
Flavors: r-devel-linux-x86_64-fedora-clang, r-devel-linux-x86_64-fedora-gcc, r-devel-macos-x86_64-clang