CRAN Package Check Results for Package profdpm

Last updated on 2014-07-22 15:51:55.

Flavor Version Tinstall Tcheck Ttotal Status Flags
r-devel-linux-x86_64-debian-clang 3.3 1.78 36.79 38.57 OK
r-devel-linux-x86_64-debian-gcc 3.3 1.75 35.96 37.71 OK
r-devel-linux-x86_64-fedora-clang 3.3 82.20 OK
r-devel-linux-x86_64-fedora-gcc 3.3 79.49 OK
r-devel-osx-x86_64-clang 3.3 56.35 OK
r-devel-windows-ix86+x86_64 3.3 12.00 69.00 81.00 OK
r-patched-linux-x86_64 3.3 1.74 36.19 37.93 OK
r-patched-solaris-sparc 3.3 536.30 OK
r-patched-solaris-x86 3.3 129.10 OK
r-release-linux-ix86 3.3 2.71 57.66 60.37 OK
r-release-linux-x86_64 3.3 1.79 35.95 37.74 OK
r-release-osx-x86_64-mavericks 3.3 NOTE
r-release-windows-ix86+x86_64 3.3 16.00 67.00 83.00 OK
r-oldrel-windows-ix86+x86_64 3.3 14.00 104.00 118.00 OK

Check Details

Version: 3.3
Check: re-building of vignette outputs
Result: NOTE
    Error in re-building vignettes:
     ...
    Error in texi2dvi(file = file, pdf = TRUE, clean = clean, quiet = quiet, :
     Running 'texi2dvi' on 'profdpm.tex' failed.
    LaTeX errors:
    ! LaTeX Error: File `algorithmic.sty' not found.
    
    Type X to quit or <RETURN> to proceed,
    or enter new name. (Default extension: sty)
    
    _test/profdpm/vignettes/profdpm.tex:58: ==> Fatal error occurred, no output PD
    F file produced!
    Calls: buildVignettes -> texi2pdf -> texi2dvi
    Execution halted
Flavor: r-release-osx-x86_64-mavericks