CRAN Package Check Results for Package profdpm

Last updated on 2015-08-29 20:48:11.

Flavor Version Tinstall Tcheck Ttotal Status Flags
r-devel-linux-x86_64-debian-clang 3.3 1.80 36.51 38.31 NOTE
r-devel-linux-x86_64-debian-gcc 3.3 1.77 35.80 37.57 NOTE
r-devel-linux-x86_64-fedora-clang 3.3 75.14 NOTE
r-devel-linux-x86_64-fedora-gcc 3.3 73.11 NOTE
r-devel-osx-x86_64-clang 3.3 49.67 OK
r-devel-windows-ix86+x86_64 3.3 28.00 80.00 108.00 NOTE
r-patched-linux-x86_64 3.3 1.85 36.21 38.06 OK
r-patched-solaris-sparc 3.3 565.20 OK
r-patched-solaris-x86 3.3 125.60 OK
r-release-linux-x86_64 3.3 1.84 36.83 38.67 OK
r-release-osx-x86_64-mavericks 3.3 OK
r-release-windows-ix86+x86_64 3.3 24.00 78.00 102.00 OK
r-oldrel-windows-ix86+x86_64 3.3 17.00 77.00 94.00 OK

Check Details

Version: 3.3
Check: R code for possible problems
Result: NOTE
    profBinary: no visible global function definition for ‘model.frame’
    profBinary: no visible global function definition for ‘model.matrix’
    profLinear: no visible global function definition for ‘model.frame’
    profLinear: no visible global function definition for ‘model.matrix’
    profLinear: no visible global function definition for ‘model.response’
    profLinear: no visible global function definition for ‘model.extract’
    summary.profBinary: no visible global function definition for ‘terms’
    summary.profBinary: no visible global function definition for ‘qbeta’
    summary.profLinear: no visible global function definition for ‘terms’
    Undefined global functions or variables:
     model.extract model.frame model.matrix model.response qbeta terms
    Consider adding
     importFrom("stats", "model.extract", "model.frame", "model.matrix",
     "model.response", "qbeta", "terms")
    to your NAMESPACE.
Flavors: r-devel-linux-x86_64-debian-clang, r-devel-linux-x86_64-debian-gcc, r-devel-linux-x86_64-fedora-clang, r-devel-linux-x86_64-fedora-gcc, r-devel-windows-ix86+x86_64