CRAN Package Check Results for Package profdpm

Last updated on 2014-12-20 12:47:33.

Flavor Version Tinstall Tcheck Ttotal Status Flags
r-devel-linux-x86_64-debian-clang 3.3 1.74 38.69 40.44 OK
r-devel-linux-x86_64-debian-gcc 3.3 2.03 38.04 40.06 OK
r-devel-linux-x86_64-fedora-clang 3.3 82.34 OK
r-devel-linux-x86_64-fedora-gcc 3.3 78.40 OK
r-devel-osx-x86_64-clang 3.3 59.67 OK
r-devel-windows-ix86+x86_64 3.3 13.00 69.00 82.00 OK
r-patched-linux-x86_64 3.3 1.85 39.85 41.70 OK
r-patched-solaris-sparc 3.3 535.40 OK
r-patched-solaris-x86 3.3 126.20 OK
r-release-linux-ix86 3.3 2.67 56.12 58.80 OK
r-release-linux-x86_64 3.3 1.83 38.29 40.12 OK
r-release-osx-x86_64-mavericks 3.3 NOTE
r-release-windows-ix86+x86_64 3.3 12.00 70.00 82.00 OK
r-oldrel-windows-ix86+x86_64 3.3 14.00 104.00 118.00 OK

Check Details

Version: 3.3
Check: re-building of vignette outputs
Result: NOTE
    Error in re-building vignettes:
     ...
    Error in texi2dvi(file = file, pdf = TRUE, clean = clean, quiet = quiet, :
     Running 'texi2dvi' on 'profdpm.tex' failed.
    LaTeX errors:
    ! LaTeX Error: File `algorithmic.sty' not found.
    
    Type X to quit or <RETURN> to proceed,
    or enter new name. (Default extension: sty)
    
    _test/profdpm/vignettes/profdpm.tex:58: ==> Fatal error occurred, no output PD
    F file produced!
    Calls: buildVignettes -> texi2pdf -> texi2dvi
    Execution halted
Flavor: r-release-osx-x86_64-mavericks