CRAN Package Check Results for Package profdpm

Last updated on 2014-11-29 08:53:25.

Flavor Version Tinstall Tcheck Ttotal Status Flags
r-devel-linux-x86_64-debian-clang 3.3 1.65 39.46 41.11 OK
r-devel-linux-x86_64-debian-gcc 3.3 2.03 38.18 40.21 OK
r-devel-linux-x86_64-fedora-clang 3.3 81.47 OK
r-devel-linux-x86_64-fedora-gcc 3.3 78.78 OK
r-devel-osx-x86_64-clang 3.3 59.37 OK
r-devel-windows-ix86+x86_64 3.3 12.00 68.00 80.00 OK
r-patched-linux-x86_64 3.3 1.89 37.84 39.74 OK
r-patched-solaris-sparc 3.3 535.40 OK
r-patched-solaris-x86 3.3 125.50 OK
r-release-linux-ix86 3.3 2.66 56.28 58.93 OK
r-release-linux-x86_64 3.3 1.87 39.98 41.84 OK
r-release-osx-x86_64-mavericks 3.3 NOTE
r-release-windows-ix86+x86_64 3.3 12.00 70.00 82.00 OK
r-oldrel-windows-ix86+x86_64 3.3 14.00 104.00 118.00 OK

Check Details

Version: 3.3
Check: re-building of vignette outputs
Result: NOTE
    Error in re-building vignettes:
     ...
    Error in texi2dvi(file = file, pdf = TRUE, clean = clean, quiet = quiet, :
     Running 'texi2dvi' on 'profdpm.tex' failed.
    LaTeX errors:
    ! LaTeX Error: File `algorithmic.sty' not found.
    
    Type X to quit or <RETURN> to proceed,
    or enter new name. (Default extension: sty)
    
    _test/profdpm/vignettes/profdpm.tex:58: ==> Fatal error occurred, no output PD
    F file produced!
    Calls: buildVignettes -> texi2pdf -> texi2dvi
    Execution halted
Flavor: r-release-osx-x86_64-mavericks