CRAN Package Check Results for Package profdpm

Last updated on 2016-02-10 11:55:24.

Flavor Version Tinstall Tcheck Ttotal Status Flags
r-devel-linux-x86_64-debian-gcc 3.3 1.84 22.64 24.48 NOTE
r-devel-linux-x86_64-fedora-clang 3.3 48.91 NOTE
r-devel-linux-x86_64-fedora-gcc 3.3 47.27 NOTE
r-devel-osx-x86_64-clang 3.3 44.58 NOTE
r-devel-windows-ix86+x86_64 3.3 19.00 54.00 73.00 NOTE
r-patched-linux-x86_64 3.3 1.97 34.94 36.90 OK
r-patched-solaris-sparc 3.3 532.50 OK
r-patched-solaris-x86 3.3 115.50 OK
r-release-linux-x86_64 3.3 1.96 34.85 36.81 OK
r-release-osx-x86_64-mavericks 3.3 OK
r-release-windows-ix86+x86_64 3.3 15.00 75.00 90.00 OK
r-oldrel-windows-ix86+x86_64 3.3 17.00 77.00 94.00 OK

Check Details

Version: 3.3
Check: R code for possible problems
Result: NOTE
    profBinary: no visible global function definition for ‘model.frame’
    profBinary: no visible global function definition for ‘model.matrix’
    profLinear: no visible global function definition for ‘model.frame’
    profLinear: no visible global function definition for ‘model.matrix’
    profLinear: no visible global function definition for ‘model.response’
    profLinear: no visible global function definition for ‘model.extract’
    summary.profBinary: no visible global function definition for ‘terms’
    summary.profBinary: no visible global function definition for ‘qbeta’
    summary.profLinear: no visible global function definition for ‘terms’
    Undefined global functions or variables:
     model.extract model.frame model.matrix model.response qbeta terms
    Consider adding
     importFrom("stats", "model.extract", "model.frame", "model.matrix",
     "model.response", "qbeta", "terms")
    to your NAMESPACE file.
Flavors: r-devel-linux-x86_64-debian-gcc, r-devel-linux-x86_64-fedora-clang, r-devel-linux-x86_64-fedora-gcc, r-devel-osx-x86_64-clang, r-devel-windows-ix86+x86_64