Last updated on 2023-02-09 10:06:18 CET.
Flavor | Version | Tinstall | Tcheck | Ttotal | Status | Flags |
---|---|---|---|---|---|---|
r-devel-linux-x86_64-debian-clang | 0.6.1 | 3.26 | 35.74 | 39.00 | NOTE | |
r-devel-linux-x86_64-debian-gcc | 0.6.1 | 2.52 | 26.94 | 29.46 | NOTE | |
r-devel-linux-x86_64-fedora-clang | 0.6.1 | 49.01 | NOTE | |||
r-devel-linux-x86_64-fedora-gcc | 0.6.1 | 46.80 | NOTE | |||
r-devel-windows-x86_64 | 0.6.1 | 21.00 | 67.00 | 88.00 | NOTE | |
r-patched-linux-x86_64 | 0.6.1 | 2.69 | 34.60 | 37.29 | OK | |
r-release-linux-x86_64 | 0.6.1 | 2.24 | 34.19 | 36.43 | OK | |
r-release-macos-arm64 | 0.6.1 | 19.00 | OK | |||
r-release-macos-x86_64 | 0.6.1 | 26.00 | OK | |||
r-release-windows-x86_64 | 0.6.1 | 19.00 | 65.00 | 84.00 | OK | |
r-oldrel-macos-arm64 | 0.6.1 | 23.00 | OK | |||
r-oldrel-macos-x86_64 | 0.6.1 | 35.00 | OK | |||
r-oldrel-windows-ix86+x86_64 | 0.6.1 | 8.00 | 56.00 | 64.00 | OK |
Version: 0.6.1
Check: Rd files
Result: NOTE
checkRd: (-1) plot.profileModel.Rd:69: Escaped LaTeX specials: \&
checkRd: (-1) profileModel.Rd:277: Escaped LaTeX specials: \&
Flavors: r-devel-linux-x86_64-debian-clang, r-devel-linux-x86_64-debian-gcc, r-devel-linux-x86_64-fedora-clang, r-devel-linux-x86_64-fedora-gcc, r-devel-windows-x86_64