CRAN Package Check Results for Package profileModel

Last updated on 2014-04-24 09:49:07.

Flavor Version Tinstall Tcheck Ttotal Status Flags
r-devel-linux-x86_64-debian-clang 0.5-9 0.66 18.38 19.04 OK
r-devel-linux-x86_64-debian-gcc 0.5-9 0.63 18.92 19.55 OK
r-devel-linux-x86_64-fedora-clang 0.5-9 39.84 OK
r-devel-linux-x86_64-fedora-gcc 0.5-9 37.35 OK
r-devel-osx-x86_64-clang 0.5-9 36.35 OK
r-devel-osx-x86_64-gcc 0.5-9 OK
r-devel-windows-ix86+x86_64 0.5-9 2.00 31.00 33.00 OK
r-patched-linux-x86_64 0.5-9 0.62 18.17 18.80 OK
r-patched-solaris-sparc 0.5-9 207.80 OK
r-patched-solaris-x86 0.5-9 49.70 OK
r-release-linux-ix86 0.5-9 1.00 32.00 33.00 OK
r-release-linux-x86_64 0.5-9 0.64 18.97 19.61 OK
r-release-osx-x86_64-mavericks 0.5-9 WARN
r-release-windows-ix86+x86_64 0.5-9 2.00 28.00 30.00 OK
r-oldrel-windows-ix86+x86_64 0.5-9 3.00 28.00 31.00 OK

Check Details

Version: 0.5-9
Check: PDF version of manual
Result: WARNING
    LaTeX errors when creating PDF version.
    This typically indicates Rd problems.
    LaTeX errors found:
    ! LaTeX Error: File `upquote.sty' not found.
    
    Type X to quit or <RETURN> to proceed,
    or enter new name. (Default extension: sty)
    
    c13f4b3/Rd2.tex:8: ==> Fatal error occurred, no output PDF file produced!
Flavor: r-release-osx-x86_64-mavericks