CRAN Package Check Results for Package profileModel

Last updated on 2015-07-03 07:48:11.

Flavor Version Tinstall Tcheck Ttotal Status Flags
r-devel-linux-x86_64-debian-clang 0.5-9 0.60 15.14 15.74 NOTE
r-devel-linux-x86_64-debian-gcc 0.5-9 0.58 14.80 15.38 NOTE
r-devel-linux-x86_64-fedora-clang 0.5-9 30.40 NOTE
r-devel-linux-x86_64-fedora-gcc 0.5-9 28.58 NOTE
r-devel-osx-x86_64-clang 0.5-9 30.33 OK
r-devel-windows-ix86+x86_64 0.5-9 3.00 26.00 29.00 NOTE
r-patched-linux-x86_64 0.5-9 0.61 15.32 15.93 OK
r-patched-solaris-sparc 0.5-9 194.80 OK
r-patched-solaris-x86 0.5-9 41.60 OK
r-release-linux-x86_64 0.5-9 0.60 15.36 15.96 OK
r-release-osx-x86_64-mavericks 0.5-9 OK
r-release-windows-ix86+x86_64 0.5-9 2.00 28.00 30.00 OK
r-oldrel-windows-ix86+x86_64 0.5-9 3.00 27.00 30.00 OK

Check Details

Version: 0.5-9
Check: R code for possible problems
Result: NOTE
    confintModel: no visible global function definition for ‘qchisq’
    confintModel: no visible global function definition for ‘coef’
    pairs.profileModel: no visible global function definition for ‘update’
    pairs.profileModel: no visible global function definition for ‘coef’
    pairs.profileModel: no visible global function definition for ‘formula’
    pairs.profileModel: no visible global function definition for ‘par’
    pairs.profileModel: no visible global function definition for ‘frame’
    pairs.profileModel: no visible global function definition for ‘mtext’
    pairs.profileModel: no visible global function definition for ‘plot’
    pairs.profileModel: no visible global function definition for ‘text’
    pairs.profileModel: no visible global function definition for ‘spline’
    pairs.profileModel: no visible global function definition for
     ‘segments’
    pairs.profileModel: no visible global function definition for ‘lines’
    pairs.profileModel: no visible global function definition for ‘points’
    pairs.profileModel: no visible global function definition for ‘axis’
    plot.profileModel: no visible global function definition for ‘par’
    plot.profileModel : temp.plot: no visible global function definition
     for ‘plot’
    plot.profileModel : temp.plot: no visible global function definition
     for ‘points’
    plot.profileModel: no visible global function definition for ‘coef’
    plot.profileModel: no visible global function definition for ‘update’
    plot.profileModel: no visible global function definition for ‘approx’
    plot.profileModel: no visible global function definition for ‘spline’
    plot.profileModel: no visible global function definition for ‘points’
    plot.profileModel: no visible global function definition for ‘text’
    prelim.profiling: no visible global function definition for ‘qchisq’
    prelim.profiling: no visible global function definition for ‘coef’
    prelim.profiling: no visible global function definition for
     ‘model.frame’
    prelim.profiling: no visible global function definition for
     ‘model.response’
    prelim.profiling: no visible global function definition for
     ‘model.matrix’
    prelim.profiling: no visible global function definition for
     ‘model.offset’
    prelim.profiling: no visible global function definition for
     ‘as.formula’
    profSmooth.profileModel: no visible global function definition for
     ‘spline’
    profSmooth.profileModel: no visible global function definition for
     ‘approx’
    profZoom.profileModel: no visible global function definition for ‘coef’
    profileModel: no visible global function definition for ‘coef’
    profiling: no visible global function definition for ‘coef’
    profiling: no visible global function definition for ‘model.frame’
    profiling: no visible global function definition for ‘model.response’
    profiling: no visible global function definition for ‘model.matrix’
    profiling: no visible global function definition for ‘model.offset’
    profiling: no visible global function definition for ‘as.formula’
    signedSquareRoots.profileModel: no visible binding for global variable
     ‘fitted’
    Undefined global functions or variables:
     approx as.formula axis coef fitted formula frame lines model.frame
     model.matrix model.offset model.response mtext par plot points qchisq
     segments spline text update
Flavors: r-devel-linux-x86_64-debian-clang, r-devel-linux-x86_64-debian-gcc, r-devel-linux-x86_64-fedora-clang, r-devel-linux-x86_64-fedora-gcc, r-devel-windows-ix86+x86_64