CRAN Package Check Results for Package profileModel

Last updated on 2015-08-03 06:47:16.

Flavor Version Tinstall Tcheck Ttotal Status Flags
r-devel-linux-x86_64-debian-clang 0.5-9 0.59 15.39 15.98 NOTE
r-devel-linux-x86_64-debian-gcc 0.5-9 0.56 14.84 15.40 NOTE
r-devel-linux-x86_64-fedora-clang 0.5-9 30.82 NOTE
r-devel-linux-x86_64-fedora-gcc 0.5-9 29.05 NOTE
r-devel-osx-x86_64-clang 0.5-9 28.73 OK
r-devel-windows-ix86+x86_64 0.5-9 3.00 26.00 29.00 NOTE
r-patched-linux-x86_64 0.5-9 0.61 15.23 15.84 OK
r-patched-solaris-sparc 0.5-9 197.90 OK
r-patched-solaris-x86 0.5-9 40.30 OK
r-release-linux-x86_64 0.5-9 0.61 15.29 15.90 OK
r-release-osx-x86_64-mavericks 0.5-9 OK
r-release-windows-ix86+x86_64 0.5-9 4.00 42.00 46.00 OK
r-oldrel-windows-ix86+x86_64 0.5-9 4.00 30.00 34.00 OK

Check Details

Version: 0.5-9
Check: R code for possible problems
Result: NOTE
    confintModel: no visible global function definition for ‘qchisq’
    confintModel: no visible global function definition for ‘coef’
    pairs.profileModel: no visible global function definition for ‘update’
    pairs.profileModel: no visible global function definition for ‘coef’
    pairs.profileModel: no visible global function definition for ‘formula’
    pairs.profileModel: no visible global function definition for ‘par’
    pairs.profileModel: no visible global function definition for ‘frame’
    pairs.profileModel: no visible global function definition for ‘mtext’
    pairs.profileModel: no visible global function definition for ‘plot’
    pairs.profileModel: no visible global function definition for ‘text’
    pairs.profileModel: no visible global function definition for ‘spline’
    pairs.profileModel: no visible global function definition for
     ‘segments’
    pairs.profileModel: no visible global function definition for ‘lines’
    pairs.profileModel: no visible global function definition for ‘points’
    pairs.profileModel: no visible global function definition for ‘axis’
    plot.profileModel: no visible global function definition for ‘par’
    plot.profileModel : temp.plot: no visible global function definition
     for ‘plot’
    plot.profileModel : temp.plot: no visible global function definition
     for ‘points’
    plot.profileModel: no visible global function definition for ‘coef’
    plot.profileModel: no visible global function definition for ‘update’
    plot.profileModel: no visible global function definition for ‘approx’
    plot.profileModel: no visible global function definition for ‘spline’
    plot.profileModel: no visible global function definition for ‘points’
    plot.profileModel: no visible global function definition for ‘text’
    prelim.profiling: no visible global function definition for ‘qchisq’
    prelim.profiling: no visible global function definition for ‘coef’
    prelim.profiling: no visible global function definition for
     ‘model.frame’
    prelim.profiling: no visible global function definition for
     ‘model.response’
    prelim.profiling: no visible global function definition for
     ‘model.matrix’
    prelim.profiling: no visible global function definition for
     ‘model.offset’
    prelim.profiling: no visible global function definition for
     ‘as.formula’
    profSmooth.profileModel: no visible global function definition for
     ‘spline’
    profSmooth.profileModel: no visible global function definition for
     ‘approx’
    profZoom.profileModel: no visible global function definition for ‘coef’
    profileModel: no visible global function definition for ‘coef’
    profiling: no visible global function definition for ‘coef’
    profiling: no visible global function definition for ‘model.frame’
    profiling: no visible global function definition for ‘model.response’
    profiling: no visible global function definition for ‘model.matrix’
    profiling: no visible global function definition for ‘model.offset’
    profiling: no visible global function definition for ‘as.formula’
    signedSquareRoots.profileModel: no visible binding for global variable
     ‘fitted’
    Undefined global functions or variables:
     approx as.formula axis coef fitted formula frame lines model.frame
     model.matrix model.offset model.response mtext par plot points qchisq
     segments spline text update
    Consider adding
     importFrom("graphics", "axis", "frame", "lines", "mtext", "par",
     "plot", "points", "segments", "text")
     importFrom("stats", "approx", "as.formula", "coef", "fitted",
     "formula", "model.frame", "model.matrix", "model.offset",
     "model.response", "qchisq", "spline", "update")
    to your NAMESPACE.
Flavors: r-devel-linux-x86_64-debian-clang, r-devel-linux-x86_64-debian-gcc, r-devel-linux-x86_64-fedora-clang, r-devel-linux-x86_64-fedora-gcc, r-devel-windows-ix86+x86_64