CRAN Package Check Results for Package profileR

Last updated on 2024-02-29 21:56:30 CET.

Flavor Version Tinstall Tcheck Ttotal Status Flags
r-devel-linux-x86_64-debian-clang 0.3-5 5.83 61.98 67.81 NOTE
r-devel-linux-x86_64-debian-gcc 0.3-5 5.59 46.55 52.14 NOTE
r-devel-linux-x86_64-fedora-clang 0.3-5 85.00 NOTE
r-devel-linux-x86_64-fedora-gcc 0.3-5 82.28 NOTE
r-devel-windows-x86_64 0.3-5 8.00 68.00 76.00 OK
r-patched-linux-x86_64 0.3-5 7.31 59.88 67.19 OK
r-release-linux-x86_64 0.3-5 7.30 59.42 66.72 OK
r-release-macos-arm64 0.3-5 29.00 OK
r-release-macos-x86_64 0.3-5 42.00 OK
r-release-windows-x86_64 0.3-5 10.00 76.00 86.00 OK
r-oldrel-macos-arm64 0.3-5 30.00 OK
r-oldrel-windows-x86_64 0.3-5 11.00 78.00 89.00 OK

Check Details

Version: 0.3-5
Check: Rd files
Result: NOTE checkRd: (-1) PS.Rd:9: Lost braces 9 | \item{CD}{}{Character disorder scale score} | ^ Flavors: r-devel-linux-x86_64-debian-clang, r-devel-linux-x86_64-debian-gcc, r-devel-linux-x86_64-fedora-clang, r-devel-linux-x86_64-fedora-gcc