CRAN Package Check Results for Package profr

Last updated on 2014-12-22 19:48:29.

Flavor Version Tinstall Tcheck Ttotal Status Flags
r-devel-linux-x86_64-debian-clang 0.3.1 1.11 15.62 16.73 NOTE
r-devel-linux-x86_64-debian-gcc 0.3.1 1.01 14.94 15.94 NOTE
r-devel-linux-x86_64-fedora-clang 0.3.1 33.51 NOTE
r-devel-linux-x86_64-fedora-gcc 0.3.1 31.32 NOTE
r-devel-osx-x86_64-clang 0.3.1 32.19 NOTE
r-devel-windows-ix86+x86_64 0.3.1 4.00 23.00 27.00 NOTE
r-patched-linux-x86_64 0.3.1 1.24 15.57 16.81 NOTE
r-patched-solaris-sparc 0.3.1 196.00 NOTE
r-patched-solaris-x86 0.3.1 46.00 NOTE
r-release-linux-ix86 0.3.1 1.38 21.16 22.54 NOTE
r-release-linux-x86_64 0.3.1 1.06 15.14 16.20 NOTE
r-release-osx-x86_64-mavericks 0.3.1 OK
r-release-osx-x86_64-snowleopard 0.3.1 OK
r-release-windows-ix86+x86_64 0.3.1 4.00 26.00 30.00 NOTE
r-oldrel-windows-ix86+x86_64 0.3.1 4.00 27.00 31.00 OK

Check Details

Version: 0.3.1
Check: R code for possible problems
Result: NOTE
    ggplot.profr: no visible global function definition for ‘ggplot’
    ggplot.profr: no visible global function definition for ‘geom_rect’
    ggplot.profr: no visible global function definition for ‘aes’
    ggplot.profr: no visible global function definition for ‘geom_text’
    ggplot.profr: no visible global function definition for
     ‘scale_y_continuous’
    ggplot.profr: no visible global function definition for
     ‘scale_x_continuous’
Flavors: r-devel-linux-x86_64-debian-clang, r-devel-linux-x86_64-debian-gcc, r-devel-linux-x86_64-fedora-clang, r-devel-linux-x86_64-fedora-gcc, r-devel-osx-x86_64-clang, r-devel-windows-ix86+x86_64, r-patched-linux-x86_64, r-patched-solaris-sparc, r-patched-solaris-x86, r-release-linux-ix86, r-release-linux-x86_64, r-release-windows-ix86+x86_64