CRAN Package Check Results for Package profr

Last updated on 2015-01-31 22:47:19.

Flavor Version Tinstall Tcheck Ttotal Status Flags
r-devel-linux-x86_64-debian-clang 0.3.1 0.82 13.19 14.01 NOTE
r-devel-linux-x86_64-debian-gcc 0.3.1 0.94 12.37 13.31 NOTE
r-devel-linux-x86_64-fedora-clang 0.3.1 34.01 NOTE
r-devel-linux-x86_64-fedora-gcc 0.3.1 31.27 NOTE
r-devel-osx-x86_64-clang 0.3.1 32.85 NOTE
r-devel-windows-ix86+x86_64 0.3.1 5.00 22.00 27.00 NOTE
r-patched-linux-x86_64 0.3.1 1.08 15.24 16.32 NOTE
r-patched-solaris-sparc 0.3.1 196.00 NOTE
r-patched-solaris-x86 0.3.1 46.20 NOTE
r-release-linux-ix86 0.3.1 1.38 21.62 23.00 NOTE
r-release-linux-x86_64 0.3.1 1.06 15.68 16.73 NOTE
r-release-osx-x86_64-mavericks 0.3.1 NOTE
r-release-osx-x86_64-snowleopard 0.3.1 OK
r-release-windows-ix86+x86_64 0.3.1 4.00 27.00 31.00 NOTE
r-oldrel-windows-ix86+x86_64 0.3.1 4.00 29.00 33.00 OK

Check Details

Version: 0.3.1
Check: dependencies in R code
Result: NOTE
    'library' or 'require' call to ‘ggplot2’ in package code.
     Please use :: or requireNamespace() instead.
     See section 'Suggested packages' in the 'Writing R Extensions' manual.
Flavors: r-devel-linux-x86_64-debian-clang, r-devel-linux-x86_64-debian-gcc, r-devel-linux-x86_64-fedora-clang, r-devel-linux-x86_64-fedora-gcc, r-devel-osx-x86_64-clang, r-devel-windows-ix86+x86_64

Version: 0.3.1
Check: R code for possible problems
Result: NOTE
    ggplot.profr: no visible global function definition for ‘ggplot’
    ggplot.profr: no visible global function definition for ‘geom_rect’
    ggplot.profr: no visible global function definition for ‘aes’
    ggplot.profr: no visible global function definition for ‘geom_text’
    ggplot.profr: no visible global function definition for
     ‘scale_y_continuous’
    ggplot.profr: no visible global function definition for
     ‘scale_x_continuous’
Flavors: r-devel-linux-x86_64-debian-clang, r-devel-linux-x86_64-debian-gcc, r-devel-linux-x86_64-fedora-clang, r-devel-linux-x86_64-fedora-gcc, r-devel-osx-x86_64-clang, r-devel-windows-ix86+x86_64, r-patched-linux-x86_64, r-patched-solaris-sparc, r-patched-solaris-x86, r-release-linux-ix86, r-release-linux-x86_64, r-release-osx-x86_64-mavericks, r-release-windows-ix86+x86_64