CRAN Package Check Results for Package profr

Last updated on 2014-09-17 14:47:14.

Flavor Version Tinstall Tcheck Ttotal Status Flags
r-devel-linux-x86_64-debian-clang 0.3.1 1.14 15.42 16.56 NOTE
r-devel-linux-x86_64-debian-gcc 0.3.1 1.08 14.32 15.40 NOTE
r-devel-linux-x86_64-fedora-clang 0.3.1 31.99 NOTE
r-devel-linux-x86_64-fedora-gcc 0.3.1 30.26 NOTE
r-devel-osx-x86_64-clang 0.3.1 31.31 NOTE
r-devel-windows-ix86+x86_64 0.3.1 4.00 23.00 27.00 NOTE
r-patched-linux-x86_64 0.3.1 1.20 15.14 16.34 OK
r-patched-solaris-sparc 0.3.1 186.70 OK
r-patched-solaris-x86 0.3.1 46.10 OK
r-release-linux-ix86 0.3.1 1.42 22.24 23.66 OK
r-release-linux-x86_64 0.3.1 1.09 15.87 16.96 OK
r-release-osx-x86_64-mavericks 0.3.1 OK
r-release-osx-x86_64-snowleopard 0.3.1 OK
r-release-windows-ix86+x86_64 0.3.1 5.00 27.00 32.00 OK
r-oldrel-windows-ix86+x86_64 0.3.1 4.00 26.00 30.00 OK

Check Details

Version: 0.3.1
Check: R code for possible problems
Result: NOTE
    ggplot.profr: no visible global function definition for ‘ggplot’
    ggplot.profr: no visible global function definition for ‘geom_rect’
    ggplot.profr: no visible global function definition for ‘aes’
    ggplot.profr: no visible global function definition for ‘geom_text’
    ggplot.profr: no visible global function definition for
     ‘scale_y_continuous’
    ggplot.profr: no visible global function definition for
     ‘scale_x_continuous’
Flavors: r-devel-linux-x86_64-debian-clang, r-devel-linux-x86_64-debian-gcc, r-devel-linux-x86_64-fedora-clang, r-devel-linux-x86_64-fedora-gcc, r-devel-osx-x86_64-clang, r-devel-windows-ix86+x86_64