CRAN Package Check Results for Package profr

Last updated on 2015-02-27 05:48:10.

Flavor Version Tinstall Tcheck Ttotal Status Flags
r-devel-linux-x86_64-debian-clang 0.3.1 0.80 13.51 14.32 NOTE
r-devel-linux-x86_64-debian-gcc 0.3.1 0.77 12.76 13.52 NOTE
r-devel-linux-x86_64-fedora-clang 0.3.1 27.72 NOTE
r-devel-linux-x86_64-fedora-gcc 0.3.1 25.49 NOTE
r-devel-osx-x86_64-clang 0.3.1 28.47 NOTE
r-devel-windows-ix86+x86_64 0.3.1 5.00 22.00 27.00 NOTE
r-patched-linux-x86_64 0.3.1 1.07 15.82 16.89 NOTE
r-patched-solaris-sparc 0.3.1 223.80 NOTE
r-patched-solaris-x86 0.3.1 46.70 NOTE
r-release-linux-ix86 0.3.1 1.38 21.88 23.25 NOTE
r-release-linux-x86_64 0.3.1 1.06 0.26 1.32 OK
r-release-osx-x86_64-mavericks 0.3.1 NOTE
r-release-osx-x86_64-snowleopard 0.3.1 OK
r-release-windows-ix86+x86_64 0.3.1 5.00 27.00 32.00 NOTE
r-oldrel-windows-ix86+x86_64 0.3.1 4.00 28.00 32.00 OK

Check Details

Version: 0.3.1
Check: dependencies in R code
Result: NOTE
    'library' or 'require' call to ‘ggplot2’ in package code.
     Please use :: or requireNamespace() instead.
     See section 'Suggested packages' in the 'Writing R Extensions' manual.
Flavors: r-devel-linux-x86_64-debian-clang, r-devel-linux-x86_64-debian-gcc, r-devel-linux-x86_64-fedora-clang, r-devel-linux-x86_64-fedora-gcc, r-devel-osx-x86_64-clang, r-devel-windows-ix86+x86_64, r-patched-linux-x86_64, r-patched-solaris-sparc, r-patched-solaris-x86

Version: 0.3.1
Check: R code for possible problems
Result: NOTE
    ggplot.profr: no visible global function definition for ‘ggplot’
    ggplot.profr: no visible global function definition for ‘geom_rect’
    ggplot.profr: no visible global function definition for ‘aes’
    ggplot.profr: no visible global function definition for ‘geom_text’
    ggplot.profr: no visible global function definition for
     ‘scale_y_continuous’
    ggplot.profr: no visible global function definition for
     ‘scale_x_continuous’
Flavors: r-devel-linux-x86_64-debian-clang, r-devel-linux-x86_64-debian-gcc, r-devel-linux-x86_64-fedora-clang, r-devel-linux-x86_64-fedora-gcc, r-devel-osx-x86_64-clang, r-devel-windows-ix86+x86_64, r-patched-linux-x86_64, r-patched-solaris-sparc, r-patched-solaris-x86, r-release-linux-ix86, r-release-osx-x86_64-mavericks, r-release-windows-ix86+x86_64