CRAN Package Check Results for Package profr

Last updated on 2016-09-25 20:47:29.

Flavor Version Tinstall Tcheck Ttotal Status Flags
r-devel-linux-x86_64-debian-clang 0.3.1 0.88 13.11 13.98 NOTE
r-devel-linux-x86_64-debian-gcc 0.3.1 0.78 12.90 13.67 NOTE
r-devel-linux-x86_64-fedora-clang 0.3.1 23.84 NOTE
r-devel-linux-x86_64-fedora-gcc 0.3.1 22.79 NOTE
r-devel-macos-x86_64-clang 0.3.1 20.67 NOTE
r-devel-windows-ix86+x86_64 0.3.1 3.00 46.00 49.00 NOTE
r-patched-linux-x86_64 0.3.1 0.81 13.14 13.95 NOTE
r-patched-solaris-sparc 0.3.1 160.00 NOTE
r-patched-solaris-x86 0.3.1 36.50 NOTE
r-release-linux-x86_64 0.3.1 0.85 13.10 13.95 NOTE
r-release-osx-x86_64-mavericks 0.3.1 NOTE
r-release-windows-ix86+x86_64 0.3.1 3.00 33.00 36.00 NOTE
r-oldrel-windows-ix86+x86_64 0.3.1 5.00 37.00 42.00 NOTE

Check Details

Version: 0.3.1
Check: dependencies in R code
Result: NOTE
    'library' or 'require' call to ‘ggplot2’ in package code.
     Please use :: or requireNamespace() instead.
     See section 'Suggested packages' in the 'Writing R Extensions' manual.
Flavors: r-devel-linux-x86_64-debian-clang, r-devel-linux-x86_64-debian-gcc, r-devel-linux-x86_64-fedora-clang, r-devel-linux-x86_64-fedora-gcc, r-devel-macos-x86_64-clang, r-devel-windows-ix86+x86_64, r-patched-linux-x86_64, r-patched-solaris-sparc, r-patched-solaris-x86, r-release-linux-x86_64, r-release-osx-x86_64-mavericks, r-release-windows-ix86+x86_64, r-oldrel-windows-ix86+x86_64

Version: 0.3.1
Check: R code for possible problems
Result: NOTE
    .simplify : <anonymous>: no visible binding for global variable ‘hist’
    .simplify : <anonymous>: no visible binding for global variable ‘start’
    .simplify: no visible binding for global variable ‘start’
    .simplify: no visible binding for global variable ‘end’
    ggplot.profr: no visible global function definition for ‘ggplot’
    ggplot.profr: no visible global function definition for ‘geom_rect’
    ggplot.profr: no visible global function definition for ‘aes’
    ggplot.profr: no visible binding for global variable ‘start’
    ggplot.profr: no visible binding for global variable ‘end’
    ggplot.profr: no visible global function definition for ‘geom_text’
    ggplot.profr: no visible binding for global variable ‘time’
    ggplot.profr: no visible global function definition for
     ‘scale_y_continuous’
    ggplot.profr: no visible global function definition for
     ‘scale_x_continuous’
    plot.profr: no visible global function definition for ‘plot’
    plot.profr: no visible global function definition for ‘rect’
    plot.profr: no visible binding for global variable ‘time’
    plot.profr: no visible global function definition for ‘text’
    profr: no visible global function definition for ‘Rprof’
    Undefined global functions or variables:
     Rprof aes end geom_rect geom_text ggplot hist plot rect
     scale_x_continuous scale_y_continuous start text time
    Consider adding
     importFrom("graphics", "hist", "plot", "rect", "text")
     importFrom("stats", "end", "start", "time")
     importFrom("utils", "Rprof")
    to your NAMESPACE file.
Flavors: r-devel-linux-x86_64-debian-clang, r-devel-linux-x86_64-debian-gcc, r-devel-linux-x86_64-fedora-clang, r-devel-linux-x86_64-fedora-gcc, r-devel-macos-x86_64-clang, r-devel-windows-ix86+x86_64, r-patched-linux-x86_64, r-patched-solaris-sparc, r-patched-solaris-x86, r-release-linux-x86_64, r-release-osx-x86_64-mavericks, r-release-windows-ix86+x86_64

Version: 0.3.1
Check: R code for possible problems
Result: NOTE
    ggplot.profr: no visible global function definition for 'ggplot'
    ggplot.profr: no visible global function definition for 'geom_rect'
    ggplot.profr: no visible global function definition for 'aes'
    ggplot.profr: no visible global function definition for 'geom_text'
    ggplot.profr: no visible global function definition for
     'scale_y_continuous'
    ggplot.profr: no visible global function definition for
     'scale_x_continuous'
Flavor: r-oldrel-windows-ix86+x86_64