CRAN Package Check Results for Package profr

Last updated on 2014-10-31 15:50:16.

Flavor Version Tinstall Tcheck Ttotal Status Flags
r-devel-linux-x86_64-debian-clang 0.3.1 1.05 15.95 17.00 NOTE
r-devel-linux-x86_64-debian-gcc 0.3.1 1.02 14.97 15.99 NOTE
r-devel-linux-x86_64-fedora-clang 0.3.1 32.93 NOTE
r-devel-linux-x86_64-fedora-gcc 0.3.1 30.71 NOTE
r-devel-osx-x86_64-clang 0.3.1 32.46 NOTE
r-devel-windows-ix86+x86_64 0.3.1 3.00 24.00 27.00 NOTE
r-patched-linux-x86_64 0.3.1 1.15 15.14 16.28 NOTE
r-patched-solaris-sparc 0.3.1 188.70 NOTE
r-patched-solaris-x86 0.3.1 46.40 NOTE
r-release-linux-ix86 0.3.1 1.44 22.43 23.88 OK
r-release-linux-x86_64 0.3.1 1.08 15.90 16.98 OK
r-release-osx-x86_64-mavericks 0.3.1 OK
r-release-osx-x86_64-snowleopard 0.3.1 OK
r-release-windows-ix86+x86_64 0.3.1 4.00 26.00 30.00 OK
r-oldrel-windows-ix86+x86_64 0.3.1 5.00 26.00 31.00 OK

Check Details

Version: 0.3.1
Check: R code for possible problems
Result: NOTE
    ggplot.profr: no visible global function definition for ‘ggplot’
    ggplot.profr: no visible global function definition for ‘geom_rect’
    ggplot.profr: no visible global function definition for ‘aes’
    ggplot.profr: no visible global function definition for ‘geom_text’
    ggplot.profr: no visible global function definition for
     ‘scale_y_continuous’
    ggplot.profr: no visible global function definition for
     ‘scale_x_continuous’
Flavors: r-devel-linux-x86_64-debian-clang, r-devel-linux-x86_64-debian-gcc, r-devel-linux-x86_64-fedora-clang, r-devel-linux-x86_64-fedora-gcc, r-devel-osx-x86_64-clang, r-devel-windows-ix86+x86_64, r-patched-linux-x86_64, r-patched-solaris-sparc, r-patched-solaris-x86