CRAN Package Check Results for Package profr

Last updated on 2014-04-18 18:47:18.

Flavor Version Tinstall Tcheck Ttotal Status Flags
r-devel-linux-x86_64-debian-clang 0.2 0.56 11.82 12.39 NOTE
r-devel-linux-x86_64-debian-gcc NOTE
r-devel-linux-x86_64-fedora-clang 0.2 25.36 NOTE
r-devel-linux-x86_64-fedora-gcc 0.2 23.50 NOTE
r-devel-macosx-x86_64-clang 0.2 27.42 NOTE
r-devel-macosx-x86_64-gcc 0.2 NOTE
r-devel-windows-ix86+x86_64 0.2 2.00 20.00 22.00 NOTE
r-patched-linux-x86_64 0.2 0.58 11.98 12.56 NOTE
r-patched-solaris-sparc 0.2 138.70 NOTE
r-patched-solaris-x86 0.2 36.10 NOTE
r-release-linux-ix86 0.2 2.00 25.00 27.00 NOTE
r-release-linux-x86_64 0.2 0.77 120.02 120.79 NOTE
r-release-macosx-x86_64 0.2 NOTE
r-release-windows-ix86+x86_64 0.2 2.00 22.00 24.00 NOTE
r-oldrel-windows-ix86+x86_64 0.2 3.00 21.00 24.00 NOTE

Check Details

Version: 0.2
Check: for hidden files and directories
Result: NOTE
    Found the following hidden files and directories:
     .gitignore
    These were most likely included in error. See section ‘Package
    structure’ in the ‘Writing R Extensions’ manual.
Flavors: r-devel-linux-x86_64-debian-clang, r-devel-linux-x86_64-debian-gcc, r-devel-linux-x86_64-fedora-clang, r-devel-linux-x86_64-fedora-gcc, r-devel-macosx-x86_64-clang, r-devel-macosx-x86_64-gcc, r-devel-windows-ix86+x86_64, r-patched-linux-x86_64, r-patched-solaris-sparc, r-patched-solaris-x86, r-release-linux-ix86, r-release-linux-x86_64, r-release-macosx-x86_64, r-release-windows-ix86+x86_64, r-oldrel-windows-ix86+x86_64

Version: 0.2
Check: DESCRIPTION meta-information
Result: NOTE
    License components which are templates and need '+ file LICENSE':
     MIT
Flavors: r-devel-linux-x86_64-debian-clang, r-devel-linux-x86_64-debian-gcc, r-devel-linux-x86_64-fedora-clang, r-devel-linux-x86_64-fedora-gcc, r-devel-macosx-x86_64-clang, r-devel-macosx-x86_64-gcc, r-patched-linux-x86_64, r-patched-solaris-sparc, r-patched-solaris-x86, r-release-linux-ix86, r-release-linux-x86_64

Version: 0.2
Check: R code for possible problems
Result: NOTE
    ggplot.profr: warning in require("ggplot2", quiet = TRUE): partial
     argument match of 'quiet' to 'quietly'
    ggplot.profr: no visible binding for global variable ‘level’
    ggplot.profr: no visible binding for global variable ‘f’
Flavors: r-devel-linux-x86_64-debian-clang, r-devel-linux-x86_64-debian-gcc, r-devel-linux-x86_64-fedora-clang, r-devel-linux-x86_64-fedora-gcc, r-devel-macosx-x86_64-clang, r-devel-windows-ix86+x86_64, r-patched-linux-x86_64, r-patched-solaris-sparc, r-patched-solaris-x86, r-release-linux-ix86, r-release-linux-x86_64, r-release-macosx-x86_64, r-release-windows-ix86+x86_64, r-oldrel-windows-ix86+x86_64

Version: 0.2
Check: package dependencies
Result: NOTE
    Package suggested but not available for checking: ‘ggplot2’
Flavor: r-devel-macosx-x86_64-gcc

Version: 0.2
Check: R code for possible problems
Result: NOTE
    ggplot.profr: warning in require("ggplot2", quiet = TRUE): partial
     argument match of 'quiet' to 'quietly'
    ggplot.profr: no visible global function definition for ‘ggplot’
    ggplot.profr: no visible global function definition for ‘aes’
    ggplot.profr: no visible binding for global variable ‘level’
    ggplot.profr: no visible global function definition for ‘geom_bar’
    ggplot.profr: no visible global function definition for ‘geom_text’
    ggplot.profr: no visible binding for global variable ‘f’
    ggplot.profr: no visible global function definition for
     ‘scale_y_continuous’
    ggplot.profr: no visible global function definition for
     ‘scale_x_discrete’
    ggplot.profr: no visible global function definition for ‘coord_flip’
Flavor: r-devel-macosx-x86_64-gcc

Version: 0.2
Check: Rd cross-references
Result: NOTE
    Package unavailable to check Rd xrefs: ‘ggplot2’
Flavor: r-devel-macosx-x86_64-gcc

Version: 0.2
Check: DESCRIPTION meta-information
Result: NOTE
    Licenses which are templates and need '+ file LICENSE':
     MIT
Flavor: r-release-macosx-x86_64