CRAN Package Check Results for Package profr

Last updated on 2014-08-30 19:47:14.

Flavor Version Tinstall Tcheck Ttotal Status Flags
r-devel-linux-x86_64-debian-clang 0.3.1 1.23 14.58 15.81 NOTE
r-devel-linux-x86_64-debian-gcc 0.3.1 1.03 14.28 15.31 NOTE
r-devel-linux-x86_64-fedora-clang 0.3.1 31.94 NOTE
r-devel-linux-x86_64-fedora-gcc 0.3.1 29.53 NOTE
r-devel-osx-x86_64-clang 0.3.1 30.37 NOTE
r-devel-windows-ix86+x86_64 0.3.1 5.00 24.00 29.00 NOTE
r-patched-linux-x86_64 0.3.1 1.12 14.93 16.05 OK
r-patched-solaris-sparc 0.3.1 186.70 OK
r-patched-solaris-x86 0.3.1 45.90 OK
r-release-linux-ix86 0.3.1 1.54 23.50 25.04 OK
r-release-linux-x86_64 0.3.1 1.24 15.32 16.57 OK
r-release-osx-x86_64-mavericks 0.3.1 OK
r-release-osx-x86_64-snowleopard 0.3.1 OK
r-release-windows-ix86+x86_64 0.3.1 4.00 24.00 28.00 OK
r-oldrel-windows-ix86+x86_64 0.3.1 5.00 27.00 32.00 OK

Check Details

Version: 0.3.1
Check: R code for possible problems
Result: NOTE
    ggplot.profr: no visible global function definition for ‘ggplot’
    ggplot.profr: no visible global function definition for ‘geom_rect’
    ggplot.profr: no visible global function definition for ‘aes’
    ggplot.profr: no visible global function definition for ‘geom_text’
    ggplot.profr: no visible global function definition for
     ‘scale_y_continuous’
    ggplot.profr: no visible global function definition for
     ‘scale_x_continuous’
Flavors: r-devel-linux-x86_64-debian-clang, r-devel-linux-x86_64-debian-gcc, r-devel-linux-x86_64-fedora-clang, r-devel-linux-x86_64-fedora-gcc, r-devel-osx-x86_64-clang, r-devel-windows-ix86+x86_64