CRAN Package Check Results for Package profr

Last updated on 2015-04-18 19:51:30.

Flavor Version Tinstall Tcheck Ttotal Status Flags
r-devel-linux-x86_64-debian-clang 0.3.1 0.84 13.22 14.06 NOTE
r-devel-linux-x86_64-debian-gcc 0.3.1 0.77 13.14 13.91 NOTE
r-devel-linux-x86_64-fedora-clang 0.3.1 28.08 NOTE
r-devel-linux-x86_64-fedora-gcc 0.3.1 25.91 NOTE
r-devel-osx-x86_64-clang 0.3.1 28.26 NOTE
r-patched-linux-x86_64 0.3.1 0.84 13.00 13.84 NOTE
r-patched-solaris-sparc 0.3.1 179.20 NOTE
r-patched-solaris-x86 0.3.1 37.50 NOTE
r-release-linux-x86_64 0.3.1 0.77 13.43 14.20 NOTE
r-release-osx-x86_64-mavericks 0.3.1 NOTE
r-release-osx-x86_64-snowleopard 0.3.1 NOTE
r-release-windows-ix86+x86_64 0.3.1 3.00 25.00 28.00 NOTE
r-oldrel-windows-ix86+x86_64 0.3.1 4.00 35.00 39.00 OK

Check Details

Version: 0.3.1
Check: dependencies in R code
Result: NOTE
    'library' or 'require' call to ‘ggplot2’ in package code.
     Please use :: or requireNamespace() instead.
     See section 'Suggested packages' in the 'Writing R Extensions' manual.
Flavors: r-devel-linux-x86_64-debian-clang, r-devel-linux-x86_64-debian-gcc, r-devel-linux-x86_64-fedora-clang, r-devel-linux-x86_64-fedora-gcc, r-devel-osx-x86_64-clang, r-patched-linux-x86_64, r-patched-solaris-sparc, r-patched-solaris-x86, r-release-linux-x86_64, r-release-osx-x86_64-mavericks, r-release-osx-x86_64-snowleopard, r-release-windows-ix86+x86_64

Version: 0.3.1
Check: R code for possible problems
Result: NOTE
    ggplot.profr: no visible global function definition for ‘ggplot’
    ggplot.profr: no visible global function definition for ‘geom_rect’
    ggplot.profr: no visible global function definition for ‘aes’
    ggplot.profr: no visible global function definition for ‘geom_text’
    ggplot.profr: no visible global function definition for
     ‘scale_y_continuous’
    ggplot.profr: no visible global function definition for
     ‘scale_x_continuous’
Flavors: r-devel-linux-x86_64-debian-clang, r-devel-linux-x86_64-debian-gcc, r-devel-linux-x86_64-fedora-clang, r-devel-linux-x86_64-fedora-gcc, r-devel-osx-x86_64-clang, r-patched-linux-x86_64, r-patched-solaris-sparc, r-patched-solaris-x86, r-release-linux-x86_64, r-release-osx-x86_64-mavericks, r-release-osx-x86_64-snowleopard, r-release-windows-ix86+x86_64

Version: 0.3.1
Check: package dependencies
Result: NOTE
    Package suggested but not available for checking: ‘ggplot2’
Flavor: r-release-osx-x86_64-snowleopard

Version: 0.3.1
Check: Rd cross-references
Result: NOTE
    Package unavailable to check Rd xrefs: ‘ggplot2’
Flavor: r-release-osx-x86_64-snowleopard