CRAN Package Check Results for Package profr

Last updated on 2014-11-26 17:51:39.

Flavor Version Tinstall Tcheck Ttotal Status Flags
r-devel-linux-x86_64-debian-clang 0.3.1 1.03 15.23 16.26 NOTE
r-devel-linux-x86_64-debian-gcc 0.3.1 0.99 14.70 15.69 NOTE
r-devel-linux-x86_64-fedora-clang 0.3.1 34.78 NOTE
r-devel-linux-x86_64-fedora-gcc 0.3.1 32.83 NOTE
r-devel-osx-x86_64-clang 0.3.1 32.75 NOTE
r-devel-windows-ix86+x86_64 0.3.1 4.00 24.00 28.00 NOTE
r-patched-linux-x86_64 0.3.1 1.04 16.06 17.10 NOTE
r-patched-solaris-sparc 0.3.1 188.70 NOTE
r-patched-solaris-x86 0.3.1 45.90 NOTE
r-release-linux-ix86 0.3.1 1.36 21.08 22.44 NOTE
r-release-linux-x86_64 0.3.1 1.14 15.71 16.86 NOTE
r-release-osx-x86_64-mavericks 0.3.1 OK
r-release-osx-x86_64-snowleopard 0.3.1 OK
r-release-windows-ix86+x86_64 0.3.1 4.00 24.00 28.00 NOTE
r-oldrel-windows-ix86+x86_64 0.3.1 4.00 27.00 31.00 OK

Check Details

Version: 0.3.1
Check: R code for possible problems
Result: NOTE
    ggplot.profr: no visible global function definition for ‘ggplot’
    ggplot.profr: no visible global function definition for ‘geom_rect’
    ggplot.profr: no visible global function definition for ‘aes’
    ggplot.profr: no visible global function definition for ‘geom_text’
    ggplot.profr: no visible global function definition for
     ‘scale_y_continuous’
    ggplot.profr: no visible global function definition for
     ‘scale_x_continuous’
Flavors: r-devel-linux-x86_64-debian-clang, r-devel-linux-x86_64-debian-gcc, r-devel-linux-x86_64-fedora-clang, r-devel-linux-x86_64-fedora-gcc, r-devel-osx-x86_64-clang, r-devel-windows-ix86+x86_64, r-patched-linux-x86_64, r-patched-solaris-sparc, r-patched-solaris-x86, r-release-linux-ix86, r-release-linux-x86_64, r-release-windows-ix86+x86_64