CRAN Package Check Results for Package profr

Last updated on 2016-12-06 13:48:46.

Flavor Version Tinstall Tcheck Ttotal Status Flags
r-devel-linux-x86_64-debian-clang 0.3.1 0.87 16.05 16.92 NOTE
r-devel-linux-x86_64-debian-gcc 0.3.1 0.87 15.82 16.69 NOTE
r-devel-linux-x86_64-fedora-clang 0.3.1 31.00 NOTE --no-stop-on-test-error
r-devel-linux-x86_64-fedora-gcc 0.3.1 30.51 NOTE --no-stop-on-test-error
r-devel-macos-x86_64-clang 0.3.1 26.23 NOTE
r-devel-windows-ix86+x86_64 0.3.1 4.00 36.00 40.00 NOTE
r-patched-linux-x86_64 0.3.1 0.77 13.67 14.44 NOTE
r-patched-solaris-sparc 0.3.1 160.00 NOTE
r-patched-solaris-x86 0.3.1 36.70 NOTE
r-release-linux-x86_64 0.3.1 0.77 13.31 14.07 NOTE
r-release-osx-x86_64-mavericks 0.3.1 NOTE
r-release-windows-ix86+x86_64 0.3.1 5.00 31.00 36.00 NOTE
r-oldrel-windows-ix86+x86_64 0.3.1 5.00 39.00 44.00 NOTE

Check Details

Version: 0.3.1
Check: dependencies in R code
Result: NOTE
    'library' or 'require' call to ‘ggplot2’ in package code.
     Please use :: or requireNamespace() instead.
     See section 'Suggested packages' in the 'Writing R Extensions' manual.
Flavors: r-devel-linux-x86_64-debian-clang, r-devel-linux-x86_64-debian-gcc, r-devel-macos-x86_64-clang, r-devel-windows-ix86+x86_64, r-patched-linux-x86_64, r-patched-solaris-sparc, r-patched-solaris-x86, r-release-linux-x86_64, r-release-osx-x86_64-mavericks, r-release-windows-ix86+x86_64, r-oldrel-windows-ix86+x86_64

Version: 0.3.1
Check: R code for possible problems
Result: NOTE
    .simplify : <anonymous>: no visible binding for global variable ‘hist’
    .simplify : <anonymous>: no visible binding for global variable ‘start’
    .simplify: no visible binding for global variable ‘start’
    .simplify: no visible binding for global variable ‘end’
    ggplot.profr: no visible global function definition for ‘ggplot’
    ggplot.profr: no visible global function definition for ‘geom_rect’
    ggplot.profr: no visible global function definition for ‘aes’
    ggplot.profr: no visible binding for global variable ‘start’
    ggplot.profr: no visible binding for global variable ‘end’
    ggplot.profr: no visible global function definition for ‘geom_text’
    ggplot.profr: no visible binding for global variable ‘time’
    ggplot.profr: no visible global function definition for
     ‘scale_y_continuous’
    ggplot.profr: no visible global function definition for
     ‘scale_x_continuous’
    plot.profr: no visible global function definition for ‘plot’
    plot.profr: no visible global function definition for ‘rect’
    plot.profr: no visible binding for global variable ‘time’
    plot.profr: no visible global function definition for ‘text’
    profr: no visible global function definition for ‘Rprof’
    Undefined global functions or variables:
     Rprof aes end geom_rect geom_text ggplot hist plot rect
     scale_x_continuous scale_y_continuous start text time
    Consider adding
     importFrom("graphics", "hist", "plot", "rect", "text")
     importFrom("stats", "end", "start", "time")
     importFrom("utils", "Rprof")
    to your NAMESPACE file.
Flavors: r-devel-linux-x86_64-debian-clang, r-devel-linux-x86_64-debian-gcc, r-devel-macos-x86_64-clang, r-devel-windows-ix86+x86_64, r-patched-linux-x86_64, r-patched-solaris-sparc, r-patched-solaris-x86, r-release-linux-x86_64, r-release-osx-x86_64-mavericks, r-release-windows-ix86+x86_64

Version: 0.3.1
Flags: --no-stop-on-test-error
Check: dependencies in R code
Result: NOTE
    'library' or 'require' call to ‘ggplot2’ in package code.
     Please use :: or requireNamespace() instead.
     See section 'Suggested packages' in the 'Writing R Extensions' manual.
Flavors: r-devel-linux-x86_64-fedora-clang, r-devel-linux-x86_64-fedora-gcc

Version: 0.3.1
Flags: --no-stop-on-test-error
Check: R code for possible problems
Result: NOTE
    .simplify : <anonymous>: no visible binding for global variable ‘hist’
    .simplify : <anonymous>: no visible binding for global variable ‘start’
    .simplify: no visible binding for global variable ‘start’
    .simplify: no visible binding for global variable ‘end’
    ggplot.profr: no visible global function definition for ‘ggplot’
    ggplot.profr: no visible global function definition for ‘geom_rect’
    ggplot.profr: no visible global function definition for ‘aes’
    ggplot.profr: no visible binding for global variable ‘start’
    ggplot.profr: no visible binding for global variable ‘end’
    ggplot.profr: no visible global function definition for ‘geom_text’
    ggplot.profr: no visible binding for global variable ‘time’
    ggplot.profr: no visible global function definition for
     ‘scale_y_continuous’
    ggplot.profr: no visible global function definition for
     ‘scale_x_continuous’
    plot.profr: no visible global function definition for ‘plot’
    plot.profr: no visible global function definition for ‘rect’
    plot.profr: no visible binding for global variable ‘time’
    plot.profr: no visible global function definition for ‘text’
    profr: no visible global function definition for ‘Rprof’
    Undefined global functions or variables:
     Rprof aes end geom_rect geom_text ggplot hist plot rect
     scale_x_continuous scale_y_continuous start text time
    Consider adding
     importFrom("graphics", "hist", "plot", "rect", "text")
     importFrom("stats", "end", "start", "time")
     importFrom("utils", "Rprof")
    to your NAMESPACE file.
Flavors: r-devel-linux-x86_64-fedora-clang, r-devel-linux-x86_64-fedora-gcc

Version: 0.3.1
Check: R code for possible problems
Result: NOTE
    ggplot.profr: no visible global function definition for 'ggplot'
    ggplot.profr: no visible global function definition for 'geom_rect'
    ggplot.profr: no visible global function definition for 'aes'
    ggplot.profr: no visible global function definition for 'geom_text'
    ggplot.profr: no visible global function definition for
     'scale_y_continuous'
    ggplot.profr: no visible global function definition for
     'scale_x_continuous'
Flavor: r-oldrel-windows-ix86+x86_64