CRAN Package Check Results for Package proftools

Last updated on 2019-07-22 13:47:03 CEST.

Flavor Version Tinstall Tcheck Ttotal Status Flags
r-devel-linux-x86_64-debian-clang 0.99-2 4.18 77.46 81.64 OK
r-devel-linux-x86_64-debian-gcc 0.99-2 3.89 60.89 64.78 OK
r-devel-linux-x86_64-fedora-clang 0.99-2 97.57 OK
r-devel-linux-x86_64-fedora-gcc 0.99-2 101.64 OK
r-devel-windows-ix86+x86_64 0.99-2 8.00 124.00 132.00 OK
r-patched-linux-x86_64 0.99-2 3.93 77.54 81.47 OK
r-patched-solaris-x86 0.99-2 148.70 OK
r-release-linux-x86_64 0.99-2 4.92 77.53 82.45 OK
r-release-windows-ix86+x86_64 0.99-2 8.00 94.00 102.00 OK
r-release-osx-x86_64 0.99-2 ERROR
r-oldrel-windows-ix86+x86_64 0.99-2 8.00 92.00 100.00 OK
r-oldrel-osx-x86_64 0.99-2 OK

Check Details

Version: 0.99-2
Check: package dependencies
Result: NOTE
    Packages suggested but not available for checking: 'graph', 'Rgraphviz'
Flavor: r-release-osx-x86_64

Version: 0.99-2
Check: examples
Result: ERROR
    Running examples in ‘proftools-Ex.R’ failed
    The error most likely occurred in:
    
    > ### Name: filterProfileData
    > ### Title: Filter Profile Data
    > ### Aliases: filterProfileData
    > ### Keywords: programming utilities
    >
    > ### ** Examples
    >
    > pd <- readProfileData(system.file("samples", "glmEx.out", package="proftools"))
    > plotProfileCallGraph(pd)
    Error in loadNamespace(name) : there is no package called ‘graph’
    Calls: plotProfileCallGraph ... loadNamespace -> withRestarts -> withOneRestart -> doWithOneRestart
    Execution halted
Flavor: r-release-osx-x86_64

Version: 0.99-2
Check: re-building of vignette outputs
Result: WARN
    Error(s) in re-building vignettes:
     ...
    --- re-building ‘proftools.Rnw’ using knitr
    Quitting from lines 221-222 (proftools.Rnw)
    Error: processing vignette 'proftools.Rnw' failed with diagnostics:
    there is no package called 'graph'
    --- failed re-building ‘proftools.Rnw’
    
    SUMMARY: processing the following file failed:
     ‘proftools.Rnw’
    
    Error: Vignette re-building failed.
    Execution halted
Flavor: r-release-osx-x86_64