CRAN Package Check Results for Package proftools

Last updated on 2015-07-02 07:48:51.

Flavor Version Tinstall Tcheck Ttotal Status Flags
r-devel-linux-x86_64-debian-clang 0.1-0 0.97 11.49 12.46 NOTE
r-devel-linux-x86_64-debian-gcc 0.1-0 0.94 11.70 12.64 NOTE
r-devel-linux-x86_64-fedora-clang 0.1-0 22.90 NOTE
r-devel-linux-x86_64-fedora-gcc 0.1-0 22.47 NOTE
r-devel-osx-x86_64-clang 0.1-0 24.62 OK
r-devel-windows-ix86+x86_64 0.1-0 5.00 29.00 34.00 OK
r-patched-linux-x86_64 0.1-0 1.08 11.93 13.01 OK
r-patched-solaris-sparc 0.1-0 167.00 OK
r-patched-solaris-x86 0.1-0 33.60 OK
r-release-linux-x86_64 0.1-0 0.96 11.69 12.65 OK
r-release-osx-x86_64-mavericks 0.1-0 OK
r-release-windows-ix86+x86_64 0.1-0 3.00 20.00 23.00 OK
r-oldrel-windows-ix86+x86_64 0.1-0 5.00 22.00 27.00 OK

Check Details

Version: 0.1-0
Check: R code for possible problems
Result: NOTE
    plotProfileCallGraph: no visible global function definition for
     ‘heat.colors’
    plotProfileCallGraph: no visible global function definition for ‘hsv’
    profileCallGraph2Dot: no visible global function definition for
     ‘heat.colors’
    profileCallGraph2Dot: no visible global function definition for ‘hsv’
Flavors: r-devel-linux-x86_64-debian-clang, r-devel-linux-x86_64-debian-gcc, r-devel-linux-x86_64-fedora-gcc

Version: 0.1-0
Check: R code for possible problems
Result: NOTE
    plotProfileCallGraph: no visible global function definition for
     ‘heat.colors’
    plotProfileCallGraph: no visible global function definition for ‘hsv’
    profileCallGraph2Dot: no visible global function definition for
     ‘heat.colors’
    profileCallGraph2Dot: no visible global function definition for ‘hsv’
    Undefined global functions or variables:
     heat.colors hsv
Flavor: r-devel-linux-x86_64-fedora-clang