CRAN Package Check Results for Package proftools

Last updated on 2017-12-12 06:47:26 CET.

Flavor Version Tinstall Tcheck Ttotal Status Flags
r-devel-linux-x86_64-debian-clang 0.99-2 3.06 64.60 67.66 OK
r-devel-linux-x86_64-debian-gcc 0.99-2 3.44 63.97 67.41 OK
r-devel-linux-x86_64-fedora-clang 0.99-2 97.86 OK
r-devel-linux-x86_64-fedora-gcc 0.99-2 99.25 OK
r-devel-windows-ix86+x86_64 0.99-2 10.00 124.00 134.00 OK
r-patched-linux-x86_64 0.99-2 2.95 82.86 85.81 OK
r-patched-solaris-x86 0.99-2 124.50 OK
r-release-linux-x86_64 0.99-2 2.96 85.97 88.93 OK
r-release-windows-ix86+x86_64 0.99-2 6.00 126.00 132.00 OK
r-release-osx-x86_64 0.99-2 ERROR
r-oldrel-windows-ix86+x86_64 0.99-2 6.00 112.00 118.00 OK
r-oldrel-osx-x86_64 0.99-2 OK

Check Details

Version: 0.99-2
Check: package dependencies
Result: NOTE
    Packages suggested but not available for checking: ‘graph’ ‘Rgraphviz’
Flavor: r-release-osx-x86_64

Version: 0.99-2
Check: examples
Result: ERROR
    Running examples in ‘proftools-Ex.R’ failed
    The error most likely occurred in:
    
    > ### Name: filterProfileData
    > ### Title: Filter Profile Data
    > ### Aliases: filterProfileData
    > ### Keywords: programming utilities
    >
    > ### ** Examples
    >
    > pd <- readProfileData(system.file("samples", "glmEx.out", package="proftools"))
    > plotProfileCallGraph(pd)
    Error in loadNamespace(name) : there is no package called ‘graph’
    Calls: plotProfileCallGraph ... tryCatch -> tryCatchList -> tryCatchOne -> <Anonymous>
    Execution halted
Flavor: r-release-osx-x86_64

Version: 0.99-2
Check: re-building of vignette outputs
Result: WARN
    Error in re-building vignettes:
     ...
    Warning: running command 'kpsewhich framed.sty' had status 1
    Warning in test_latex_pkg("framed", system.file("misc", "framed.sty", package = "knitr")) :
     unable to find LaTeX package 'framed'; will use a copy from knitr
    Quitting from lines 221-222 (proftools.Rnw)
    Error: processing vignette 'proftools.Rnw' failed with diagnostics:
    there is no package called 'graph'
    Execution halted
Flavor: r-release-osx-x86_64