CRAN Package Check Results for Package proftools

Last updated on 2018-04-25 08:51:34 CEST.

Flavor Version Tinstall Tcheck Ttotal Status Flags
r-devel-linux-x86_64-debian-clang 0.99-2 3.11 80.08 83.19 OK
r-devel-linux-x86_64-debian-gcc 0.99-2 2.84 58.67 61.51 OK
r-devel-linux-x86_64-fedora-clang 0.99-2 101.20 OK
r-devel-linux-x86_64-fedora-gcc 0.99-2 96.81 OK
r-devel-windows-ix86+x86_64 0.99-2 9.00 90.00 99.00 OK
r-patched-linux-x86_64 0.99-2 4.02 79.55 83.57 OK
r-patched-solaris-x86 0.99-2 140.90 OK
r-release-linux-x86_64 0.99-2 3.76 76.39 80.15 OK
r-release-windows-ix86+x86_64 0.99-2 9.00 90.00 99.00 OK
r-release-osx-x86_64 0.99-2 ERROR
r-oldrel-windows-ix86+x86_64 0.99-2 10.00 92.00 102.00 OK
r-oldrel-osx-x86_64 0.99-2 ERROR

Check Details

Version: 0.99-2
Check: package dependencies
Result: NOTE
    Packages suggested but not available for checking: ‘graph’ ‘Rgraphviz’
Flavors: r-release-osx-x86_64, r-oldrel-osx-x86_64

Version: 0.99-2
Check: examples
Result: ERROR
    Running examples in ‘proftools-Ex.R’ failed
    The error most likely occurred in:
    
    > ### Name: filterProfileData
    > ### Title: Filter Profile Data
    > ### Aliases: filterProfileData
    > ### Keywords: programming utilities
    >
    > ### ** Examples
    >
    > pd <- readProfileData(system.file("samples", "glmEx.out", package="proftools"))
    > plotProfileCallGraph(pd)
    Error in loadNamespace(name) : there is no package called ‘graph’
    Calls: plotProfileCallGraph ... tryCatch -> tryCatchList -> tryCatchOne -> <Anonymous>
    Execution halted
Flavors: r-release-osx-x86_64, r-oldrel-osx-x86_64

Version: 0.99-2
Check: re-building of vignette outputs
Result: WARN
    Error in re-building vignettes:
     ...
    Quitting from lines 221-222 (proftools.Rnw)
    Error: processing vignette 'proftools.Rnw' failed with diagnostics:
    there is no package called 'graph'
    Execution halted
Flavor: r-release-osx-x86_64

Version: 0.99-2
Check: re-building of vignette outputs
Result: WARN
    Error in re-building vignettes:
     ...
    Warning: running command 'kpsewhich framed.sty' had status 1
    Warning in test_latex_pkg("framed", system.file("misc", "framed.sty", package = "knitr")) :
     unable to find LaTeX package 'framed'; will use a copy from knitr
    Quitting from lines 221-222 (proftools.Rnw)
    Error: processing vignette 'proftools.Rnw' failed with diagnostics:
    there is no package called 'graph'
    Execution halted
Flavor: r-oldrel-osx-x86_64