CRAN Package Check Results for Package proftools

Last updated on 2014-04-21 09:48:06.

Flavor Version Tinstall Tcheck Ttotal Status Flags
r-devel-linux-x86_64-debian-clang 0.1-0 1.22 13.90 15.12 OK
r-devel-linux-x86_64-debian-gcc 0.1-0 1.22 13.73 14.94 OK
r-devel-linux-x86_64-fedora-clang 0.1-0 29.26 OK
r-devel-linux-x86_64-fedora-gcc 0.1-0 28.89 OK
r-devel-macosx-x86_64-clang 0.1-0 31.34 OK
r-devel-macosx-x86_64-gcc 0.1-0 ERROR
r-devel-windows-ix86+x86_64 0.1-0 3.00 20.00 23.00 OK
r-patched-linux-x86_64 0.1-0 1.14 13.83 14.97 OK
r-patched-solaris-sparc 0.1-0 165.50 OK
r-patched-solaris-x86 0.1-0 41.30 OK
r-release-linux-ix86 OK
r-release-linux-x86_64 0.1-0 1.12 118.02 119.14 OK
r-release-windows-ix86+x86_64 0.1-0 5.00 28.00 33.00 OK
r-oldrel-windows-ix86+x86_64 0.1-0 3.00 39.00 42.00 OK

Check Details

Version: 0.1-0
Check: package dependencies
Result: NOTE
    Packages suggested but not available for checking: ‘graph’ ‘Rgraphviz’
Flavor: r-devel-macosx-x86_64-gcc

Version: 0.1-0
Check: examples
Result: ERROR
    Running examples in ‘proftools-Ex.R’ failed
    The error most likely occurred in:
    
    > ### Name: plotProfileCallGraph
    > ### Title: Plot Call Graph for Rprof Profile Data
    > ### Aliases: plotProfileCallGraph
    > ### Keywords: programming utilities
    >
    > ### ** Examples
    >
    > pd <- readProfileData(system.file("samples", "glmEx.out", package="proftools"))
    > plotProfileCallGraph(pd)
    Error in loadNamespace(name) : there is no package called ‘graph’
    Calls: plotProfileCallGraph ... tryCatch -> tryCatchList -> tryCatchOne -> <Anonymous>
    Execution halted
Flavor: r-devel-macosx-x86_64-gcc