CRAN Package Check Results for Package proftools

Last updated on 2018-02-19 22:48:58 CET.

Flavor Version Tinstall Tcheck Ttotal Status Flags
r-devel-linux-x86_64-debian-clang 0.99-2 4.29 39.29 43.58 WARN
r-devel-linux-x86_64-debian-gcc 0.99-2 2.97 33.37 36.34 WARN
r-devel-linux-x86_64-fedora-clang 0.99-2 56.89 WARN
r-devel-linux-x86_64-fedora-gcc 0.99-2 55.56 WARN
r-devel-windows-ix86+x86_64 0.99-2 8.00 50.00 58.00 WARN
r-patched-linux-x86_64 0.99-2 3.22 83.37 86.59 OK
r-patched-solaris-x86 0.99-2 117.20 OK
r-release-linux-x86_64 0.99-2 3.03 81.59 84.62 OK
r-release-windows-ix86+x86_64 0.99-2 9.00 80.00 89.00 OK
r-release-osx-x86_64 0.99-2 ERROR
r-oldrel-windows-ix86+x86_64 0.99-2 9.00 111.00 120.00 OK
r-oldrel-osx-x86_64 0.99-2 OK

Check Details

Version: 0.99-2
Check: re-building of vignette outputs
Result: WARN
    Error in re-building vignettes:
     ...
    Warning: You used a knitr feature that depends on the digest package. Make sure it is installed.
    Quitting from lines 122-123 (proftools.Rnw)
    Error: processing vignette ‘proftools.Rnw’ failed with diagnostics:
    there is no package called 'digest'
    Execution halted
Flavors: r-devel-linux-x86_64-debian-clang, r-devel-linux-x86_64-debian-gcc, r-devel-linux-x86_64-fedora-clang, r-devel-linux-x86_64-fedora-gcc, r-devel-windows-ix86+x86_64

Version: 0.99-2
Check: package dependencies
Result: NOTE
    Packages suggested but not available for checking: ‘graph’ ‘Rgraphviz’
Flavor: r-release-osx-x86_64

Version: 0.99-2
Check: examples
Result: ERROR
    Running examples in ‘proftools-Ex.R’ failed
    The error most likely occurred in:
    
    > ### Name: filterProfileData
    > ### Title: Filter Profile Data
    > ### Aliases: filterProfileData
    > ### Keywords: programming utilities
    >
    > ### ** Examples
    >
    > pd <- readProfileData(system.file("samples", "glmEx.out", package="proftools"))
    > plotProfileCallGraph(pd)
    Error in loadNamespace(name) : there is no package called ‘graph’
    Calls: plotProfileCallGraph ... tryCatch -> tryCatchList -> tryCatchOne -> <Anonymous>
    Execution halted
Flavor: r-release-osx-x86_64

Version: 0.99-2
Check: re-building of vignette outputs
Result: WARN
    Error in re-building vignettes:
     ...
    Warning: running command 'kpsewhich framed.sty' had status 1
    Warning in test_latex_pkg("framed", system.file("misc", "framed.sty", package = "knitr")) :
     unable to find LaTeX package 'framed'; will use a copy from knitr
    Quitting from lines 221-222 (proftools.Rnw)
    Error: processing vignette 'proftools.Rnw' failed with diagnostics:
    there is no package called 'graph'
    Execution halted
Flavor: r-release-osx-x86_64