CRAN Package Check Results for Package proftools

Last updated on 2015-09-02 11:48:36.

Flavor Version Tinstall Tcheck Ttotal Status Flags
r-devel-linux-x86_64-debian-clang 0.1-0 1.01 11.73 12.74 NOTE
r-devel-linux-x86_64-debian-gcc 0.1-0 0.98 11.13 12.12 NOTE
r-devel-linux-x86_64-fedora-clang 0.1-0 23.42 NOTE
r-devel-linux-x86_64-fedora-gcc 0.1-0 21.79 NOTE
r-devel-osx-x86_64-clang 0.1-0 22.33 OK
r-devel-windows-ix86+x86_64 0.1-0 3.00 25.00 28.00 NOTE
r-patched-linux-x86_64 0.1-0 0.96 12.28 13.24 OK
r-patched-solaris-sparc 0.1-0 153.70 OK
r-patched-solaris-x86 0.1-0 33.80 OK
r-release-linux-x86_64 0.1-0 1.02 11.68 12.70 OK
r-release-osx-x86_64-mavericks 0.1-0 OK
r-release-windows-ix86+x86_64 0.1-0 3.00 23.00 26.00 OK
r-oldrel-windows-ix86+x86_64 0.1-0 5.00 22.00 27.00 OK

Check Details

Version: 0.1-0
Check: R code for possible problems
Result: NOTE
    plotProfileCallGraph: no visible global function definition for
     ‘heat.colors’
    plotProfileCallGraph: no visible global function definition for ‘hsv’
    profileCallGraph2Dot: no visible global function definition for
     ‘heat.colors’
    profileCallGraph2Dot: no visible global function definition for ‘hsv’
    Undefined global functions or variables:
     heat.colors hsv
    Consider adding
     importFrom("grDevices", "heat.colors", "hsv")
    to your NAMESPACE.
Flavors: r-devel-linux-x86_64-debian-clang, r-devel-linux-x86_64-debian-gcc, r-devel-linux-x86_64-fedora-clang, r-devel-linux-x86_64-fedora-gcc, r-devel-windows-ix86+x86_64