CRAN Package Check Results for Package proftools

Last updated on 2014-10-01 21:47:08.

Flavor Version Tinstall Tcheck Ttotal Status Flags
r-devel-linux-x86_64-debian-clang 0.1-0 1.03 12.88 13.92 OK
r-devel-linux-x86_64-debian-gcc 0.1-0 1.04 12.76 13.80 OK
r-devel-linux-x86_64-fedora-clang 0.1-0 28.72 OK
r-devel-linux-x86_64-fedora-gcc 0.1-0 25.84 OK
r-devel-osx-x86_64-clang 0.1-0 29.46 OK
r-devel-windows-ix86+x86_64 0.1-0 3.00 20.00 23.00 OK
r-patched-linux-x86_64 0.1-0 1.13 13.72 14.85 OK
r-patched-solaris-sparc 0.1-0 162.60 OK
r-patched-solaris-x86 0.1-0 41.80 OK
r-release-linux-ix86 0.1-0 1.43 20.16 21.59 OK
r-release-linux-x86_64 0.1-0 1.11 13.52 14.63 OK
r-release-osx-x86_64-mavericks 0.1-0 ERROR
r-release-windows-ix86+x86_64 0.1-0 4.00 21.00 25.00 OK
r-oldrel-windows-ix86+x86_64 0.1-0 3.00 39.00 42.00 OK

Check Details

Version: 0.1-0
Check: package dependencies
Result: NOTE
    Packages suggested but not available for checking: ‘graph’ ‘Rgraphviz’
Flavor: r-release-osx-x86_64-mavericks

Version: 0.1-0
Check: examples
Result: ERROR
    Running examples in ‘proftools-Ex.R’ failed
    The error most likely occurred in:
    
    > ### Name: plotProfileCallGraph
    > ### Title: Plot Call Graph for Rprof Profile Data
    > ### Aliases: plotProfileCallGraph
    > ### Keywords: programming utilities
    >
    > ### ** Examples
    >
    > pd <- readProfileData(system.file("samples", "glmEx.out", package="proftools"))
    > plotProfileCallGraph(pd)
    Error in loadNamespace(name) : there is no package called ‘graph’
    Calls: plotProfileCallGraph ... tryCatch -> tryCatchList -> tryCatchOne -> <Anonymous>
    Execution halted
Flavor: r-release-osx-x86_64-mavericks