CRAN Package Check Results for Package proftools

Last updated on 2017-04-28 23:52:36.

Flavor Version Tinstall Tcheck Ttotal Status Flags
r-devel-linux-x86_64-debian-clang 0.99-2 2.38 49.44 51.81 OK
r-devel-linux-x86_64-debian-gcc 0.99-2 2.49 50.39 52.88 OK
r-devel-linux-x86_64-fedora-clang 0.99-2 106.16 OK --no-stop-on-test-error
r-devel-linux-x86_64-fedora-gcc 0.99-2 101.47 OK --no-stop-on-test-error
r-devel-windows-ix86+x86_64 0.99-2 6.00 281.00 287.00 OK
r-patched-linux-x86_64 0.99-2 2.46 48.80 51.26 OK
r-patched-solaris-sparc 0.99-2 715.00 OK
r-patched-solaris-x86 0.99-2 120.70 OK
r-release-linux-x86_64 0.99-2 2.53 48.68 51.20 OK
r-release-windows-ix86+x86_64 0.99-2 9.00 126.00 135.00 OK
r-release-osx-x86_64 0.99-2 ERROR
r-oldrel-windows-ix86+x86_64 0.99-2 8.00 92.00 100.00 OK
r-oldrel-osx-x86_64 0.99-2 OK

Check Details

Version: 0.99-2
Check: package dependencies
Result: NOTE
    Packages suggested but not available for checking: ‘graph’ ‘Rgraphviz’
Flavor: r-release-osx-x86_64

Version: 0.99-2
Check: examples
Result: ERROR
    Running examples in ‘proftools-Ex.R’ failed
    The error most likely occurred in:
    
    > ### Name: filterProfileData
    > ### Title: Filter Profile Data
    > ### Aliases: filterProfileData
    > ### Keywords: programming utilities
    >
    > ### ** Examples
    >
    > pd <- readProfileData(system.file("samples", "glmEx.out", package="proftools"))
    > plotProfileCallGraph(pd)
    Error in loadNamespace(name) : there is no package called ‘graph’
    Calls: plotProfileCallGraph ... tryCatch -> tryCatchList -> tryCatchOne -> <Anonymous>
    Execution halted
Flavor: r-release-osx-x86_64

Version: 0.99-2
Check: re-building of vignette outputs
Result: WARN
    Error in re-building vignettes:
     ...
    Warning: running command 'kpsewhich framed.sty' had status 1
    Warning in test_latex_pkg("framed", system.file("misc", "framed.sty", package = "knitr")) :
     unable to find LaTeX package 'framed'; will use a copy from knitr
    Quitting from lines 221-222 (proftools.Rnw)
    Error: processing vignette 'proftools.Rnw' failed with diagnostics:
    there is no package called 'graph'
    Execution halted
Flavor: r-release-osx-x86_64