CRAN Package Check Results for Package proftools

Last updated on 2017-06-26 02:47:55.

Flavor Version Tinstall Tcheck Ttotal Status Flags
r-devel-linux-x86_64-debian-clang 0.99-2 2.35 48.91 51.26 OK
r-devel-linux-x86_64-debian-gcc 0.99-2 2.54 49.25 51.78 OK
r-devel-linux-x86_64-fedora-clang 0.99-2 101.79 OK
r-devel-linux-x86_64-fedora-gcc 0.99-2 100.77 OK
r-devel-windows-ix86+x86_64 0.99-2 9.00 93.00 102.00 OK
r-patched-linux-x86_64 0.99-2 2.40 50.72 53.12 OK
r-patched-solaris-sparc 0.99-2 715.00 OK
r-patched-solaris-x86 0.99-2 123.00 OK
r-release-linux-x86_64 0.99-2 2.65 50.11 52.76 OK
r-release-windows-ix86+x86_64 0.99-2 7.00 120.00 127.00 OK
r-release-osx-x86_64 0.99-2 ERROR
r-oldrel-windows-ix86+x86_64 0.99-2 5.00 118.00 123.00 OK
r-oldrel-osx-x86_64 0.99-2 OK

Check Details

Version: 0.99-2
Check: package dependencies
Result: NOTE
    Packages suggested but not available for checking: ‘graph’ ‘Rgraphviz’
Flavor: r-release-osx-x86_64

Version: 0.99-2
Check: examples
Result: ERROR
    Running examples in ‘proftools-Ex.R’ failed
    The error most likely occurred in:
    
    > ### Name: filterProfileData
    > ### Title: Filter Profile Data
    > ### Aliases: filterProfileData
    > ### Keywords: programming utilities
    >
    > ### ** Examples
    >
    > pd <- readProfileData(system.file("samples", "glmEx.out", package="proftools"))
    > plotProfileCallGraph(pd)
    Error in loadNamespace(name) : there is no package called ‘graph’
    Calls: plotProfileCallGraph ... tryCatch -> tryCatchList -> tryCatchOne -> <Anonymous>
    Execution halted
Flavor: r-release-osx-x86_64

Version: 0.99-2
Check: re-building of vignette outputs
Result: WARN
    Error in re-building vignettes:
     ...
    Warning: running command 'kpsewhich framed.sty' had status 1
    Warning in test_latex_pkg("framed", system.file("misc", "framed.sty", package = "knitr")) :
     unable to find LaTeX package 'framed'; will use a copy from knitr
    Quitting from lines 221-222 (proftools.Rnw)
    Error: processing vignette 'proftools.Rnw' failed with diagnostics:
    there is no package called 'graph'
    Execution halted
Flavor: r-release-osx-x86_64