CRAN Package Check Results for Package proftools

Last updated on 2014-09-16 19:48:39.

Flavor Version Tinstall Tcheck Ttotal Status Flags
r-devel-linux-x86_64-debian-clang 0.1-0 1.00 12.78 13.78 OK
r-devel-linux-x86_64-debian-gcc 0.1-0 0.97 12.40 13.37 OK
r-devel-linux-x86_64-fedora-clang 0.1-0 27.47 OK
r-devel-linux-x86_64-fedora-gcc 0.1-0 25.01 OK
r-devel-osx-x86_64-clang 0.1-0 29.27 OK
r-devel-windows-ix86+x86_64 0.1-0 3.00 18.00 21.00 OK
r-patched-linux-x86_64 0.1-0 1.17 13.97 15.14 OK
r-patched-solaris-sparc 0.1-0 162.60 OK
r-patched-solaris-x86 0.1-0 39.10 OK
r-release-linux-ix86 0.1-0 1.41 20.15 21.56 OK
r-release-linux-x86_64 0.1-0 1.10 14.38 15.48 OK
r-release-osx-x86_64-mavericks 0.1-0 ERROR
r-release-windows-ix86+x86_64 0.1-0 4.00 21.00 25.00 OK
r-oldrel-windows-ix86+x86_64 0.1-0 3.00 39.00 42.00 OK

Check Details

Version: 0.1-0
Check: package dependencies
Result: NOTE
    Packages suggested but not available for checking: ‘graph’ ‘Rgraphviz’
Flavor: r-release-osx-x86_64-mavericks

Version: 0.1-0
Check: examples
Result: ERROR
    Running examples in ‘proftools-Ex.R’ failed
    The error most likely occurred in:
    
    > ### Name: plotProfileCallGraph
    > ### Title: Plot Call Graph for Rprof Profile Data
    > ### Aliases: plotProfileCallGraph
    > ### Keywords: programming utilities
    >
    > ### ** Examples
    >
    > pd <- readProfileData(system.file("samples", "glmEx.out", package="proftools"))
    > plotProfileCallGraph(pd)
    Error in loadNamespace(name) : there is no package called ‘graph’
    Calls: plotProfileCallGraph ... tryCatch -> tryCatchList -> tryCatchOne -> <Anonymous>
    Execution halted
Flavor: r-release-osx-x86_64-mavericks