CRAN Package Check Results for Package proftools

Last updated on 2015-05-29 07:48:07.

Flavor Version Tinstall Tcheck Ttotal Status Flags
r-devel-linux-x86_64-debian-clang 0.1-0 1.01 12.08 13.10 OK
r-devel-linux-x86_64-debian-gcc 0.1-0 0.97 11.62 12.60 OK
r-devel-linux-x86_64-fedora-clang 0.1-0 25.11 OK
r-devel-linux-x86_64-fedora-gcc 0.1-0 23.36 OK
r-devel-osx-x86_64-clang 0.1-0 26.17 OK
r-devel-windows-ix86+x86_64 0.1-0 4.00 21.00 25.00 OK
r-patched-linux-x86_64 0.1-0 1.11 12.14 13.24 OK
r-patched-solaris-sparc 0.1-0 167.00 OK
r-patched-solaris-x86 0.1-0 33.30 OK
r-release-linux-x86_64 0.1-0 1.11 11.85 12.96 OK
r-release-osx-x86_64-mavericks 0.1-0 OK
r-release-osx-x86_64-snowleopard 0.1-0 ERROR
r-release-windows-ix86+x86_64 0.1-0 3.00 22.00 25.00 OK
r-oldrel-windows-ix86+x86_64 0.1-0 5.00 22.00 27.00 OK

Check Details

Version: 0.1-0
Check: package dependencies
Result: NOTE
    Packages suggested but not available for checking: ‘graph’ ‘Rgraphviz’
Flavor: r-release-osx-x86_64-snowleopard

Version: 0.1-0
Check: examples
Result: ERROR
    Running examples in ‘proftools-Ex.R’ failed
    The error most likely occurred in:
    
    > ### Name: plotProfileCallGraph
    > ### Title: Plot Call Graph for Rprof Profile Data
    > ### Aliases: plotProfileCallGraph
    > ### Keywords: programming utilities
    >
    > ### ** Examples
    >
    > pd <- readProfileData(system.file("samples", "glmEx.out", package="proftools"))
    > plotProfileCallGraph(pd)
    Error in loadNamespace(name) : there is no package called ‘graph’
    Calls: plotProfileCallGraph ... tryCatch -> tryCatchList -> tryCatchOne -> <Anonymous>
    Execution halted
Flavor: r-release-osx-x86_64-snowleopard