CRAN Package Check Results for Package proftools

Last updated on 2019-01-19 01:51:42 CET.

Flavor Version Tinstall Tcheck Ttotal Status Flags
r-devel-linux-x86_64-debian-clang 0.99-2 3.78 79.76 83.54 OK
r-devel-linux-x86_64-debian-gcc 0.99-2 3.31 63.04 66.35 OK
r-devel-linux-x86_64-fedora-clang 0.99-2 96.99 OK
r-devel-linux-x86_64-fedora-gcc 0.99-2 93.60 OK
r-devel-windows-ix86+x86_64 0.99-2 12.00 119.00 131.00 OK
r-patched-linux-x86_64 0.99-2 3.49 78.62 82.11 OK
r-patched-solaris-x86 0.99-2 143.40 OK
r-release-linux-x86_64 0.99-2 2.80 78.09 80.89 OK
r-release-windows-ix86+x86_64 0.99-2 8.00 129.00 137.00 OK
r-release-osx-x86_64 0.99-2 OK
r-oldrel-windows-ix86+x86_64 0.99-2 10.00 97.00 107.00 OK
r-oldrel-osx-x86_64 0.99-2 ERROR

Check Details

Version: 0.99-2
Check: package dependencies
Result: NOTE
    Packages suggested but not available for checking: ‘graph’ ‘Rgraphviz’
Flavor: r-oldrel-osx-x86_64

Version: 0.99-2
Check: examples
Result: ERROR
    Running examples in ‘proftools-Ex.R’ failed
    The error most likely occurred in:
    
    > ### Name: filterProfileData
    > ### Title: Filter Profile Data
    > ### Aliases: filterProfileData
    > ### Keywords: programming utilities
    >
    > ### ** Examples
    >
    > pd <- readProfileData(system.file("samples", "glmEx.out", package="proftools"))
    > plotProfileCallGraph(pd)
    Error in loadNamespace(name) : there is no package called ‘graph’
    Calls: plotProfileCallGraph ... tryCatch -> tryCatchList -> tryCatchOne -> <Anonymous>
    Execution halted
Flavor: r-oldrel-osx-x86_64

Version: 0.99-2
Check: re-building of vignette outputs
Result: WARN
    Error in re-building vignettes:
     ...
    Warning: running command 'kpsewhich framed.sty' had status 1
    Warning in test_latex_pkg("framed", system.file("misc", "framed.sty", package = "knitr")) :
     unable to find LaTeX package 'framed'; will use a copy from knitr
    Quitting from lines 221-222 (proftools.Rnw)
    Error: processing vignette 'proftools.Rnw' failed with diagnostics:
    there is no package called 'graph'
    Execution halted
Flavor: r-oldrel-osx-x86_64