CRAN Package Check Results for Package progress

Last updated on 2022-01-22 15:52:21 CET.

Flavor Version Tinstall Tcheck Ttotal Status Flags
r-devel-linux-x86_64-debian-clang 1.2.2 3.58 39.06 42.64 NOTE
r-devel-linux-x86_64-debian-gcc 1.2.2 2.11 30.30 32.41 NOTE
r-devel-linux-x86_64-fedora-clang 1.2.2 52.97 NOTE
r-devel-linux-x86_64-fedora-gcc 1.2.2 41.29 NOTE
r-devel-windows-x86_64-new-UL 1.2.2 140.00 64.00 204.00 NOTE
r-devel-windows-x86_64-new-TK 1.2.2 NOTE
r-patched-linux-x86_64 1.2.2 3.35 37.77 41.12 NOTE
r-release-linux-x86_64 1.2.2 3.79 37.41 41.20 NOTE
r-release-macos-arm64 1.2.2 NOTE
r-release-macos-x86_64 1.2.2 NOTE
r-release-windows-ix86+x86_64 1.2.2 7.00 50.00 57.00 NOTE
r-oldrel-macos-x86_64 1.2.2 OK
r-oldrel-windows-ix86+x86_64 1.2.2 8.00 47.00 55.00 OK

Check Details

Version: 1.2.2
Check: LazyData
Result: NOTE
     'LazyData' is specified without a 'data' directory
Flavors: r-devel-linux-x86_64-debian-clang, r-devel-linux-x86_64-debian-gcc, r-devel-linux-x86_64-fedora-clang, r-devel-linux-x86_64-fedora-gcc, r-devel-windows-x86_64-new-UL, r-devel-windows-x86_64-new-TK, r-patched-linux-x86_64, r-release-linux-x86_64, r-release-macos-arm64, r-release-macos-x86_64, r-release-windows-ix86+x86_64