CRAN Package Check Results for Package progress

Last updated on 2022-10-01 12:56:20 CEST.

Flavor Version Tinstall Tcheck Ttotal Status Flags
r-devel-linux-x86_64-debian-clang 1.2.2 5.11 35.15 40.26 NOTE
r-devel-linux-x86_64-debian-gcc 1.2.2 3.56 27.31 30.87 NOTE
r-devel-linux-x86_64-fedora-clang 1.2.2 61.73 NOTE
r-devel-linux-x86_64-fedora-gcc 1.2.2 58.08 NOTE
r-devel-windows-x86_64 1.2.2 16.00 77.00 93.00 NOTE
r-patched-linux-x86_64 1.2.2 3.72 33.87 37.59 NOTE
r-release-linux-x86_64 1.2.2 4.07 34.32 38.39 NOTE
r-release-macos-arm64 1.2.2 19.00 NOTE
r-release-macos-x86_64 1.2.2 26.00 NOTE
r-release-windows-x86_64 1.2.2 22.00 66.00 88.00 NOTE
r-oldrel-macos-arm64 1.2.2 22.00 NOTE
r-oldrel-macos-x86_64 1.2.2 31.00 NOTE
r-oldrel-windows-ix86+x86_64 1.2.2 9.00 69.00 78.00 WARN

Check Details

Version: 1.2.2
Check: LazyData
Result: NOTE
     'LazyData' is specified without a 'data' directory
Flavors: r-devel-linux-x86_64-debian-clang, r-devel-linux-x86_64-debian-gcc, r-devel-linux-x86_64-fedora-clang, r-devel-linux-x86_64-fedora-gcc, r-devel-windows-x86_64, r-patched-linux-x86_64, r-release-linux-x86_64, r-release-macos-arm64, r-release-macos-x86_64, r-release-windows-x86_64, r-oldrel-macos-arm64, r-oldrel-macos-x86_64, r-oldrel-windows-ix86+x86_64

Version: 1.2.2
Check: for unstated dependencies in ‘tests’
Result: WARN
    Warning: unable to access index for repository https://bioconductor.org/packages/3.14/bioc/src/contrib:
     cannot open URL 'https://bioconductor.org/packages/3.14/bioc/src/contrib/PACKAGES'
    Warning: unable to access index for repository https://bioconductor.org/packages/3.14/data/annotation/src/contrib:
     cannot open URL 'https://bioconductor.org/packages/3.14/data/annotation/src/contrib/PACKAGES'
    Warning: unable to access index for repository https://bioconductor.org/packages/3.14/data/experiment/src/contrib:
     cannot open URL 'https://bioconductor.org/packages/3.14/data/experiment/src/contrib/PACKAGES'
Flavor: r-oldrel-windows-ix86+x86_64