CRAN Package Check Results for Package proj4

Last updated on 2016-07-27 03:49:57.

Flavor Version Tinstall Tcheck Ttotal Status Flags
r-devel-linux-x86_64-debian-clang 1.0-8 3.39 10.03 13.43 NOTE
r-devel-linux-x86_64-debian-gcc 1.0-8 2.27 9.79 12.06 NOTE
r-devel-linux-x86_64-fedora-clang 1.0-8 16.31 NOTE
r-devel-linux-x86_64-fedora-gcc 1.0-8 15.36 NOTE
r-devel-osx-x86_64-clang 1.0-8 17.23 NOTE
r-devel-windows-ix86+x86_64 1.0-8 5.00 25.00 30.00 NOTE
r-patched-linux-x86_64 1.0-8 2.30 9.95 12.25 NOTE
r-patched-solaris-sparc 1.0-8 94.60 NOTE
r-patched-solaris-x86 1.0-8 20.80 NOTE
r-release-linux-x86_64 1.0-8 2.14 9.91 12.05 NOTE
r-release-osx-x86_64-mavericks 1.0-8 NOTE
r-release-windows-ix86+x86_64 1.0-8 7.00 31.00 38.00 NOTE
r-oldrel-windows-ix86+x86_64 1.0-8 8.00 19.00 27.00 NOTE

Check Details

Version: 1.0-8
Check: R code for possible problems
Result: NOTE
    NB: .First.lib is obsolete and will not be used in R >= 3.0.0
Flavors: r-devel-linux-x86_64-debian-clang, r-devel-linux-x86_64-debian-gcc, r-devel-linux-x86_64-fedora-clang, r-devel-linux-x86_64-fedora-gcc, r-devel-osx-x86_64-clang, r-devel-windows-ix86+x86_64, r-patched-linux-x86_64, r-patched-solaris-sparc, r-patched-solaris-x86, r-release-linux-x86_64, r-release-osx-x86_64-mavericks, r-release-windows-ix86+x86_64, r-oldrel-windows-ix86+x86_64