CRAN Package Check Results for Package proj4

Last updated on 2015-08-05 03:48:15.

Flavor Version Tinstall Tcheck Ttotal Status Flags
r-devel-linux-x86_64-debian-clang 1.0-8 2.07 7.89 9.96 NOTE
r-devel-linux-x86_64-debian-gcc 1.0-8 1.81 7.82 9.63 NOTE
r-devel-linux-x86_64-fedora-clang 1.0-8 18.03 NOTE
r-devel-linux-x86_64-fedora-gcc 1.0-8 16.77 NOTE
r-devel-osx-x86_64-clang 1.0-8 21.03 NOTE
r-devel-windows-ix86+x86_64 1.0-8 9.00 19.00 28.00 NOTE
r-patched-linux-x86_64 1.0-8 1.84 8.01 9.85 NOTE
r-patched-solaris-sparc 1.0-8 119.70 NOTE
r-patched-solaris-x86 1.0-8 26.70 NOTE
r-release-linux-x86_64 1.0-8 1.79 8.14 9.93 NOTE
r-release-osx-x86_64-mavericks 1.0-8 NOTE
r-release-windows-ix86+x86_64 1.0-8 7.00 20.00 27.00 NOTE
r-oldrel-windows-ix86+x86_64 1.0-8 11.00 27.00 38.00 NOTE

Check Details

Version: 1.0-8
Check: R code for possible problems
Result: NOTE
    NB: .First.lib is obsolete and will not be used in R >= 3.0.0
Flavors: r-devel-linux-x86_64-debian-clang, r-devel-linux-x86_64-debian-gcc, r-devel-linux-x86_64-fedora-clang, r-devel-linux-x86_64-fedora-gcc, r-devel-osx-x86_64-clang, r-devel-windows-ix86+x86_64, r-patched-linux-x86_64, r-patched-solaris-sparc, r-patched-solaris-x86, r-release-linux-x86_64, r-release-osx-x86_64-mavericks, r-release-windows-ix86+x86_64, r-oldrel-windows-ix86+x86_64