CRAN Package Check Results for Package proj4

Last updated on 2014-09-17 14:47:14.

Flavor Version Tinstall Tcheck Ttotal Status Flags
r-devel-linux-x86_64-debian-clang 1.0-8 2.02 8.44 10.46 NOTE
r-devel-linux-x86_64-debian-gcc 1.0-8 1.70 8.36 10.07 NOTE
r-devel-linux-x86_64-fedora-clang 1.0-8 19.44 NOTE
r-devel-linux-x86_64-fedora-gcc 1.0-8 18.28 NOTE
r-devel-osx-x86_64-clang 1.0-8 25.03 NOTE
r-devel-windows-ix86+x86_64 1.0-8 6.00 18.00 24.00 NOTE
r-patched-linux-x86_64 1.0-8 1.74 8.16 9.91 NOTE
r-patched-solaris-sparc 1.0-8 109.60 NOTE
r-patched-solaris-x86 1.0-8 28.70 NOTE
r-release-linux-ix86 1.0-8 3.17 14.68 17.85 NOTE
r-release-linux-x86_64 1.0-8 1.74 8.75 10.49 NOTE
r-release-osx-x86_64-mavericks 1.0-8 NOTE
r-release-windows-ix86+x86_64 1.0-8 8.00 20.00 28.00 NOTE
r-oldrel-windows-ix86+x86_64 1.0-8 6.00 37.00 43.00 NOTE

Check Details

Version: 1.0-8
Check: R code for possible problems
Result: NOTE
    NB: .First.lib is obsolete and will not be used in R >= 3.0.0
Flavors: r-devel-linux-x86_64-debian-clang, r-devel-linux-x86_64-debian-gcc, r-devel-linux-x86_64-fedora-clang, r-devel-linux-x86_64-fedora-gcc, r-devel-osx-x86_64-clang, r-devel-windows-ix86+x86_64, r-patched-linux-x86_64, r-patched-solaris-sparc, r-patched-solaris-x86, r-release-linux-ix86, r-release-linux-x86_64, r-release-osx-x86_64-mavericks, r-release-windows-ix86+x86_64, r-oldrel-windows-ix86+x86_64