CRAN Package Check Results for Package proj4

Last updated on 2014-10-30 18:47:54.

Flavor Version Tinstall Tcheck Ttotal Status Flags
r-devel-linux-x86_64-debian-clang 1.0-8 2.06 9.11 11.17 NOTE
r-devel-linux-x86_64-debian-gcc 1.0-8 1.75 9.01 10.76 NOTE
r-devel-linux-x86_64-fedora-clang 1.0-8 21.01 NOTE
r-devel-linux-x86_64-fedora-gcc 1.0-8 19.84 NOTE
r-devel-osx-x86_64-clang 1.0-8 25.86 NOTE
r-devel-windows-ix86+x86_64 1.0-8 6.00 18.00 24.00 NOTE
r-patched-linux-x86_64 1.0-8 1.82 8.71 10.52 NOTE
r-patched-solaris-sparc 1.0-8 114.60 NOTE
r-patched-solaris-x86 1.0-8 30.50 NOTE
r-release-linux-ix86 1.0-8 3.20 14.68 17.89 NOTE
r-release-linux-x86_64 1.0-8 1.72 8.62 10.34 NOTE
r-release-osx-x86_64-mavericks 1.0-8 NOTE
r-release-windows-ix86+x86_64 1.0-8 8.00 20.00 28.00 NOTE
r-oldrel-windows-ix86+x86_64 1.0-8 6.00 37.00 43.00 NOTE

Check Details

Version: 1.0-8
Check: R code for possible problems
Result: NOTE
    NB: .First.lib is obsolete and will not be used in R >= 3.0.0
Flavors: r-devel-linux-x86_64-debian-clang, r-devel-linux-x86_64-debian-gcc, r-devel-linux-x86_64-fedora-clang, r-devel-linux-x86_64-fedora-gcc, r-devel-osx-x86_64-clang, r-devel-windows-ix86+x86_64, r-patched-linux-x86_64, r-patched-solaris-sparc, r-patched-solaris-x86, r-release-linux-ix86, r-release-linux-x86_64, r-release-osx-x86_64-mavericks, r-release-windows-ix86+x86_64, r-oldrel-windows-ix86+x86_64