CRAN Package Check Results for Package proj4

Last updated on 2014-04-21 05:48:20.

Flavor Version Tinstall Tcheck Ttotal Status Flags
r-devel-linux-x86_64-debian-clang 1.0-8 2.00 8.77 10.77 NOTE
r-devel-linux-x86_64-debian-gcc 1.0-8 1.84 8.84 10.68 NOTE
r-devel-linux-x86_64-fedora-clang 1.0-8 19.85 NOTE
r-devel-linux-x86_64-fedora-gcc 1.0-8 19.22 NOTE
r-devel-macosx-x86_64-clang 1.0-8 24.80 NOTE
r-devel-macosx-x86_64-gcc 1.0-8 NOTE
r-devel-windows-ix86+x86_64 1.0-8 6.00 19.00 25.00 NOTE
r-patched-linux-x86_64 1.0-8 1.81 8.82 10.62 NOTE
r-patched-solaris-sparc 1.0-8 113.60 NOTE
r-patched-solaris-x86 1.0-8 29.70 NOTE
r-release-linux-ix86 NOTE
r-release-linux-x86_64 1.0-8 1.72 106.24 107.96 NOTE
r-release-windows-ix86+x86_64 1.0-8 14.00 24.00 38.00 NOTE
r-oldrel-windows-ix86+x86_64 1.0-8 6.00 37.00 43.00 NOTE

Check Details

Version: 1.0-8
Check: R code for possible problems
Result: NOTE
    NB: .First.lib is obsolete and will not be used in R >= 3.0.0
Flavors: r-devel-linux-x86_64-debian-clang, r-devel-linux-x86_64-debian-gcc, r-devel-linux-x86_64-fedora-clang, r-devel-linux-x86_64-fedora-gcc, r-devel-macosx-x86_64-clang, r-devel-macosx-x86_64-gcc, r-devel-windows-ix86+x86_64, r-patched-linux-x86_64, r-patched-solaris-sparc, r-patched-solaris-x86, r-release-linux-ix86, r-release-linux-x86_64, r-release-windows-ix86+x86_64, r-oldrel-windows-ix86+x86_64