CRAN Package Check Results for Package proj4

Last updated on 2016-09-29 10:48:18.

Flavor Version Tinstall Tcheck Ttotal Status Flags
r-devel-linux-x86_64-debian-clang 1.0-8 2.87 8.66 11.53 NOTE
r-devel-linux-x86_64-debian-gcc 1.0-8 2.04 8.53 10.58 NOTE
r-devel-linux-x86_64-fedora-clang 1.0-8 17.36 NOTE
r-devel-linux-x86_64-fedora-gcc 1.0-8 15.61 NOTE
r-devel-macos-x86_64-clang 1.0-8 17.81 NOTE
r-devel-windows-ix86+x86_64 1.0-8 8.00 36.00 44.00 NOTE
r-patched-linux-x86_64 1.0-8 1.85 8.38 10.23 NOTE
r-patched-solaris-sparc 1.0-8 94.60 NOTE
r-patched-solaris-x86 1.0-8 21.20 NOTE
r-release-linux-x86_64 1.0-8 1.99 8.50 10.49 NOTE
r-release-osx-x86_64-mavericks 1.0-8 NOTE
r-release-windows-ix86+x86_64 1.0-8 5.00 26.00 31.00 NOTE
r-oldrel-windows-ix86+x86_64 1.0-8 8.00 19.00 27.00 NOTE

Check Details

Version: 1.0-8
Check: R code for possible problems
Result: NOTE
    NB: .First.lib is obsolete and will not be used in R >= 3.0.0
Flavors: r-devel-linux-x86_64-debian-clang, r-devel-linux-x86_64-debian-gcc, r-devel-linux-x86_64-fedora-clang, r-devel-linux-x86_64-fedora-gcc, r-devel-macos-x86_64-clang, r-devel-windows-ix86+x86_64, r-patched-linux-x86_64, r-patched-solaris-sparc, r-patched-solaris-x86, r-release-linux-x86_64, r-release-osx-x86_64-mavericks, r-release-windows-ix86+x86_64, r-oldrel-windows-ix86+x86_64