CRAN Package Check Results for Package proj4

Last updated on 2017-04-28 23:52:36.

Flavor Version Tinstall Tcheck Ttotal Status Flags
r-devel-linux-x86_64-debian-clang 1.0-8 3.07 10.20 13.27 NOTE
r-devel-linux-x86_64-debian-gcc 1.0-8 2.14 10.14 12.28 NOTE
r-devel-linux-x86_64-fedora-clang 1.0-8 21.65 NOTE --no-stop-on-test-error
r-devel-linux-x86_64-fedora-gcc 1.0-8 19.06 NOTE --no-stop-on-test-error
r-devel-windows-ix86+x86_64 1.0-8 8.00 37.00 45.00 NOTE
r-patched-linux-x86_64 1.0-8 2.13 10.19 12.32 NOTE
r-patched-solaris-sparc 1.0-8 117.60 NOTE
r-patched-solaris-x86 1.0-8 27.40 NOTE
r-release-linux-x86_64 1.0-8 1.98 10.02 12.00 NOTE
r-release-windows-ix86+x86_64 1.0-8 5.00 31.00 36.00 NOTE
r-release-osx-x86_64 1.0-8 NOTE
r-oldrel-windows-ix86+x86_64 1.0-8 5.00 24.00 29.00 NOTE
r-oldrel-osx-x86_64 1.0-8 NOTE

Check Details

Version: 1.0-8
Check: R code for possible problems
Result: NOTE
    NB: .First.lib is obsolete and will not be used in R >= 3.0.0
Flavors: r-devel-linux-x86_64-debian-clang, r-devel-linux-x86_64-debian-gcc, r-devel-windows-ix86+x86_64, r-patched-linux-x86_64, r-patched-solaris-sparc, r-patched-solaris-x86, r-release-linux-x86_64, r-release-windows-ix86+x86_64, r-release-osx-x86_64, r-oldrel-windows-ix86+x86_64, r-oldrel-osx-x86_64

Version: 1.0-8
Check: compiled code
Result: NOTE
    File ‘proj4/libs/proj4.so’:
     Found no calls to: ‘R_registerRoutines’, ‘R_useDynamicSymbols’
    
    It is good practice to register native routines and to disable symbol
    search.
    
    See ‘Writing portable packages’ in the ‘Writing R Extensions’ manual.
Flavors: r-devel-linux-x86_64-debian-clang, r-devel-linux-x86_64-debian-gcc, r-patched-linux-x86_64, r-release-linux-x86_64

Version: 1.0-8
Flags: --no-stop-on-test-error
Check: R code for possible problems
Result: NOTE
    NB: .First.lib is obsolete and will not be used in R >= 3.0.0
Flavors: r-devel-linux-x86_64-fedora-clang, r-devel-linux-x86_64-fedora-gcc

Version: 1.0-8
Flags: --no-stop-on-test-error
Check: compiled code
Result: NOTE
    File ‘proj4/libs/proj4.so’:
     Found no calls to: ‘R_registerRoutines’, ‘R_useDynamicSymbols’
    
    It is good practice to register native routines and to disable symbol
    search.
    
    See ‘Writing portable packages’ in the ‘Writing R Extensions’ manual.
Flavors: r-devel-linux-x86_64-fedora-clang, r-devel-linux-x86_64-fedora-gcc