CRAN Package Check Results for Package proj4

Last updated on 2015-09-04 05:47:00.

Flavor Version Tinstall Tcheck Ttotal Status Flags
r-devel-linux-x86_64-debian-clang 1.0-8 2.09 7.76 9.84 NOTE
r-devel-linux-x86_64-debian-gcc 1.0-8 1.74 7.48 9.22 NOTE
r-devel-linux-x86_64-fedora-clang 1.0-8 17.63 NOTE
r-devel-linux-x86_64-fedora-gcc 1.0-8 16.15 NOTE
r-devel-osx-x86_64-clang 1.0-8 20.71 NOTE
r-devel-windows-ix86+x86_64 1.0-8 7.00 22.00 29.00 NOTE
r-patched-linux-x86_64 1.0-8 1.80 8.15 9.95 NOTE
r-patched-solaris-sparc 1.0-8 119.70 NOTE
r-patched-solaris-x86 1.0-8 26.60 NOTE
r-release-linux-x86_64 1.0-8 1.80 8.88 10.68 NOTE
r-release-osx-x86_64-mavericks 1.0-8 NOTE
r-release-windows-ix86+x86_64 1.0-8 7.00 19.00 26.00 NOTE
r-oldrel-windows-ix86+x86_64 1.0-8 11.00 27.00 38.00 NOTE

Check Details

Version: 1.0-8
Check: R code for possible problems
Result: NOTE
    NB: .First.lib is obsolete and will not be used in R >= 3.0.0
Flavors: r-devel-linux-x86_64-debian-clang, r-devel-linux-x86_64-debian-gcc, r-devel-linux-x86_64-fedora-clang, r-devel-linux-x86_64-fedora-gcc, r-devel-osx-x86_64-clang, r-devel-windows-ix86+x86_64, r-patched-linux-x86_64, r-patched-solaris-sparc, r-patched-solaris-x86, r-release-linux-x86_64, r-release-osx-x86_64-mavericks, r-release-windows-ix86+x86_64, r-oldrel-windows-ix86+x86_64