CRAN Package Check Results for Package proj4

Last updated on 2017-01-18 12:54:54.

Flavor Version Tinstall Tcheck Ttotal Status Flags
r-devel-linux-x86_64-debian-clang 1.0-8 2.85 10.01 12.86 NOTE
r-devel-linux-x86_64-debian-gcc 1.0-8 1.95 9.89 11.85 NOTE
r-devel-linux-x86_64-fedora-clang 1.0-8 19.75 NOTE --no-stop-on-test-error
r-devel-linux-x86_64-fedora-gcc 1.0-8 19.56 NOTE --no-stop-on-test-error
r-devel-macos-x86_64-clang 1.0-8 19.58 NOTE --no-stop-on-test-error
r-devel-windows-ix86+x86_64 1.0-8 12.00 40.00 52.00 NOTE
r-patched-linux-x86_64 1.0-8 1.82 8.40 10.22 NOTE
r-patched-solaris-sparc 1.0-8 95.80 NOTE
r-patched-solaris-x86 1.0-8 21.50 NOTE
r-release-linux-x86_64 1.0-8 1.98 8.17 10.15 NOTE
r-release-osx-x86_64-mavericks 1.0-8 NOTE
r-release-windows-ix86+x86_64 1.0-8 5.00 24.00 29.00 NOTE
r-oldrel-windows-ix86+x86_64 1.0-8 11.00 24.00 35.00 NOTE

Check Details

Version: 1.0-8
Check: R code for possible problems
Result: NOTE
    NB: .First.lib is obsolete and will not be used in R >= 3.0.0
Flavors: r-devel-linux-x86_64-debian-clang, r-devel-linux-x86_64-debian-gcc, r-devel-windows-ix86+x86_64, r-patched-linux-x86_64, r-patched-solaris-sparc, r-patched-solaris-x86, r-release-linux-x86_64, r-release-osx-x86_64-mavericks, r-release-windows-ix86+x86_64, r-oldrel-windows-ix86+x86_64

Version: 1.0-8
Flags: --no-stop-on-test-error
Check: R code for possible problems
Result: NOTE
    NB: .First.lib is obsolete and will not be used in R >= 3.0.0
Flavors: r-devel-linux-x86_64-fedora-clang, r-devel-linux-x86_64-fedora-gcc, r-devel-macos-x86_64-clang