CRAN Package Check Results for Package proj4

Last updated on 2017-02-22 07:48:34.

Flavor Version Tinstall Tcheck Ttotal Status Flags
r-devel-linux-x86_64-debian-clang 1.0-8 2.76 10.37 13.13 NOTE
r-devel-linux-x86_64-debian-gcc 1.0-8 1.94 10.23 12.17 NOTE
r-devel-linux-x86_64-fedora-clang 1.0-8 19.29 NOTE --no-stop-on-test-error
r-devel-linux-x86_64-fedora-gcc 1.0-8 18.61 NOTE --no-stop-on-test-error
r-devel-macos-x86_64-clang 1.0-8 21.06 NOTE --no-stop-on-test-error
r-devel-windows-ix86+x86_64 1.0-8 5.00 40.00 45.00 NOTE
r-patched-linux-x86_64 1.0-8 1.80 8.36 10.16 NOTE
r-patched-solaris-sparc 1.0-8 95.80 NOTE
r-patched-solaris-x86 1.0-8 23.80 NOTE
r-release-linux-x86_64 1.0-8 1.87 8.69 10.56 NOTE
r-release-osx-x86_64-mavericks 1.0-8 NOTE
r-release-windows-ix86+x86_64 1.0-8 5.00 24.00 29.00 NOTE
r-oldrel-windows-ix86+x86_64 1.0-8 11.00 24.00 35.00 NOTE

Check Details

Version: 1.0-8
Check: R code for possible problems
Result: NOTE
    NB: .First.lib is obsolete and will not be used in R >= 3.0.0
Flavors: r-devel-linux-x86_64-debian-clang, r-devel-linux-x86_64-debian-gcc, r-devel-windows-ix86+x86_64, r-patched-linux-x86_64, r-patched-solaris-sparc, r-patched-solaris-x86, r-release-linux-x86_64, r-release-osx-x86_64-mavericks, r-release-windows-ix86+x86_64, r-oldrel-windows-ix86+x86_64

Version: 1.0-8
Check: compiled code
Result: NOTE
    File ‘proj4/libs/proj4.so’:
     Found no calls to: ‘R_registerRoutines’, ‘R_useDynamicSymbols’
    
    It is good practice to register native routines and to disable symbol
    search.
    
    See ‘Writing portable packages’ in the ‘Writing R Extensions’ manual.
Flavors: r-devel-linux-x86_64-debian-clang, r-devel-linux-x86_64-debian-gcc

Version: 1.0-8
Flags: --no-stop-on-test-error
Check: R code for possible problems
Result: NOTE
    NB: .First.lib is obsolete and will not be used in R >= 3.0.0
Flavors: r-devel-linux-x86_64-fedora-clang, r-devel-linux-x86_64-fedora-gcc, r-devel-macos-x86_64-clang

Version: 1.0-8
Flags: --no-stop-on-test-error
Check: compiled code
Result: NOTE
    File ‘proj4/libs/proj4.so’:
     Found no calls to: ‘R_registerRoutines’, ‘R_useDynamicSymbols’
    
    It is good practice to register native routines and to disable symbol
    search.
    
    See ‘Writing portable packages’ in the ‘Writing R Extensions’ manual.
Flavors: r-devel-linux-x86_64-fedora-clang, r-devel-linux-x86_64-fedora-gcc, r-devel-macos-x86_64-clang