CRAN Package Check Results for Package proj4

Last updated on 2018-01-16 23:49:03 CET.

Flavor Version Tinstall Tcheck Ttotal Status Flags
r-devel-linux-x86_64-debian-clang 1.0-8 3.47 16.17 19.64 NOTE
r-devel-linux-x86_64-debian-gcc 1.0-8 2.23 12.99 15.22 NOTE
r-devel-linux-x86_64-fedora-clang 1.0-8 21.91 NOTE
r-devel-linux-x86_64-fedora-gcc 1.0-8 20.84 NOTE
r-devel-windows-ix86+x86_64 1.0-8 6.00 45.00 51.00 NOTE
r-patched-linux-x86_64 1.0-8 2.43 14.64 17.07 NOTE
r-patched-solaris-x86 1.0-8 33.50 NOTE
r-release-linux-x86_64 1.0-8 2.69 14.50 17.19 NOTE
r-release-windows-ix86+x86_64 1.0-8 5.00 32.00 37.00 NOTE
r-release-osx-x86_64 1.0-8 NOTE
r-oldrel-windows-ix86+x86_64 1.0-8 5.00 24.00 29.00 NOTE
r-oldrel-osx-x86_64 1.0-8 NOTE

Check Details

Version: 1.0-8
Check: R code for possible problems
Result: NOTE
    NB: .First.lib is obsolete and will not be used in R >= 3.0.0
Flavors: r-devel-linux-x86_64-debian-clang, r-devel-linux-x86_64-debian-gcc, r-devel-linux-x86_64-fedora-clang, r-devel-linux-x86_64-fedora-gcc, r-devel-windows-ix86+x86_64, r-patched-linux-x86_64, r-patched-solaris-x86, r-release-linux-x86_64, r-release-windows-ix86+x86_64, r-release-osx-x86_64, r-oldrel-windows-ix86+x86_64, r-oldrel-osx-x86_64

Version: 1.0-8
Check: compiled code
Result: NOTE
    File ‘proj4/libs/proj4.so’:
     Found no calls to: ‘R_registerRoutines’, ‘R_useDynamicSymbols’
    
    It is good practice to register native routines and to disable symbol
    search.
    
    See ‘Writing portable packages’ in the ‘Writing R Extensions’ manual.
Flavors: r-devel-linux-x86_64-debian-clang, r-devel-linux-x86_64-debian-gcc, r-devel-linux-x86_64-fedora-clang, r-devel-linux-x86_64-fedora-gcc, r-patched-linux-x86_64, r-release-linux-x86_64