CRAN Package Check Results for Package proj4

Last updated on 2015-03-01 12:47:45.

Flavor Version Tinstall Tcheck Ttotal Status Flags
r-devel-linux-x86_64-debian-clang 1.0-8 2.15 8.60 10.75 NOTE
r-devel-linux-x86_64-debian-gcc 1.0-8 1.71 8.63 10.34 NOTE
r-devel-linux-x86_64-fedora-clang 1.0-8 19.81 NOTE
r-devel-linux-x86_64-fedora-gcc 1.0-8 18.42 NOTE
r-devel-osx-x86_64-clang 1.0-8 25.27 NOTE
r-devel-windows-ix86+x86_64 1.0-8 11.00 19.00 30.00 NOTE
r-patched-linux-x86_64 1.0-8 1.85 9.18 11.02 NOTE
r-patched-solaris-sparc 1.0-8 120.70 NOTE
r-patched-solaris-x86 1.0-8 30.40 NOTE
r-release-linux-ix86 1.0-8 3.28 15.16 18.44 NOTE
r-release-linux-x86_64 1.0-8 1.77 8.88 10.65 NOTE
r-release-osx-x86_64-mavericks 1.0-8 NOTE
r-release-windows-ix86+x86_64 1.0-8 7.00 19.00 26.00 NOTE
r-oldrel-windows-ix86+x86_64 1.0-8 6.00 37.00 43.00 NOTE

Check Details

Version: 1.0-8
Check: R code for possible problems
Result: NOTE
    NB: .First.lib is obsolete and will not be used in R >= 3.0.0
Flavors: r-devel-linux-x86_64-debian-clang, r-devel-linux-x86_64-debian-gcc, r-devel-linux-x86_64-fedora-clang, r-devel-linux-x86_64-fedora-gcc, r-devel-osx-x86_64-clang, r-devel-windows-ix86+x86_64, r-patched-linux-x86_64, r-patched-solaris-sparc, r-patched-solaris-x86, r-release-linux-ix86, r-release-linux-x86_64, r-release-osx-x86_64-mavericks, r-release-windows-ix86+x86_64, r-oldrel-windows-ix86+x86_64