CRAN Package Check Results for Package proj4

Last updated on 2014-12-22 01:47:43.

Flavor Version Tinstall Tcheck Ttotal Status Flags
r-devel-linux-x86_64-debian-clang 1.0-8 2.19 9.22 11.41 NOTE
r-devel-linux-x86_64-debian-gcc 1.0-8 1.80 8.59 10.39 NOTE
r-devel-linux-x86_64-fedora-clang 1.0-8 22.45 NOTE
r-devel-linux-x86_64-fedora-gcc 1.0-8 20.84 NOTE
r-devel-osx-x86_64-clang 1.0-8 26.33 NOTE
r-devel-windows-ix86+x86_64 1.0-8 9.00 19.00 28.00 NOTE
r-patched-linux-x86_64 1.0-8 1.90 9.16 11.06 NOTE
r-patched-solaris-sparc 1.0-8 114.60 NOTE
r-patched-solaris-x86 1.0-8 29.80 NOTE
r-release-linux-ix86 1.0-8 3.11 14.32 17.43 NOTE
r-release-linux-x86_64 1.0-8 1.80 8.98 10.77 NOTE
r-release-osx-x86_64-mavericks 1.0-8 NOTE
r-release-windows-ix86+x86_64 1.0-8 7.00 19.00 26.00 NOTE
r-oldrel-windows-ix86+x86_64 1.0-8 6.00 37.00 43.00 NOTE

Check Details

Version: 1.0-8
Check: R code for possible problems
Result: NOTE
    NB: .First.lib is obsolete and will not be used in R >= 3.0.0
Flavors: r-devel-linux-x86_64-debian-clang, r-devel-linux-x86_64-debian-gcc, r-devel-linux-x86_64-fedora-clang, r-devel-linux-x86_64-fedora-gcc, r-devel-osx-x86_64-clang, r-devel-windows-ix86+x86_64, r-patched-linux-x86_64, r-patched-solaris-sparc, r-patched-solaris-x86, r-release-linux-ix86, r-release-linux-x86_64, r-release-osx-x86_64-mavericks, r-release-windows-ix86+x86_64, r-oldrel-windows-ix86+x86_64