CRAN Package Check Results for Package projections

Last updated on 2020-07-08 16:49:34 CEST.

Flavor Version Tinstall Tcheck Ttotal Status Flags
r-devel-linux-x86_64-debian-clang 0.5.1 2.79 34.07 36.86 OK
r-devel-linux-x86_64-debian-gcc 0.5.1 2.45 26.85 29.30 OK
r-devel-linux-x86_64-fedora-clang 0.5.1 55.46 OK
r-devel-linux-x86_64-fedora-gcc 0.5.1 44.10 OK
r-devel-windows-ix86+x86_64 0.5.1 9.00 49.00 58.00 OK
r-patched-linux-x86_64 0.5.1 3.13 33.77 36.90 OK
r-patched-solaris-x86 0.5.1 66.90 OK
r-release-linux-x86_64 0.5.1 3.09 33.85 36.94 OK
r-release-osx-x86_64 0.3.1 NOTE
r-release-windows-ix86+x86_64 0.5.1 8.00 48.00 56.00 OK
r-oldrel-osx-x86_64 0.5.1 ERROR
r-oldrel-windows-ix86+x86_64 0.5.1 9.00 63.00 72.00 ERROR

Check Details

Version: 0.3.1
Check: dependencies in R code
Result: NOTE
    Namespace in Imports field not imported from: ‘distcrete’
     All declared Imports should be used.
Flavor: r-release-osx-x86_64

Version: 0.5.1
Check: tests
Result: ERROR
     Running ‘testthat.R’ [2s/2s]
    Running the tests in ‘tests/testthat.R’ failed.
    Last 13 lines of output:
     > test_check("projections")
     ── 1. Failure: Errors are thrown when they should (@test-project.R#128) ───────
     `project(i, si = si, time_change = 2, R = matrix(1.2))` threw an error with unexpected message.
     Expected match: "`R` must be a `vector` or a `list` if `time_change` provided; it is a `matrix, array`"
     Actual message: "`R` must be a `vector` or a `list` if `time_change` provided; it is a `matrix`"
     Backtrace:
     1. testthat::expect_error(...)
     6. projections::project(i, si = si, time_change = 2, R = matrix(1.2))
    
     ══ testthat results ═══════════════════════════════════════════════════════════
     [ OK: 73 | SKIPPED: 19 | WARNINGS: 0 | FAILED: 1 ]
     1. Failure: Errors are thrown when they should (@test-project.R#128)
    
     Error: testthat unit tests failed
     Execution halted
Flavor: r-oldrel-osx-x86_64

Version: 0.5.1
Check: tests
Result: ERROR
     Running 'testthat.R' [4s]
    Running the tests in 'tests/testthat.R' failed.
    Complete output:
     > library(testthat)
     > library(vdiffr)
     > library(distcrete)
     > library(incidence)
     > library(projections)
     > library(outbreaks)
     > library(magrittr)
    
     Attaching package: 'magrittr'
    
     The following objects are masked from 'package:testthat':
    
     equals, is_less_than, not
    
     >
     > test_check("projections")
     -- 1. Failure: Errors are thrown when they should (@test-project.R#128) -------
     `project(i, si = si, time_change = 2, R = matrix(1.2))` threw an error with unexpected message.
     Expected match: "`R` must be a `vector` or a `list` if `time_change` provided; it is a `matrix, array`"
     Actual message: "`R` must be a `vector` or a `list` if `time_change` provided; it is a `matrix`"
     Backtrace:
     1. testthat::expect_error(...)
     6. projections::project(i, si = si, time_change = 2, R = matrix(1.2))
    
     == testthat results ===========================================================
     [ OK: 73 | SKIPPED: 19 | WARNINGS: 0 | FAILED: 1 ]
     1. Failure: Errors are thrown when they should (@test-project.R#128)
    
     Error: testthat unit tests failed
     Execution halted
Flavor: r-oldrel-windows-ix86+x86_64