CRAN Package Check Results for Package projects

Last updated on 2022-08-14 11:06:29 CEST.

Flavor Version Tinstall Tcheck Ttotal Status Flags
r-devel-linux-x86_64-debian-clang 2.1.3 6.21 64.24 70.45 OK
r-devel-linux-x86_64-debian-gcc 2.1.3 5.17 47.75 52.92 OK
r-devel-linux-x86_64-fedora-clang 2.1.3 93.89 NOTE
r-devel-linux-x86_64-fedora-gcc 2.1.3 91.99 NOTE
r-devel-windows-x86_64 2.1.3 25.00 90.00 115.00 OK
r-patched-linux-x86_64 2.1.3 7.72 60.23 67.95 OK
r-release-linux-x86_64 2.1.3 7.69 59.33 67.02 OK
r-release-macos-arm64 2.1.3 31.00 NOTE
r-release-macos-x86_64 2.1.3 48.00 NOTE
r-release-windows-x86_64 2.1.3 44.00 102.00 146.00 OK
r-oldrel-macos-arm64 2.1.3 26.00 NOTE
r-oldrel-macos-x86_64 2.1.3 42.00 NOTE
r-oldrel-windows-ix86+x86_64 2.1.3 18.00 84.00 102.00 OK

Check Details

Version: 2.1.3
Check: dependencies in R code
Result: NOTE
    Namespace in Imports field not imported from: ‘methods’
     All declared Imports should be used.
Flavors: r-devel-linux-x86_64-fedora-clang, r-devel-linux-x86_64-fedora-gcc, r-release-macos-arm64, r-release-macos-x86_64, r-oldrel-macos-arm64, r-oldrel-macos-x86_64