CRAN Package Check Results for Package propagate

Last updated on 2015-04-21 11:53:06.

Flavor Version Tinstall Tcheck Ttotal Status Flags
r-devel-linux-x86_64-debian-clang 1.0-4 9.18 50.68 59.86 OK
r-devel-linux-x86_64-debian-gcc 1.0-4 9.05 48.48 57.53 OK
r-devel-linux-x86_64-fedora-clang 1.0-4 123.10 OK
r-devel-linux-x86_64-fedora-gcc 1.0-4 114.15 OK
r-devel-osx-x86_64-clang 1.0-4 107.05 OK
r-devel-windows-ix86+x86_64 1.0-4 39.00 114.00 153.00 OK
r-patched-linux-x86_64 1.0-4 8.95 49.78 58.73 OK
r-patched-solaris-sparc 1.0-4 711.10 OK
r-patched-solaris-x86 1.0-4 160.50 OK
r-release-linux-x86_64 1.0-4 8.93 48.35 57.28 OK
r-release-osx-x86_64-mavericks 1.0-4 OK
r-release-osx-x86_64-snowleopard 1.0-4 ERROR
r-release-windows-ix86+x86_64 1.0-4 25.00 106.00 131.00 OK
r-oldrel-windows-ix86+x86_64 1.0-4 29.00 126.00 155.00 OK

Check Details

Version: 1.0-4
Check: package dependencies
Result: ERROR
    Package required but not available: ‘tmvtnorm’
    
    See section ‘The DESCRIPTION file’ in the ‘Writing R Extensions’
    manual.
Flavor: r-release-osx-x86_64-snowleopard