CRAN Package Check Results for Package propagate

Last updated on 2015-05-23 17:48:51.

Flavor Version Tinstall Tcheck Ttotal Status Flags
r-devel-linux-x86_64-debian-clang 1.0-4 9.13 48.70 57.83 OK
r-devel-linux-x86_64-debian-gcc 1.0-4 8.98 47.81 56.78 OK
r-devel-linux-x86_64-fedora-clang 1.0-4 122.26 OK
r-devel-linux-x86_64-fedora-gcc 1.0-4 115.60 OK
r-devel-osx-x86_64-clang 1.0-4 99.71 OK
r-devel-windows-ix86+x86_64 1.0-4 31.00 124.00 155.00 OK
r-patched-linux-x86_64 1.0-4 8.97 48.56 57.53 OK
r-patched-solaris-sparc 1.0-4 732.50 OK
r-patched-solaris-x86 1.0-4 165.30 OK
r-release-linux-x86_64 1.0-4 9.13 48.70 57.82 OK
r-release-osx-x86_64-mavericks 1.0-4 OK
r-release-osx-x86_64-snowleopard 1.0-4 ERROR
r-release-windows-ix86+x86_64 1.0-4 34.00 116.00 150.00 OK
r-oldrel-windows-ix86+x86_64 1.0-4 34.00 196.00 230.00 OK

Check Details

Version: 1.0-4
Check: package dependencies
Result: ERROR
    Package required but not available: ‘tmvtnorm’
    
    See section ‘The DESCRIPTION file’ in the ‘Writing R Extensions’
    manual.
Flavor: r-release-osx-x86_64-snowleopard