CRAN Package Check Results for Package propagate

Last updated on 2014-09-21 08:48:47.

Flavor Version Tinstall Tcheck Ttotal Status Flags
r-devel-linux-x86_64-debian-clang 1.0-3 9.80 56.94 66.74 NOTE
r-devel-linux-x86_64-debian-gcc 1.0-3 9.66 56.52 66.18 NOTE
r-devel-linux-x86_64-fedora-clang 1.0-3 159.19 NOTE
r-devel-linux-x86_64-fedora-gcc 1.0-3 148.83 NOTE
r-devel-osx-x86_64-clang 1.0-3 124.12 NOTE
r-devel-windows-ix86+x86_64 1.0-3 28.00 120.00 148.00 NOTE
r-patched-linux-x86_64 1.0-3 10.15 60.27 70.42 OK
r-patched-solaris-sparc 1.0-3 856.30 OK
r-patched-solaris-x86 1.0-3 202.90 OK
r-release-linux-ix86 1.0-3 12.17 76.13 88.30 OK
r-release-linux-x86_64 1.0-3 11.52 61.05 72.58 OK
r-release-osx-x86_64-mavericks 1.0-3 OK
r-release-osx-x86_64-snowleopard 1.0-3 OK
r-release-windows-ix86+x86_64 1.0-3 28.00 127.00 155.00 OK
r-oldrel-windows-ix86+x86_64 1.0-3 31.00 132.00 163.00 OK

Check Details

Version: 1.0-3
Check: R code for possible problems
Result: NOTE
    fitDistr: no visible global function definition for ‘nls.lm.control’
Flavors: r-devel-linux-x86_64-debian-clang, r-devel-linux-x86_64-debian-gcc, r-devel-linux-x86_64-fedora-clang, r-devel-linux-x86_64-fedora-gcc, r-devel-osx-x86_64-clang, r-devel-windows-ix86+x86_64