CRAN Package Check Results for Package propagate

Last updated on 2015-08-30 23:47:53.

Flavor Version Tinstall Tcheck Ttotal Status Flags
r-devel-linux-x86_64-debian-clang 1.0-4 8.80 45.54 54.34 NOTE
r-devel-linux-x86_64-debian-gcc 1.0-4 8.52 44.30 52.82 NOTE
r-devel-linux-x86_64-fedora-clang 1.0-4 114.71 NOTE
r-devel-linux-x86_64-fedora-gcc 1.0-4 108.08 NOTE
r-devel-osx-x86_64-clang 1.0-4 91.33 OK
r-devel-windows-ix86+x86_64 1.0-4 47.00 125.00 172.00 NOTE
r-patched-linux-x86_64 1.0-4 9.19 48.15 57.34 OK
r-patched-solaris-sparc 1.0-4 731.80 OK
r-patched-solaris-x86 1.0-4 164.40 OK
r-release-linux-x86_64 1.0-4 9.04 48.15 57.19 OK
r-release-osx-x86_64-mavericks 1.0-4 OK
r-release-windows-ix86+x86_64 1.0-4 32.00 1.00 33.00 ERROR
r-oldrel-windows-ix86+x86_64 1.0-4 41.00 180.00 221.00 OK

Check Details

Version: 1.0-4
Check: R code for possible problems
Result: NOTE
    WelchSatter: no visible global function definition for ‘qt’
    bigcor: no visible binding for global variable ‘cor’
    bigcor: no visible binding for global variable ‘cov’
    contribution: no visible global function definition for ‘barplot’
    counter: no visible global function definition for ‘flush.console’
    dsn: no visible global function definition for ‘dnorm’
    dsn: no visible global function definition for ‘pnorm’
    dst: no visible global function definition for ‘dt’
    fitDistr: no visible global function definition for ‘var’
    fitDistr: no visible global function definition for ‘sd’
    fitDistr: no visible global function definition for ‘density’
    fitDistr: no visible global function definition for ‘hist’
    fitDistr : fitAIC: no visible global function definition for ‘AIC’
    fitDistr: no visible binding for global variable ‘dnorm’
    fitDistr: no visible binding for global variable ‘dlnorm’
    fitDistr: no visible binding for global variable ‘dlogis’
    fitDistr: no visible binding for global variable ‘dunif’
    fitDistr: no visible binding for global variable ‘dgamma’
    fitDistr: no visible binding for global variable ‘dcauchy’
    fitDistr: no visible global function definition for ‘lines’
    interval: no visible global function definition for ‘abline’
    makeGrad : FUN: no visible global function definition for ‘D’
    makeHess : FUN: no visible global function definition for ‘D’
    mixCov: no visible global function definition for ‘cov’
    plot.propagate: no visible global function definition for ‘par’
    plot.propagate: no visible global function definition for ‘quantile’
    plot.propagate: no visible global function definition for ‘hist’
    plot.propagate: no visible global function definition for ‘density’
    plot.propagate: no visible global function definition for ‘lines’
    plot.propagate: no visible global function definition for ‘title’
    plot.propagate: no visible global function definition for ‘abline’
    plot.propagate: no visible global function definition for ‘boxplot’
    predictNLS: no visible global function definition for ‘coef’
    predictNLS: no visible global function definition for ‘vcov’
    predictNLS: no visible global function definition for ‘tail’
    predictNLS: no visible global function definition for ‘qt’
    predictNLS: no visible global function definition for ‘df.residual’
    predictNLS: no visible global function definition for ‘residuals’
    propagate : <anonymous>: no visible global function definition for ‘sd’
    propagate: no visible global function definition for ‘cov’
    propagate: no visible global function definition for ‘quantile’
    propagate: no visible global function definition for ‘rnorm’
    propagate: no visible global function definition for ‘sd’
    propagate: no visible global function definition for ‘median’
    propagate: no visible global function definition for ‘mad’
    rJSB : erf.inv: no visible global function definition for ‘qnorm’
    rJSB: no visible global function definition for ‘runif’
    rJSU : erf.inv: no visible global function definition for ‘qnorm’
    rJSU: no visible global function definition for ‘runif’
    rarcsin: no visible global function definition for ‘runif’
    rbeta2: no visible global function definition for ‘qbeta’
    rbeta2: no visible global function definition for ‘runif’
    rctrap: no visible global function definition for ‘runif’
    rgnorm : invcerf: no visible global function definition for ‘qnorm’
    rgnorm: no visible global function definition for ‘runif’
    rgtrap: no visible global function definition for ‘runif’
    rgumbel: no visible global function definition for ‘runif’
    rlaplace: no visible global function definition for ‘runif’
    rmises: no visible global function definition for ‘runif’
    rsn: no visible global function definition for ‘rnorm’
    rst: no visible global function definition for ‘rt’
    rtrap: no visible global function definition for ‘runif’
    rtriang: no visible global function definition for ‘runif’
    rweibull2: no visible global function definition for ‘runif’
    summary.propagate: no visible global function definition for
     ‘shapiro.test’
    summary.propagate: no visible global function definition for ‘rnorm’
    summary.propagate: no visible global function definition for ‘sd’
    summary.propagate: no visible global function definition for ‘ks.test’
    Undefined global functions or variables:
     AIC D abline barplot boxplot coef cor cov dcauchy density df.residual
     dgamma dlnorm dlogis dnorm dt dunif flush.console hist ks.test lines
     mad median par pnorm qbeta qnorm qt quantile residuals rnorm rt runif
     sd shapiro.test tail title var vcov
    Consider adding
     importFrom("graphics", "abline", "barplot", "boxplot", "hist", "lines",
     "par", "title")
     importFrom("stats", "AIC", "D", "coef", "cor", "cov", "dcauchy",
     "density", "df.residual", "dgamma", "dlnorm", "dlogis",
     "dnorm", "dt", "dunif", "ks.test", "mad", "median", "pnorm",
     "qbeta", "qnorm", "qt", "quantile", "residuals", "rnorm",
     "rt", "runif", "sd", "shapiro.test", "var", "vcov")
     importFrom("utils", "flush.console", "tail")
    to your NAMESPACE.
Flavors: r-devel-linux-x86_64-debian-clang, r-devel-linux-x86_64-debian-gcc, r-devel-linux-x86_64-fedora-clang, r-devel-linux-x86_64-fedora-gcc, r-devel-windows-ix86+x86_64

Version: 1.0-4
Check: whether package can be installed
Result: ERROR
    Installation failed.
Flavor: r-release-windows-ix86+x86_64