CRAN Package Check Results for Package proportion

Last updated on 2022-01-26 09:49:49 CET.

Flavor Version Tinstall Tcheck Ttotal Status Flags
r-devel-linux-x86_64-debian-clang 2.0.0 37.61 250.81 288.42 NOTE
r-devel-linux-x86_64-debian-gcc 2.0.0 36.87 180.32 217.19 NOTE
r-devel-linux-x86_64-fedora-clang 2.0.0 352.22 NOTE
r-devel-linux-x86_64-fedora-gcc 2.0.0 338.01 NOTE
r-devel-windows-x86_64-new-UL 2.0.0 488.00 284.00 772.00 NOTE
r-devel-windows-x86_64-new-TK 2.0.0 NOTE
r-patched-linux-x86_64 2.0.0 43.58 236.16 279.74 NOTE
r-release-linux-x86_64 2.0.0 38.46 237.63 276.09 NOTE
r-release-macos-arm64 2.0.0 NOTE
r-release-macos-x86_64 2.0.0 NOTE
r-release-windows-ix86+x86_64 2.0.0 63.00 274.00 337.00 NOTE
r-oldrel-macos-x86_64 2.0.0 OK
r-oldrel-windows-ix86+x86_64 2.0.0 63.00 269.00 332.00 OK

Check Details

Version: 2.0.0
Check: LazyData
Result: NOTE
     'LazyData' is specified without a 'data' directory
Flavors: r-devel-linux-x86_64-debian-clang, r-devel-linux-x86_64-debian-gcc, r-devel-linux-x86_64-fedora-clang, r-devel-linux-x86_64-fedora-gcc, r-devel-windows-x86_64-new-UL, r-devel-windows-x86_64-new-TK, r-patched-linux-x86_64, r-release-linux-x86_64, r-release-macos-arm64, r-release-macos-x86_64, r-release-windows-ix86+x86_64

Version: 2.0.0
Check: Rd cross-references
Result: NOTE
    Undeclared packages ‘binom’, ‘PropCIs’, ‘BlakerCI’, ‘prevalence’ in Rd xrefs
Flavor: r-devel-linux-x86_64-fedora-clang

Version: 2.0.0
Check: Rd cross-references
Result: NOTE
    Package unavailable to check Rd xrefs: ‘prevalence’
Flavor: r-release-macos-arm64