CRAN Package Check Results for Package propr

Last updated on 2022-07-06 02:52:35 CEST.

Flavor Version Tinstall Tcheck Ttotal Status Flags
r-devel-linux-x86_64-debian-clang 4.2.6 76.42 167.30 243.72 NOTE
r-devel-linux-x86_64-debian-gcc 4.2.6 61.79 118.45 180.24 NOTE
r-devel-linux-x86_64-fedora-clang 4.2.6 328.68 NOTE
r-devel-linux-x86_64-fedora-gcc 4.2.6 317.69 NOTE
r-devel-windows-x86_64 4.2.6 88.00 232.00 320.00 NOTE
r-patched-linux-x86_64 4.2.6 61.45 159.74 221.19 NOTE
r-release-linux-x86_64 4.2.6 64.88 158.09 222.97 NOTE
r-release-macos-arm64 4.2.6 93.00 NOTE
r-release-macos-x86_64 4.2.6 150.00 NOTE
r-release-windows-x86_64 4.2.6 94.00 239.00 333.00 NOTE
r-oldrel-macos-arm64 4.2.6 98.00 NOTE
r-oldrel-macos-x86_64 4.2.6 128.00 NOTE
r-oldrel-windows-ix86+x86_64 4.2.6 183.00 241.00 424.00 NOTE

Check Details

Version: 4.2.6
Check: package dependencies
Result: NOTE
    Package suggested but not available for checking: 'SDMTools'
Flavors: r-devel-linux-x86_64-debian-clang, r-devel-linux-x86_64-debian-gcc, r-devel-linux-x86_64-fedora-clang, r-devel-linux-x86_64-fedora-gcc, r-devel-windows-x86_64, r-patched-linux-x86_64, r-release-linux-x86_64, r-release-macos-arm64, r-release-macos-x86_64, r-release-windows-x86_64

Version: 4.2.6
Check: installed package size
Result: NOTE
     installed size is 5.6Mb
     sub-directories of 1Mb or more:
     data 1.5Mb
     doc 1.4Mb
     libs 2.2Mb
Flavors: r-devel-linux-x86_64-fedora-clang, r-release-macos-arm64, r-release-macos-x86_64, r-oldrel-macos-arm64, r-oldrel-macos-x86_64, r-oldrel-windows-ix86+x86_64

Version: 4.2.6
Check: dependencies in R code
Result: NOTE
    Namespace in Imports field not imported from: ‘utils’
     All declared Imports should be used.
Flavors: r-devel-linux-x86_64-fedora-clang, r-devel-linux-x86_64-fedora-gcc, r-release-macos-arm64, r-release-macos-x86_64, r-oldrel-macos-arm64, r-oldrel-macos-x86_64

Version: 4.2.6
Check: package dependencies
Result: NOTE
    Packages suggested but not available for checking: 'ALDEx2', 'SDMTools'
Flavors: r-oldrel-macos-arm64, r-oldrel-macos-x86_64