CRAN Package Check Results for Package prospectr

Last updated on 2014-04-16 23:47:02.

Flavor Version Tinstall Tcheck Ttotal Status Flags
r-devel-linux-x86_64-debian-clang 0.1.3 23.55 66.11 89.66 OK
r-devel-linux-x86_64-debian-gcc 0.1.3 24.32 66.15 90.47 OK
r-devel-linux-x86_64-fedora-clang 0.1.3 188.14 OK
r-devel-linux-x86_64-fedora-gcc 0.1.3 182.21 OK
r-devel-macosx-x86_64-clang 0.1.3 145.77 OK
r-devel-macosx-x86_64-gcc 0.1.3 NOTE
r-devel-windows-ix86+x86_64 0.1.3 74.00 128.00 202.00 OK
r-patched-linux-x86_64 0.1.3 24.60 66.17 90.77 OK
r-patched-solaris-sparc 0.1.3 1433.90 NOTE
r-patched-solaris-x86 0.1.3 280.60 OK
r-release-linux-ix86 0.1.3 50.00 122.00 172.00 OK
r-release-linux-x86_64 0.1.3 24.18 66.28 90.46 OK
r-release-macosx-x86_64 0.1.3 OK
r-release-windows-ix86+x86_64 0.1.3 83.00 133.00 216.00 OK
r-oldrel-windows-ix86+x86_64 0.1.3 81.00 131.00 212.00 OK

Check Details

Version: 0.1.3
Check: package dependencies
Result: NOTE
    Packages suggested but not available for checking: ‘hyperSpec’ ‘knitr’
    
    Files named as vignettes but with no recognized vignette engine:
     ‘inst/doc/prospectr-intro.Rnw’
    (Is a VignetteBuilder field missing?)
Flavor: r-devel-macosx-x86_64-gcc

Version: 0.1.3
Check: installed package size
Result: NOTE
     installed size is 5.6Mb
     sub-directories of 1Mb or more:
     data 2.0Mb
     libs 2.9Mb
Flavor: r-patched-solaris-sparc