CRAN Package Check Results for Package prospectr

Last updated on 2014-07-22 15:51:55.

Flavor Version Tinstall Tcheck Ttotal Status Flags
r-devel-linux-x86_64-debian-clang 0.1.3 21.36 65.10 86.46 OK
r-devel-linux-x86_64-debian-gcc 0.1.3 25.17 63.36 88.53 OK
r-devel-linux-x86_64-fedora-clang 0.1.3 186.68 OK
r-devel-linux-x86_64-fedora-gcc 0.1.3 184.66 OK
r-devel-osx-x86_64-clang 0.1.3 151.34 OK
r-devel-windows-ix86+x86_64 0.1.3 76.00 129.00 205.00 OK
r-patched-linux-x86_64 0.1.3 24.09 64.85 88.94 OK
r-patched-solaris-sparc 0.1.3 1433.90 NOTE
r-patched-solaris-x86 0.1.3 288.70 OK
r-release-linux-ix86 0.1.3 30.17 86.53 116.70 OK
r-release-linux-x86_64 0.1.3 25.06 64.08 89.14 OK
r-release-osx-x86_64-mavericks 0.1.3 NOTE
r-release-osx-x86_64-snowleopard 0.1.3 OK
r-release-windows-ix86+x86_64 0.1.3 79.00 137.00 216.00 OK
r-oldrel-windows-ix86+x86_64 0.1.3 84.00 141.00 225.00 OK

Check Details

Version: 0.1.3
Check: installed package size
Result: NOTE
     installed size is 5.6Mb
     sub-directories of 1Mb or more:
     data 2.0Mb
     libs 2.9Mb
Flavor: r-patched-solaris-sparc

Version: 0.1.3
Check: re-building of vignette outputs
Result: NOTE
    Error in re-building vignettes:
     ...
    Warning: running command 'kpsewhich framed.sty' had status 1
    Warning in test_latex_pkg("framed", system.file("misc", "framed.sty", package = "knitr")) :
     unable to find LaTeX package 'framed'; will use a copy from knitr
    Loading required package: RcppArmadillo
    Error in texi2dvi(file = file, pdf = TRUE, clean = clean, quiet = quiet, :
     Running 'texi2dvi' on 'prospectr-intro.tex' failed.
    LaTeX errors:
    ! LaTeX Error: File `authblk.sty' not found.
    
    Type X to quit or <RETURN> to proceed,
    or enter new name. (Default extension: sty)
    
    gn_test/prospectr/vignettes/prospectr-intro.tex:64: ==> Fatal error occurred,
    no output PDF file produced!
    Calls: buildVignettes -> texi2pdf -> texi2dvi
    Execution halted
Flavor: r-release-osx-x86_64-mavericks