CRAN Package Check Results for Package prospectr

Last updated on 2014-11-24 16:47:18.

Flavor Version Tinstall Tcheck Ttotal Status Flags
r-devel-linux-x86_64-debian-clang 0.1.3 22.02 67.18 89.20 OK
r-devel-linux-x86_64-debian-gcc 0.1.3 24.15 66.00 90.15 OK
r-devel-linux-x86_64-fedora-clang 0.1.3 190.64 OK
r-devel-linux-x86_64-fedora-gcc 0.1.3 179.40 OK
r-devel-osx-x86_64-clang 0.1.3 149.83 OK
r-devel-windows-ix86+x86_64 0.1.3 83.00 130.00 213.00 OK
r-patched-linux-x86_64 0.1.3 24.14 69.62 93.76 OK
r-patched-solaris-sparc 0.1.3 1477.60 NOTE
r-patched-solaris-x86 0.1.3 293.00 OK
r-release-linux-ix86 0.1.3 30.08 81.62 111.69 OK
r-release-linux-x86_64 0.1.3 24.17 66.78 90.95 OK
r-release-osx-x86_64-mavericks 0.1.3 NOTE
r-release-osx-x86_64-snowleopard 0.1.3 OK
r-release-windows-ix86+x86_64 0.1.3 82.00 131.00 213.00 OK
r-oldrel-windows-ix86+x86_64 0.1.3 76.00 135.00 211.00 OK

Check Details

Version: 0.1.3
Check: installed package size
Result: NOTE
     installed size is 5.3Mb
     sub-directories of 1Mb or more:
     data 2.0Mb
     libs 2.6Mb
Flavor: r-patched-solaris-sparc

Version: 0.1.3
Check: re-building of vignette outputs
Result: NOTE
    Error in re-building vignettes:
     ...
    Warning: running command 'kpsewhich framed.sty' had status 1
    Warning in test_latex_pkg("framed", system.file("misc", "framed.sty", package = "knitr")) :
     unable to find LaTeX package 'framed'; will use a copy from knitr
    Loading required package: RcppArmadillo
    Error in texi2dvi(file = file, pdf = TRUE, clean = clean, quiet = quiet, :
     Running 'texi2dvi' on 'prospectr-intro.tex' failed.
    LaTeX errors:
    ! LaTeX Error: File `authblk.sty' not found.
    
    Type X to quit or <RETURN> to proceed,
    or enter new name. (Default extension: sty)
    
    gn_test/prospectr/vignettes/prospectr-intro.tex:64: ==> Fatal error occurred,
    no output PDF file produced!
    Calls: buildVignettes -> texi2pdf -> texi2dvi
    Execution halted
Flavor: r-release-osx-x86_64-mavericks