CRAN Package Check Results for Package prospectr

Last updated on 2015-08-03 14:47:36.

Flavor Version Tinstall Tcheck Ttotal Status Flags
r-devel-linux-x86_64-debian-clang 0.1.3 23.99 50.64 74.63 NOTE
r-devel-linux-x86_64-debian-gcc 0.1.3 25.53 50.05 75.58 NOTE
r-devel-linux-x86_64-fedora-clang 0.1.3 158.51 NOTE
r-devel-linux-x86_64-fedora-gcc 0.1.3 146.08 NOTE
r-devel-osx-x86_64-clang 0.1.3 113.88 NOTE
r-devel-windows-ix86+x86_64 0.1.3 76.00 126.00 202.00 NOTE
r-patched-linux-x86_64 0.1.3 26.47 50.62 77.09 NOTE
r-patched-solaris-sparc 0.1.3 1176.70 NOTE
r-patched-solaris-x86 0.1.3 227.50 NOTE
r-release-linux-x86_64 0.1.3 25.20 50.45 75.65 NOTE
r-release-osx-x86_64-mavericks 0.1.3 NOTE
r-release-windows-ix86+x86_64 0.1.3 111.00 130.00 241.00 NOTE
r-oldrel-windows-ix86+x86_64 0.1.3 120.00 136.00 256.00 OK

Check Details

Version: 0.1.3
Check: DESCRIPTION meta-information
Result: NOTE
    Malformed Description field: should contain one or more complete sentences.
Flavors: r-devel-linux-x86_64-debian-clang, r-devel-linux-x86_64-debian-gcc, r-devel-linux-x86_64-fedora-clang, r-devel-linux-x86_64-fedora-gcc, r-devel-osx-x86_64-clang, r-devel-windows-ix86+x86_64, r-patched-linux-x86_64, r-patched-solaris-sparc, r-patched-solaris-x86, r-release-linux-x86_64, r-release-osx-x86_64-mavericks, r-release-windows-ix86+x86_64

Version: 0.1.3
Check: R code for possible problems
Result: NOTE
    Cul: no visible global function definition for ‘qf’
    blockScale: no visible binding for global variable ‘sd’
    cochranTest: no visible global function definition for ‘prcomp’
    cochranTest: no visible binding for global variable ‘var’
    cochranTest: no visible global function definition for ‘matplot’
    cochranTest: no visible global function definition for ‘legend’
    continuumRemoval : crfun: no visible global function definition for
     ‘chull’
    continuumRemoval : crfun: no visible global function definition for
     ‘approx’
    continuumRemoval : crfun: no visible global function definition for
     ‘splinefun’
    detrend: no visible binding for global variable ‘sd’
    duplex: no visible global function definition for ‘prcomp’
    e2m: no visible global function definition for ‘cov’
    kenStone: no visible global function definition for ‘prcomp’
    naes: no visible global function definition for ‘prcomp’
    naes: no visible global function definition for ‘kmeans’
    puchwein: no visible global function definition for ‘prcomp’
    readASD: no visible global function definition for ‘read.table’
    resample : resfun: no visible global function definition for ‘approx’
    resample : resfun: no visible global function definition for
     ‘splinefun’
    shenkWest: no visible global function definition for ‘prcomp’
    spliceCorrection : extrapfun: no visible global function definition for
     ‘lm’
    standardNormalVariate: no visible binding for global variable ‘sd’
    Undefined global functions or variables:
     approx chull cov kmeans legend lm matplot prcomp qf read.table sd
     splinefun var
    Consider adding
     importFrom("grDevices", "chull")
     importFrom("graphics", "legend", "matplot")
     importFrom("stats", "approx", "cov", "kmeans", "lm", "prcomp", "qf",
     "sd", "splinefun", "var")
     importFrom("utils", "read.table")
    to your NAMESPACE.
Flavors: r-devel-linux-x86_64-debian-clang, r-devel-linux-x86_64-debian-gcc, r-devel-linux-x86_64-fedora-clang, r-devel-linux-x86_64-fedora-gcc, r-devel-windows-ix86+x86_64