CRAN Package Check Results for Package prospectr

Last updated on 2015-05-30 23:47:10.

Flavor Version Tinstall Tcheck Ttotal Status Flags
r-devel-linux-x86_64-debian-clang 0.1.3 23.74 52.62 76.36 NOTE
r-devel-linux-x86_64-debian-gcc 0.1.3 25.00 50.82 75.83 NOTE
r-devel-linux-x86_64-fedora-clang 0.1.3 160.43 NOTE
r-devel-linux-x86_64-fedora-gcc 0.1.3 147.82 NOTE
r-devel-osx-x86_64-clang 0.1.3 126.20 NOTE
r-devel-windows-ix86+x86_64 0.1.3 83.00 127.00 210.00 NOTE
r-patched-linux-x86_64 0.1.3 25.05 50.89 75.94 NOTE
r-patched-solaris-sparc 0.1.3 1216.20 NOTE
r-patched-solaris-x86 0.1.3 234.50 NOTE
r-release-linux-x86_64 0.1.3 25.19 50.67 75.86 NOTE
r-release-osx-x86_64-mavericks 0.1.3 NOTE
r-release-osx-x86_64-snowleopard 0.1.3 ERROR
r-release-windows-ix86+x86_64 0.1.3 86.00 112.00 198.00 NOTE
r-oldrel-windows-ix86+x86_64 0.1.3 87.00 126.00 213.00 OK

Check Details

Version: 0.1.3
Check: DESCRIPTION meta-information
Result: NOTE
    Malformed Description field: should contain one or more complete sentences.
Flavors: r-devel-linux-x86_64-debian-clang, r-devel-linux-x86_64-debian-gcc, r-devel-linux-x86_64-fedora-clang, r-devel-linux-x86_64-fedora-gcc, r-devel-osx-x86_64-clang, r-devel-windows-ix86+x86_64, r-patched-linux-x86_64, r-patched-solaris-sparc, r-patched-solaris-x86, r-release-linux-x86_64, r-release-osx-x86_64-mavericks, r-release-windows-ix86+x86_64

Version: 0.1.3
Check: installed package size
Result: NOTE
     installed size is 5.6Mb
     sub-directories of 1Mb or more:
     data 2.0Mb
     libs 2.9Mb
Flavor: r-patched-solaris-sparc

Version: 0.1.3
Check: package dependencies
Result: ERROR
    Packages suggested but not available for checking: ‘hyperSpec’ ‘knitr’
    
    VignetteBuilder package required for checking but installed: ‘knitr’
    
    Files named as vignettes but with no recognized vignette engine:
     ‘inst/doc/prospectr-intro.Rnw’
    (Is a VignetteBuilder field missing?)
    
    See section ‘The DESCRIPTION file’ in the ‘Writing R Extensions’
    manual.
Flavor: r-release-osx-x86_64-snowleopard