CRAN Package Check Results for Package prospectr

Last updated on 2014-09-21 17:47:46.

Flavor Version Tinstall Tcheck Ttotal Status Flags
r-devel-linux-x86_64-debian-clang 0.1.3 21.86 65.16 87.03 OK
r-devel-linux-x86_64-debian-gcc 0.1.3 24.38 64.92 89.30 OK
r-devel-linux-x86_64-fedora-clang 0.1.3 189.60 OK
r-devel-linux-x86_64-fedora-gcc 0.1.3 177.76 OK
r-devel-osx-x86_64-clang 0.1.3 148.79 OK
r-devel-windows-ix86+x86_64 0.1.3 76.00 126.00 202.00 OK
r-patched-linux-x86_64 0.1.3 26.45 65.82 92.28 OK
r-patched-solaris-sparc 0.1.3 1454.10 NOTE
r-patched-solaris-x86 0.1.3 292.30 OK
r-release-linux-ix86 0.1.3 30.29 86.76 117.05 OK
r-release-linux-x86_64 0.1.3 24.47 66.66 91.14 OK
r-release-osx-x86_64-mavericks 0.1.3 NOTE
r-release-osx-x86_64-snowleopard 0.1.3 OK
r-release-windows-ix86+x86_64 0.1.3 81.00 132.00 213.00 OK
r-oldrel-windows-ix86+x86_64 0.1.3 78.00 138.00 216.00 OK

Check Details

Version: 0.1.3
Check: installed package size
Result: NOTE
     installed size is 5.3Mb
     sub-directories of 1Mb or more:
     data 2.0Mb
     libs 2.6Mb
Flavor: r-patched-solaris-sparc

Version: 0.1.3
Check: re-building of vignette outputs
Result: NOTE
    Error in re-building vignettes:
     ...
    Warning: running command 'kpsewhich framed.sty' had status 1
    Warning in test_latex_pkg("framed", system.file("misc", "framed.sty", package = "knitr")) :
     unable to find LaTeX package 'framed'; will use a copy from knitr
    Loading required package: RcppArmadillo
    Error in texi2dvi(file = file, pdf = TRUE, clean = clean, quiet = quiet, :
     Running 'texi2dvi' on 'prospectr-intro.tex' failed.
    LaTeX errors:
    ! LaTeX Error: File `authblk.sty' not found.
    
    Type X to quit or <RETURN> to proceed,
    or enter new name. (Default extension: sty)
    
    gn_test/prospectr/vignettes/prospectr-intro.tex:64: ==> Fatal error occurred,
    no output PDF file produced!
    Calls: buildVignettes -> texi2pdf -> texi2dvi
    Execution halted
Flavor: r-release-osx-x86_64-mavericks