CRAN Package Check Results for Package prospectr

Last updated on 2015-03-29 09:49:29.

Flavor Version Tinstall Tcheck Ttotal Status Flags
r-devel-linux-x86_64-debian-clang 0.1.3 23.16 61.27 84.43 NOTE
r-devel-linux-x86_64-debian-gcc 0.1.3 24.36 60.79 85.15 NOTE
r-devel-linux-x86_64-fedora-clang 0.1.3 179.74 NOTE
r-devel-linux-x86_64-fedora-gcc 0.1.3 174.13 NOTE
r-devel-osx-x86_64-clang 0.1.3 142.09 NOTE
r-prerel-windows-ix86+x86_64 0.1.3 106.00 136.00 242.00 NOTE
r-prerel-linux-x86_64 0.1.3 24.26 61.28 85.54 NOTE
r-prerel-solaris-sparc 0.1.3 1459.50 NOTE
r-prerel-solaris-x86 0.1.3 279.20 NOTE
r-release-linux-x86_64 0.1.3 27.26 65.49 92.75 OK
r-release-osx-x86_64-mavericks 0.1.3 OK
r-release-osx-x86_64-snowleopard 0.1.3 OK
r-release-windows-ix86+x86_64 0.1.3 88.00 137.00 225.00 OK
r-oldrel-windows-ix86+x86_64 0.1.3 92.00 136.00 228.00 OK

Check Details

Version: 0.1.3
Check: DESCRIPTION meta-information
Result: NOTE
    Malformed Description field: should contain one or more complete sentences.
Flavors: r-devel-linux-x86_64-debian-clang, r-devel-linux-x86_64-debian-gcc, r-devel-linux-x86_64-fedora-clang, r-devel-linux-x86_64-fedora-gcc, r-devel-osx-x86_64-clang, r-prerel-windows-ix86+x86_64, r-prerel-linux-x86_64, r-prerel-solaris-sparc, r-prerel-solaris-x86

Version: 0.1.3
Check: installed package size
Result: NOTE
     installed size is 5.3Mb
     sub-directories of 1Mb or more:
     data 2.0Mb
     libs 2.6Mb
Flavor: r-prerel-solaris-sparc