CRAN Package Check Results for Package prospectr

Last updated on 2015-06-30 12:47:28.

Flavor Version Tinstall Tcheck Ttotal Status Flags
r-devel-linux-x86_64-debian-clang 0.1.3 23.58 50.39 73.98 NOTE
r-devel-linux-x86_64-debian-gcc 0.1.3 25.32 50.58 75.90 NOTE
r-devel-linux-x86_64-fedora-clang 0.1.3 158.77 NOTE
r-devel-linux-x86_64-fedora-gcc 0.1.3 145.23 NOTE
r-devel-osx-x86_64-clang 0.1.3 123.19 NOTE
r-devel-windows-ix86+x86_64 0.1.3 78.00 123.00 201.00 NOTE
r-patched-linux-x86_64 0.1.3 28.32 50.28 78.60 NOTE
r-patched-solaris-sparc 0.1.3 1216.20 NOTE
r-patched-solaris-x86 0.1.3 235.90 NOTE
r-release-linux-x86_64 0.1.3 25.06 50.37 75.43 NOTE
r-release-osx-x86_64-mavericks 0.1.3 NOTE
r-release-windows-ix86+x86_64 0.1.3 110.00 131.00 241.00 NOTE
r-oldrel-windows-ix86+x86_64 0.1.3 90.00 175.00 265.00 OK

Check Details

Version: 0.1.3
Check: DESCRIPTION meta-information
Result: NOTE
    Malformed Description field: should contain one or more complete sentences.
Flavors: r-devel-linux-x86_64-debian-clang, r-devel-linux-x86_64-debian-gcc, r-devel-linux-x86_64-fedora-clang, r-devel-linux-x86_64-fedora-gcc, r-devel-osx-x86_64-clang, r-devel-windows-ix86+x86_64, r-patched-linux-x86_64, r-patched-solaris-sparc, r-patched-solaris-x86, r-release-linux-x86_64, r-release-osx-x86_64-mavericks, r-release-windows-ix86+x86_64

Version: 0.1.3
Check: R code for possible problems
Result: NOTE
    Cul: no visible global function definition for ‘qf’
    blockScale: no visible binding for global variable ‘sd’
    cochranTest: no visible global function definition for ‘prcomp’
    cochranTest: no visible binding for global variable ‘var’
    cochranTest: no visible global function definition for ‘matplot’
    cochranTest: no visible global function definition for ‘legend’
    continuumRemoval : crfun: no visible global function definition for
     ‘chull’
    continuumRemoval : crfun: no visible global function definition for
     ‘approx’
    continuumRemoval : crfun: no visible global function definition for
     ‘splinefun’
    detrend: no visible binding for global variable ‘sd’
    duplex: no visible global function definition for ‘prcomp’
    e2m: no visible global function definition for ‘cov’
    kenStone: no visible global function definition for ‘prcomp’
    naes: no visible global function definition for ‘prcomp’
    naes: no visible global function definition for ‘kmeans’
    puchwein: no visible global function definition for ‘prcomp’
    readASD: no visible global function definition for ‘read.table’
    resample : resfun: no visible global function definition for ‘approx’
    resample : resfun: no visible global function definition for
     ‘splinefun’
    shenkWest: no visible global function definition for ‘prcomp’
    spliceCorrection : extrapfun: no visible global function definition for
     ‘lm’
    standardNormalVariate: no visible binding for global variable ‘sd’
Flavors: r-devel-linux-x86_64-debian-clang, r-devel-linux-x86_64-debian-gcc, r-devel-windows-ix86+x86_64

Version: 0.1.3
Check: installed package size
Result: NOTE
     installed size is 5.6Mb
     sub-directories of 1Mb or more:
     data 2.0Mb
     libs 2.9Mb
Flavor: r-patched-solaris-sparc