CRAN Package Check Results for Package prospectr

Last updated on 2015-04-26 03:47:36.

Flavor Version Tinstall Tcheck Ttotal Status Flags
r-devel-linux-x86_64-debian-clang 0.1.3 23.65 51.13 74.78 NOTE
r-devel-linux-x86_64-debian-gcc 0.1.3 25.04 51.94 76.97 NOTE
r-devel-linux-x86_64-fedora-clang 0.1.3 157.83 NOTE
r-devel-linux-x86_64-fedora-gcc 0.1.3 145.73 NOTE
r-devel-osx-x86_64-clang 0.1.3 128.22 NOTE
r-devel-windows-ix86+x86_64 0.1.3 79.00 119.00 198.00 NOTE
r-patched-linux-x86_64 0.1.3 24.83 50.92 75.75 NOTE
r-patched-solaris-sparc 0.1.3 1459.50 NOTE
r-patched-solaris-x86 0.1.3 237.40 NOTE
r-release-linux-x86_64 0.1.3 24.63 51.61 76.24 NOTE
r-release-osx-x86_64-mavericks 0.1.3 NOTE
r-release-osx-x86_64-snowleopard 0.1.3 ERROR
r-release-windows-ix86+x86_64 0.1.3 87.00 117.00 204.00 NOTE
r-oldrel-windows-ix86+x86_64 0.1.3 65.00 149.00 214.00 OK

Check Details

Version: 0.1.3
Check: DESCRIPTION meta-information
Result: NOTE
    Malformed Description field: should contain one or more complete sentences.
Flavors: r-devel-windows-ix86+x86_64, r-release-windows-ix86+x86_64