CRAN Package Check Results for Package prospectr

Last updated on 2016-12-11 10:47:13.

Flavor Version Tinstall Tcheck Ttotal Status Flags
r-devel-linux-x86_64-debian-clang 0.1.3 29.59 55.41 85.00 NOTE
r-devel-linux-x86_64-debian-gcc 0.1.3 31.25 55.94 87.20 NOTE
r-devel-linux-x86_64-fedora-clang 0.1.3 169.37 NOTE --no-stop-on-test-error
r-devel-linux-x86_64-fedora-gcc 0.1.3 164.84 NOTE --no-stop-on-test-error
r-devel-macos-x86_64-clang 0.1.3 122.10 NOTE --no-stop-on-test-error
r-devel-windows-ix86+x86_64 0.1.3 100.00 170.00 270.00 NOTE
r-patched-linux-x86_64 0.1.3 25.44 50.88 76.32 NOTE
r-patched-solaris-sparc 0.1.3 1169.90 NOTE
r-patched-solaris-x86 0.1.3 209.80 NOTE
r-release-linux-x86_64 0.1.3 25.19 50.80 75.99 NOTE
r-release-osx-x86_64-mavericks 0.1.3 NOTE
r-release-windows-ix86+x86_64 0.1.3 133.00 122.00 255.00 NOTE
r-oldrel-windows-ix86+x86_64 0.1.3 121.00 134.00 255.00 NOTE

Check Details

Version: 0.1.3
Check: DESCRIPTION meta-information
Result: NOTE
    Malformed Description field: should contain one or more complete sentences.
Flavors: r-devel-linux-x86_64-debian-clang, r-devel-linux-x86_64-debian-gcc, r-devel-windows-ix86+x86_64, r-patched-linux-x86_64, r-patched-solaris-sparc, r-patched-solaris-x86, r-release-linux-x86_64, r-release-osx-x86_64-mavericks, r-release-windows-ix86+x86_64, r-oldrel-windows-ix86+x86_64

Version: 0.1.3
Check: R code for possible problems
Result: NOTE
    Cul: no visible global function definition for ‘qf’
    blockScale: no visible binding for global variable ‘sd’
    cochranTest: no visible global function definition for ‘prcomp’
    cochranTest: no visible binding for global variable ‘var’
    cochranTest: no visible global function definition for ‘matplot’
    cochranTest: no visible global function definition for ‘legend’
    continuumRemoval : crfun: no visible global function definition for
     ‘chull’
    continuumRemoval : crfun: no visible global function definition for
     ‘approx’
    continuumRemoval : crfun: no visible global function definition for
     ‘splinefun’
    detrend: no visible binding for global variable ‘sd’
    duplex: no visible global function definition for ‘prcomp’
    e2m: no visible global function definition for ‘cov’
    kenStone: no visible global function definition for ‘prcomp’
    naes: no visible global function definition for ‘prcomp’
    naes: no visible global function definition for ‘kmeans’
    puchwein: no visible global function definition for ‘prcomp’
    readASD: no visible global function definition for ‘read.table’
    resample : resfun: no visible global function definition for ‘approx’
    resample : resfun: no visible global function definition for
     ‘splinefun’
    shenkWest: no visible global function definition for ‘prcomp’
    spliceCorrection : extrapfun: no visible global function definition for
     ‘lm’
    standardNormalVariate: no visible binding for global variable ‘sd’
    Undefined global functions or variables:
     approx chull cov kmeans legend lm matplot prcomp qf read.table sd
     splinefun var
    Consider adding
     importFrom("grDevices", "chull")
     importFrom("graphics", "legend", "matplot")
     importFrom("stats", "approx", "cov", "kmeans", "lm", "prcomp", "qf",
     "sd", "splinefun", "var")
     importFrom("utils", "read.table")
    to your NAMESPACE file.
Flavors: r-devel-linux-x86_64-debian-clang, r-devel-linux-x86_64-debian-gcc, r-devel-windows-ix86+x86_64, r-patched-linux-x86_64, r-patched-solaris-sparc, r-patched-solaris-x86, r-release-linux-x86_64, r-release-osx-x86_64-mavericks, r-release-windows-ix86+x86_64

Version: 0.1.3
Flags: --no-stop-on-test-error
Check: DESCRIPTION meta-information
Result: NOTE
    Malformed Description field: should contain one or more complete sentences.
Flavors: r-devel-linux-x86_64-fedora-clang, r-devel-linux-x86_64-fedora-gcc, r-devel-macos-x86_64-clang

Version: 0.1.3
Flags: --no-stop-on-test-error
Check: R code for possible problems
Result: NOTE
    Cul: no visible global function definition for ‘qf’
    blockScale: no visible binding for global variable ‘sd’
    cochranTest: no visible global function definition for ‘prcomp’
    cochranTest: no visible binding for global variable ‘var’
    cochranTest: no visible global function definition for ‘matplot’
    cochranTest: no visible global function definition for ‘legend’
    continuumRemoval : crfun: no visible global function definition for
     ‘chull’
    continuumRemoval : crfun: no visible global function definition for
     ‘approx’
    continuumRemoval : crfun: no visible global function definition for
     ‘splinefun’
    detrend: no visible binding for global variable ‘sd’
    duplex: no visible global function definition for ‘prcomp’
    e2m: no visible global function definition for ‘cov’
    kenStone: no visible global function definition for ‘prcomp’
    naes: no visible global function definition for ‘prcomp’
    naes: no visible global function definition for ‘kmeans’
    puchwein: no visible global function definition for ‘prcomp’
    readASD: no visible global function definition for ‘read.table’
    resample : resfun: no visible global function definition for ‘approx’
    resample : resfun: no visible global function definition for
     ‘splinefun’
    shenkWest: no visible global function definition for ‘prcomp’
    spliceCorrection : extrapfun: no visible global function definition for
     ‘lm’
    standardNormalVariate: no visible binding for global variable ‘sd’
    Undefined global functions or variables:
     approx chull cov kmeans legend lm matplot prcomp qf read.table sd
     splinefun var
    Consider adding
     importFrom("grDevices", "chull")
     importFrom("graphics", "legend", "matplot")
     importFrom("stats", "approx", "cov", "kmeans", "lm", "prcomp", "qf",
     "sd", "splinefun", "var")
     importFrom("utils", "read.table")
    to your NAMESPACE file.
Flavors: r-devel-linux-x86_64-fedora-clang, r-devel-linux-x86_64-fedora-gcc, r-devel-macos-x86_64-clang

Version: 0.1.3
Flags: --no-stop-on-test-error
Check: installed package size
Result: NOTE
     installed size is 5.4Mb
     sub-directories of 1Mb or more:
     data 1.9Mb
     libs 2.9Mb
Flavor: r-devel-linux-x86_64-fedora-gcc