CRAN Package Check Results for Package prospectr

Last updated on 2015-01-27 19:50:27.

Flavor Version Tinstall Tcheck Ttotal Status Flags
r-devel-linux-x86_64-debian-clang 0.1.3 22.16 62.49 84.64 OK
r-devel-linux-x86_64-debian-gcc 0.1.3 24.22 64.19 88.41 OK
r-devel-linux-x86_64-fedora-clang 0.1.3 192.56 OK
r-devel-linux-x86_64-fedora-gcc 0.1.3 180.57 OK
r-devel-osx-x86_64-clang 0.1.3 140.47 OK
r-devel-windows-ix86+x86_64 0.1.3 77.00 122.00 199.00 OK
r-patched-linux-x86_64 0.1.3 24.69 65.76 90.45 OK
r-patched-solaris-sparc 0.1.3 1512.70 NOTE
r-patched-solaris-x86 0.1.3 301.50 OK
r-release-linux-ix86 0.1.3 28.88 82.12 111.00 OK
r-release-linux-x86_64 0.1.3 25.19 66.25 91.44 OK
r-release-osx-x86_64-mavericks 0.1.3 OK
r-release-osx-x86_64-snowleopard 0.1.3 OK
r-release-windows-ix86+x86_64 0.1.3 80.00 136.00 216.00 OK
r-oldrel-windows-ix86+x86_64 0.1.3 84.00 135.00 219.00 OK

Check Details

Version: 0.1.3
Check: installed package size
Result: NOTE
     installed size is 5.3Mb
     sub-directories of 1Mb or more:
     data 2.0Mb
     libs 2.6Mb
Flavor: r-patched-solaris-sparc