CRAN Package Check Results for Package prospectr

Last updated on 2016-02-12 18:49:49.

Flavor Version Tinstall Tcheck Ttotal Status Flags
r-devel-linux-x86_64-debian-gcc 0.1.3 24.08 49.87 73.95 NOTE
r-devel-linux-x86_64-fedora-clang 0.1.3 157.77 NOTE
r-devel-linux-x86_64-fedora-gcc 0.1.3 145.37 NOTE
r-devel-osx-x86_64-clang 0.1.3 143.21 NOTE
r-devel-windows-ix86+x86_64 0.1.3 123.00 166.00 289.00 NOTE
r-patched-linux-x86_64 0.1.3 24.02 51.88 75.90 NOTE
r-patched-solaris-sparc 0.1.3 1167.60 NOTE
r-patched-solaris-x86 0.1.3 201.90 NOTE
r-release-linux-x86_64 0.1.3 24.03 51.68 75.71 NOTE
r-release-osx-x86_64-mavericks 0.1.3 NOTE
r-release-windows-ix86+x86_64 0.1.3 114.00 162.00 276.00 NOTE
r-oldrel-windows-ix86+x86_64 0.1.3 121.00 179.00 300.00 OK

Check Details

Version: 0.1.3
Check: installed package size
Result: NOTE
     installed size is 5.2Mb
     sub-directories of 1Mb or more:
     data 1.9Mb
     libs 2.6Mb
Flavors: r-devel-linux-x86_64-debian-gcc, r-devel-linux-x86_64-fedora-gcc, r-patched-linux-x86_64, r-release-linux-x86_64

Version: 0.1.3
Check: DESCRIPTION meta-information
Result: NOTE
    Malformed Description field: should contain one or more complete sentences.
Flavors: r-devel-linux-x86_64-debian-gcc, r-devel-linux-x86_64-fedora-clang, r-devel-linux-x86_64-fedora-gcc, r-devel-osx-x86_64-clang, r-devel-windows-ix86+x86_64, r-patched-linux-x86_64, r-patched-solaris-sparc, r-patched-solaris-x86, r-release-linux-x86_64, r-release-osx-x86_64-mavericks, r-release-windows-ix86+x86_64

Version: 0.1.3
Check: R code for possible problems
Result: NOTE
    Cul: no visible global function definition for ‘qf’
    blockScale: no visible binding for global variable ‘sd’
    cochranTest: no visible global function definition for ‘prcomp’
    cochranTest: no visible binding for global variable ‘var’
    cochranTest: no visible global function definition for ‘matplot’
    cochranTest: no visible global function definition for ‘legend’
    continuumRemoval : crfun: no visible global function definition for
     ‘chull’
    continuumRemoval : crfun: no visible global function definition for
     ‘approx’
    continuumRemoval : crfun: no visible global function definition for
     ‘splinefun’
    detrend: no visible binding for global variable ‘sd’
    duplex: no visible global function definition for ‘prcomp’
    e2m: no visible global function definition for ‘cov’
    kenStone: no visible global function definition for ‘prcomp’
    naes: no visible global function definition for ‘prcomp’
    naes: no visible global function definition for ‘kmeans’
    puchwein: no visible global function definition for ‘prcomp’
    readASD: no visible global function definition for ‘read.table’
    resample : resfun: no visible global function definition for ‘approx’
    resample : resfun: no visible global function definition for
     ‘splinefun’
    shenkWest: no visible global function definition for ‘prcomp’
    spliceCorrection : extrapfun: no visible global function definition for
     ‘lm’
    standardNormalVariate: no visible binding for global variable ‘sd’
    Undefined global functions or variables:
     approx chull cov kmeans legend lm matplot prcomp qf read.table sd
     splinefun var
    Consider adding
     importFrom("grDevices", "chull")
     importFrom("graphics", "legend", "matplot")
     importFrom("stats", "approx", "cov", "kmeans", "lm", "prcomp", "qf",
     "sd", "splinefun", "var")
     importFrom("utils", "read.table")
    to your NAMESPACE file.
Flavors: r-devel-linux-x86_64-debian-gcc, r-devel-linux-x86_64-fedora-clang, r-devel-linux-x86_64-fedora-gcc, r-devel-osx-x86_64-clang, r-devel-windows-ix86+x86_64