CRAN Package Check Results for Package protViz

Last updated on 2015-05-22 11:48:06.

Flavor Version Tinstall Tcheck Ttotal Status Flags
r-devel-linux-x86_64-debian-clang 0.2.9 10.88 43.71 54.59 OK
r-devel-linux-x86_64-debian-gcc 0.2.9 12.52 43.16 55.68 OK
r-devel-linux-x86_64-fedora-clang 0.2.9 109.75 OK
r-devel-linux-x86_64-fedora-gcc 0.2.9 105.24 OK
r-devel-osx-x86_64-clang 0.2.9 99.53 OK
r-devel-windows-ix86+x86_64 0.2.9 52.00 92.00 144.00 OK
r-patched-linux-x86_64 0.2.9 12.32 44.01 56.33 OK
r-patched-solaris-sparc 0.2.9 660.20 OK
r-patched-solaris-x86 0.2.9 129.30 OK
r-release-linux-x86_64 0.2.9 12.46 43.38 55.83 OK
r-release-osx-x86_64-mavericks 0.2.9 OK
r-release-osx-x86_64-snowleopard 0.2.9 ERROR
r-release-windows-ix86+x86_64 0.2.9 43.00 94.00 137.00 OK
r-oldrel-windows-ix86+x86_64 0.2.9 46.00 148.00 194.00 OK

Check Details

Version: 0.2.9
Check: package dependencies
Result: NOTE
    Package suggested but not available for checking: ‘BiocGenerics’
Flavor: r-release-osx-x86_64-snowleopard

Version: 0.2.9
Check: tests
Result: ERROR
    Running the tests in ‘tests/runTests.R’ failed.
    Last 13 lines of output:
    
     R is a collaborative project with many contributors.
     Type 'contributors()' for more information and
     'citation()' on how to cite R or R packages in publications.
    
     Type 'demo()' for some demos, 'help()' for on-line help, or
     'help.start()' for an HTML browser interface to help.
     Type 'q()' to quit R.
    
     > BiocGenerics:::testPackage("protViz")
     Error in loadNamespace(name) : there is no package called 'BiocGenerics'
     Calls: ::: ... tryCatch -> tryCatchList -> tryCatchOne -> <Anonymous>
     Execution halted
Flavor: r-release-osx-x86_64-snowleopard