CRAN Package Check Results for Package protViz

Last updated on 2017-05-28 21:47:05.

Flavor Version Tinstall Tcheck Ttotal Status Flags
r-devel-linux-x86_64-debian-clang 0.2.28 14.21 46.93 61.14 NOTE
r-devel-linux-x86_64-debian-gcc 0.2.31 14.96 46.50 61.46 OK
r-devel-linux-x86_64-fedora-clang 0.2.31 59.26 OK
r-devel-linux-x86_64-fedora-gcc 0.2.31 57.94 OK
r-devel-windows-ix86+x86_64 0.2.31 51.00 161.00 212.00 OK
r-patched-linux-x86_64 0.2.28 13.46 44.91 58.38 NOTE
r-patched-solaris-sparc 0.2.31 551.10 OK
r-patched-solaris-x86 0.2.31 108.20 OK
r-release-linux-x86_64 0.2.31 13.90 47.32 61.22 OK
r-release-windows-ix86+x86_64 0.2.31 58.00 160.00 218.00 OK
r-release-osx-x86_64 0.2.31 OK
r-oldrel-windows-ix86+x86_64 0.2.28 60.00 104.00 164.00 OK
r-oldrel-osx-x86_64 0.2.31 OK

Check Details

Version: 0.2.28
Check: compiled code
Result: NOTE
    File ‘protViz/libs/protViz.so’:
     Found no calls to: ‘R_registerRoutines’, ‘R_useDynamicSymbols’
    
    It is good practice to register native routines and to disable symbol
    search.
    
    See ‘Writing portable packages’ in the ‘Writing R Extensions’ manual.
Flavors: r-devel-linux-x86_64-debian-clang, r-patched-linux-x86_64