CRAN Package Check Results for Package protViz

Last updated on 2017-03-31 01:49:19.

Flavor Version Tinstall Tcheck Ttotal Status Flags
r-devel-linux-x86_64-debian-clang 0.2.28 13.58 45.05 58.63 NOTE
r-devel-linux-x86_64-debian-gcc 0.2.28 13.93 43.09 57.02 NOTE
r-devel-linux-x86_64-fedora-clang 0.2.28 102.28 NOTE --no-stop-on-test-error
r-devel-linux-x86_64-fedora-gcc 0.2.28 101.01 NOTE --no-stop-on-test-error
r-devel-macos-x86_64-clang 0.2.28 76.26 NOTE --no-stop-on-test-error
r-devel-windows-ix86+x86_64 0.2.28 51.00 171.00 222.00 OK
r-patched-linux-x86_64 0.2.28 12.06 43.23 55.29 NOTE
r-patched-solaris-sparc 0.2.28 575.70 OK
r-patched-solaris-x86 0.2.28 116.60 OK
r-release-linux-x86_64 0.2.28 12.13 35.21 47.33 OK
r-release-osx-x86_64-mavericks 0.2.28 OK
r-release-windows-ix86+x86_64 0.2.28 56.00 146.00 202.00 WARN
r-oldrel-windows-ix86+x86_64 0.2.9 55.00 120.00 175.00 OK

Check Details

Version: 0.2.28
Check: compiled code
Result: NOTE
    File ‘protViz/libs/protViz.so’:
     Found no calls to: ‘R_registerRoutines’, ‘R_useDynamicSymbols’
    
    It is good practice to register native routines and to disable symbol
    search.
    
    See ‘Writing portable packages’ in the ‘Writing R Extensions’ manual.
Flavors: r-devel-linux-x86_64-debian-clang, r-devel-linux-x86_64-debian-gcc, r-patched-linux-x86_64

Version: 0.2.28
Flags: --no-stop-on-test-error
Check: compiled code
Result: NOTE
    File ‘protViz/libs/protViz.so’:
     Found no calls to: ‘R_registerRoutines’, ‘R_useDynamicSymbols’
    
    It is good practice to register native routines and to disable symbol
    search.
    
    See ‘Writing portable packages’ in the ‘Writing R Extensions’ manual.
Flavors: r-devel-linux-x86_64-fedora-clang, r-devel-linux-x86_64-fedora-gcc, r-devel-macos-x86_64-clang

Version: 0.2.28
Check: re-building of vignette outputs
Result: WARN
    Error in re-building vignettes:
     ...
    Warning: running command '"D:\compiler\texmf\miktex\bin\texify.exe" --quiet --pdf "PTM_MarkerFinder.tex" --max-iterations=20 -I "D:/RCompile/recent/R-3.3.3/share/texmf/tex/latex" -I "D:/RCompile/recent/R-3.3.3/share/texmf/bibtex/bst"' had status 1
    Error in find_vignette_product(name, by = "texi2pdf", engine = engine) :
     Failed to locate the 'texi2pdf' output file (by engine 'utils::Sweave') for vignette with name 'PTM_MarkerFinder'. The following files exist in directory '.': 'HexNAc_PTM_markerFinder.csv', 'PTM_MarkerFinder-concordance.tex', 'PTM_MarkerFinder-example1.pdf', 'PTM_MarkerFinder-example2.pdf', 'PTM_MarkerFinder.Rnw', 'PTM_MarkerFinder.tex', 'Rplots.pdf', 'protViz.Rnw', 'protViz.bib'
    Calls: buildVignettes -> find_vignette_product
    Execution halted
Flavor: r-release-windows-ix86+x86_64