CRAN Package Check Results for Package protViz

Last updated on 2016-12-08 18:47:16.

Flavor Version Tinstall Tcheck Ttotal Status Flags
r-devel-linux-x86_64-debian-clang 0.2.15 12.71 44.95 57.67 OK
r-devel-linux-x86_64-debian-gcc 0.2.15 13.52 44.02 57.54 OK
r-devel-linux-x86_64-fedora-clang 0.2.15 104.64 OK --no-stop-on-test-error
r-devel-linux-x86_64-fedora-gcc 0.2.15 106.98 OK --no-stop-on-test-error
r-devel-macos-x86_64-clang 0.2.15 78.51 OK --no-stop-on-test-error
r-devel-windows-ix86+x86_64 0.2.15 47.00 150.00 197.00 WARN
r-patched-linux-x86_64 0.2.15 11.85 36.40 48.25 OK
r-patched-solaris-sparc 0.2.15 513.80 OK
r-patched-solaris-x86 0.2.15 103.80 OK
r-release-linux-x86_64 0.2.15 11.92 36.78 48.70 OK
r-release-osx-x86_64-mavericks 0.2.15 OK
r-release-windows-ix86+x86_64 0.2.15 45.00 140.00 185.00 OK
r-oldrel-windows-ix86+x86_64 0.2.9 55.00 120.00 175.00 OK

Check Details

Version: 0.2.15
Check: files in ‘vignettes’
Result: WARN
    Files in the 'vignettes' directory newer than all files in 'inst/doc':
     'PTM_MarkerFinder.Rnw'
Flavor: r-devel-windows-ix86+x86_64