CRAN Package Check Results for Package protViz

Last updated on 2014-07-25 12:47:37.

Flavor Version Tinstall Tcheck Ttotal Status Flags
r-devel-linux-x86_64-debian-clang 0.1.98 10.08 53.68 63.76 OK
r-devel-linux-x86_64-debian-gcc 0.1.98 12.47 52.81 65.28 OK
r-devel-linux-x86_64-fedora-clang 0.1.98 137.31 OK
r-devel-linux-x86_64-fedora-gcc 0.1.98 133.67 OK
r-devel-osx-x86_64-clang 0.1.98 117.19 OK
r-devel-windows-ix86+x86_64 0.1.98 41.00 111.00 152.00 OK
r-patched-linux-x86_64 0.1.98 12.53 53.11 65.64 OK
r-patched-solaris-sparc 0.1.98 569.10 OK
r-patched-solaris-x86 0.1.98 147.30 OK
r-release-linux-ix86 0.1.98 16.25 64.96 81.21 OK
r-release-linux-x86_64 0.1.98 12.58 54.43 67.00 OK
r-release-osx-x86_64-mavericks 0.1.98 NOTE
r-release-osx-x86_64-snowleopard 0.1.98 OK
r-release-windows-ix86+x86_64 0.1.98 40.00 118.00 158.00 OK
r-oldrel-windows-ix86+x86_64 0.1.98 42.00 102.00 144.00 OK

Check Details

Version: 0.1.98
Check: re-building of vignette outputs
Result: NOTE
    Error in re-building vignettes:
     ...
    Error in texi2dvi(file = file, pdf = TRUE, clean = clean, quiet = quiet, :
     Running 'texi2dvi' on 'PTM_MarkerFinder.tex' failed.
    LaTeX errors:
    ! LaTeX Error: File `pstricks.sty' not found.
    
    Type X to quit or <RETURN> to proceed,
    or enter new name. (Default extension: sty)
    
    _test/protViz/vignettes/PTM_MarkerFinder.tex:7: ==> Fatal error occurred, no o
    utput PDF file produced!
    Calls: buildVignettes -> texi2pdf -> texi2dvi
    Execution halted
Flavor: r-release-osx-x86_64-mavericks