CRAN Package Check Results for Package protViz

Last updated on 2016-06-28 21:46:58.

Flavor Version Tinstall Tcheck Ttotal Status Flags
r-devel-linux-x86_64-debian-gcc 0.2.15 14.47 38.15 52.62 OK
r-devel-linux-x86_64-fedora-clang 0.2.15 91.30 OK
r-devel-linux-x86_64-fedora-gcc 0.2.15 84.74 OK
r-devel-osx-x86_64-clang 0.2.15 70.35 OK
r-devel-windows-ix86+x86_64 0.2.15 55.00 102.00 157.00 OK
r-patched-linux-x86_64 0.2.15 12.50 36.54 49.04 OK
r-patched-solaris-sparc 0.2.15 512.50 NOTE
r-patched-solaris-x86 0.2.15 104.80 OK
r-release-linux-x86_64 0.2.15 11.49 35.19 46.68 OK
r-release-osx-x86_64-mavericks 0.2.15 OK
r-release-windows-ix86+x86_64 0.2.15 55.00 321.00 376.00 OK
r-oldrel-windows-ix86+x86_64 0.2.9 55.00 120.00 175.00 OK

Check Details

Version: 0.2.15
Check: installed package size
Result: NOTE
     installed size is 8.4Mb
     sub-directories of 1Mb or more:
     data 2.3Mb
     libs 5.3Mb
Flavor: r-patched-solaris-sparc