CRAN Package Check Results for Package protViz

Last updated on 2017-11-22 22:57:40 CET.

Flavor Version Tinstall Tcheck Ttotal Status Flags
r-devel-linux-x86_64-debian-clang 0.2.45 29.78 49.77 79.55 OK
r-devel-linux-x86_64-debian-gcc 0.2.45 34.20 119.94 154.15 OK
r-devel-linux-x86_64-fedora-clang 0.2.45 142.56 NOTE
r-devel-linux-x86_64-fedora-gcc 0.2.45 228.94 NOTE
r-devel-windows-ix86+x86_64 0.2.45 102.00 137.00 239.00 OK
r-patched-linux-x86_64 0.2.45 30.86 53.31 84.17 OK
r-patched-solaris-x86 0.2.45 168.90 OK
r-release-linux-x86_64 0.2.45 30.98 57.02 88.00 OK
r-release-windows-ix86+x86_64 0.2.45 101.00 147.00 248.00 OK
r-release-osx-x86_64 0.2.45 NOTE
r-oldrel-windows-ix86+x86_64 0.2.45 88.00 127.00 215.00 OK
r-oldrel-osx-x86_64 0.2.45 NOTE

Check Details

Version: 0.2.45
Check: installed package size
Result: NOTE
     installed size is 6.1Mb
     sub-directories of 1Mb or more:
     data 2.1Mb
     libs 2.9Mb
Flavors: r-devel-linux-x86_64-fedora-clang, r-devel-linux-x86_64-fedora-gcc, r-release-osx-x86_64, r-oldrel-osx-x86_64