CRAN Package Check Results for Package protViz

Last updated on 2018-04-21 16:47:01 CEST.

Flavor Version Tinstall Tcheck Ttotal Status Flags
r-devel-linux-x86_64-debian-clang 0.2.45 45.03 67.91 112.94 OK
r-devel-linux-x86_64-debian-gcc 0.2.45 35.58 53.63 89.21 OK
r-devel-linux-x86_64-fedora-clang 0.2.45 150.10 NOTE
r-devel-linux-x86_64-fedora-gcc 0.2.45 141.04 NOTE
r-devel-windows-ix86+x86_64 0.2.45 127.00 129.00 256.00 OK
r-devel-osx-x86_64 0.2.45 NOTE
r-patched-linux-x86_64 0.2.45 46.10 67.78 113.88 OK
r-patched-solaris-x86 0.2.45 164.80 OK
r-release-linux-x86_64 0.2.45 45.75 83.28 129.03 OK
r-release-windows-ix86+x86_64 0.2.45 111.00 184.00 295.00 OK
r-release-osx-x86_64 0.2.45 NOTE
r-oldrel-windows-ix86+x86_64 0.2.45 148.00 125.00 273.00 OK

Check Details

Version: 0.2.45
Check: installed package size
Result: NOTE
     installed size is 6.3Mb
     sub-directories of 1Mb or more:
     data 2.1Mb
     libs 3.1Mb
Flavors: r-devel-linux-x86_64-fedora-clang, r-devel-linux-x86_64-fedora-gcc, r-devel-osx-x86_64, r-release-osx-x86_64