CRAN Package Check Results for Package protViz

Last updated on 2016-09-28 15:48:08.

Flavor Version Tinstall Tcheck Ttotal Status Flags
r-devel-linux-x86_64-debian-clang 0.2.15 12.52 37.26 49.78 WARN
r-devel-linux-x86_64-debian-gcc 0.2.15 13.31 36.21 49.51 WARN
r-devel-linux-x86_64-fedora-clang 0.2.15 92.04 WARN
r-devel-linux-x86_64-fedora-gcc 0.2.15 88.11 WARN
r-devel-macos-x86_64-clang 0.2.15 71.15 WARN
r-devel-windows-ix86+x86_64 0.2.15 42.00 138.00 180.00 WARN
r-patched-linux-x86_64 0.2.15 11.71 35.63 47.34 OK
r-patched-solaris-sparc 0.2.15 520.60 OK
r-patched-solaris-x86 0.2.15 103.80 OK
r-release-linux-x86_64 0.2.15 11.83 36.66 48.49 OK
r-release-osx-x86_64-mavericks 0.2.15 OK
r-release-windows-ix86+x86_64 0.2.15 58.00 95.00 153.00 OK
r-oldrel-windows-ix86+x86_64 0.2.9 55.00 120.00 175.00 OK

Check Details

Version: 0.2.15
Check: files in ‘vignettes’
Result: WARN
    Files in the 'vignettes' directory newer than all files in 'inst/doc':
     ‘PTM_MarkerFinder.Rnw’
Flavors: r-devel-linux-x86_64-debian-clang, r-devel-linux-x86_64-debian-gcc, r-devel-linux-x86_64-fedora-clang, r-devel-linux-x86_64-fedora-gcc, r-devel-macos-x86_64-clang, r-devel-windows-ix86+x86_64