CRAN Package Check Results for Package protViz

Last updated on 2015-06-30 22:47:31.

Flavor Version Tinstall Tcheck Ttotal Status Flags
r-devel-linux-x86_64-debian-clang 0.2.9 10.60 41.98 52.58 NOTE
r-devel-linux-x86_64-debian-gcc 0.2.9 12.14 41.96 54.10 NOTE
r-devel-linux-x86_64-fedora-clang 0.2.9 108.12 NOTE
r-devel-linux-x86_64-fedora-gcc 0.2.9 104.36 NOTE
r-devel-osx-x86_64-clang 0.2.9 99.05 OK
r-devel-windows-ix86+x86_64 0.2.9 58.00 119.00 177.00 NOTE
r-patched-linux-x86_64 0.2.9 12.40 42.42 54.82 OK
r-patched-solaris-sparc 0.2.9 669.00 OK
r-patched-solaris-x86 0.2.9 132.10 OK
r-release-linux-x86_64 0.2.9 12.52 42.70 55.23 OK
r-release-osx-x86_64-mavericks 0.2.9 OK
r-release-windows-ix86+x86_64 0.2.9 57.00 92.00 149.00 OK
r-oldrel-windows-ix86+x86_64 0.2.9 62.00 114.00 176.00 OK

Check Details

Version: 0.2.9
Check: R code for possible problems
Result: NOTE
    .PTM_MarkerFinder_no_peakplot : <anonymous>: no visible global function
     definition for ‘split.screen’
    .PTM_MarkerFinder_no_peakplot : <anonymous>: no visible global function
     definition for ‘screen’
    .PTM_MarkerFinder_no_peakplot : <anonymous>: no visible global function
     definition for ‘plot’
    .PTM_MarkerFinder_no_peakplot : <anonymous>: no visible global function
     definition for ‘points’
    .PTM_MarkerFinder_no_peakplot : <anonymous>: no visible global function
     definition for ‘legend’
    .PTM_MarkerFinder_no_peakplot : <anonymous>: no visible global function
     definition for ‘pie’
    .PTM_MarkerFinder_no_peakplot : <anonymous>: no visible global function
     definition for ‘axis’
    .PTM_MarkerFinder_no_peakplot : <anonymous>: no visible global function
     definition for ‘abline’
    .PTM_MarkerFinder_no_peakplot : <anonymous>: no visible global function
     definition for ‘close.screen’
    .PTM_MarkerFinder_summaryPlot: no visible global function definition
     for ‘plot’
    .PTM_MarkerFinder_summaryPlot: no visible global function definition
     for ‘legend’
    .PTM_MarkerFinder_summaryPlot: no visible global function definition
     for ‘packageVersion’
    .PTM_MarkerFinder_summaryPlot: no visible global function definition
     for ‘par’
    .PTM_MarkerFinder_summaryPlot : <anonymous>: no visible global function
     definition for ‘plot’
    .PTM_MarkerFinder_summaryPlot : <anonymous>: no visible global function
     definition for ‘text’
    .PTM_MarkerFinder_summaryPlot : <anonymous>: no visible global function
     definition for ‘pie’
    .PTM_MarkerFinder_summaryPlot: no visible global function definition
     for ‘boxplot’
    .PTM_MarkerFinder_summaryPlot: no visible global function definition
     for ‘box’
    .PTM_MarkerFinder_summaryPlot: no visible global function definition
     for ‘abline’
    .PTM_MarkerFinder_summaryPlot: no visible global function definition
     for ‘barplot’
    .PTM_MarkerFinder_writeMGF_Header: no visible global function
     definition for ‘packageVersion’
    .de_novo: no visible global function definition for ‘rainbow’
    .de_novo: no visible global function definition for ‘plot’
    .de_novo: no visible global function definition for ‘abline’
    .de_novo: no visible global function definition for ‘segments’
    .de_novo: no visible global function definition for ‘dist’
    .de_novo: no visible global function definition for ‘points’
    .de_novo: no visible global function definition for ‘text’
    .deisotoperUtilPlot: no visible global function definition for ‘par’
    .deisotoperUtilPlot : <anonymous>: no visible global function
     definition for ‘plot’
    .deisotoperUtilPlot : <anonymous>: no visible global function
     definition for ‘text’
    .deisotoperUtilPlot : <anonymous>: no visible global function
     definition for ‘axis’
    .deisotoperUtilPlot : <anonymous>: no visible global function
     definition for ‘points’
    .deisotoperUtilPlot : <anonymous>: no visible global function
     definition for ‘legend’
    .deisotoperUtilPlot : <anonymous>: no visible global function
     definition for ‘box’
    .gasPhaseFragQuantiles: no visible global function definition for
     ‘hist’
    .gasPhaseFragQuantiles: no visible global function definition for
     ‘quantile’
    .gasPhaseFragQuantiles: no visible global function definition for
     ‘axis’
    .peakplot.label: no visible global function definition for ‘points’
    .peakplot.pie: no visible global function definition for ‘pie’
    .peakplot.putlabel: no visible global function definition for
     ‘segments’
    .peakplot.putlabel: no visible global function definition for ‘text’
    PTM_MarkerFinder: no visible global function definition for
     ‘split.screen’
    PTM_MarkerFinder: no visible global function definition for ‘screen’
    PTM_MarkerFinder: no visible global function definition for ‘par’
    PTM_MarkerFinder: no visible global function definition for ‘plot’
    PTM_MarkerFinder: no visible global function definition for ‘points’
    PTM_MarkerFinder: no visible global function definition for ‘legend’
    PTM_MarkerFinder: no visible global function definition for ‘text’
    PTM_MarkerFinder: no visible global function definition for ‘pie’
    PTM_MarkerFinder: no visible global function definition for ‘axis’
    PTM_MarkerFinder: no visible global function definition for ‘abline’
    PTM_MarkerFinder: no visible global function definition for
     ‘close.screen’
    PTM_MarkerFinder_util: no visible global function definition for ‘pdf’
    PTM_MarkerFinder_util: no visible global function definition for
     ‘dev.off’
    PTM_MarkerFinder_util: no visible global function definition for
     ‘reshape’
    PTM_MarkerFinder_util: no visible global function definition for
     ‘write.table’
    deisotoper: no visible global function definition for ‘rainbow’
    deisotoper : <anonymous>: no visible global function definition for
     ‘par’
    deisotoper : <anonymous> : <anonymous>: no visible global function
     definition for ‘points’
    deisotoper : <anonymous> : <anonymous>: no visible global function
     definition for ‘text’
    genMod: no visible global function definition for ‘combn’
    iTRAQ2GroupAnalysis: no visible global function definition for ‘t.test’
    iTRAQ2GroupAnalysis: no visible global function definition for
     ‘boxplot’
    iTRAQ2GroupAnalysis: no visible global function definition for ‘box’
    iTRAQ2GroupAnalysis: no visible global function definition for ‘axis’
    iTRAQ2GroupAnalysis: no visible global function definition for ‘points’
    lcmsmap: no visible global function definition for ‘plot’
    lcmsmap: no visible global function definition for ‘points’
    lcmsmap: no visible global function definition for ‘rgb’
    lcmsmap: no visible global function definition for ‘legend’
    mdp: no visible global function definition for ‘sd’
    mdp: no visible global function definition for ‘hist’
    mdp: no visible global function definition for ‘rect’
    mdp: no visible global function definition for ‘rgb’
    mdp: no visible global function definition for ‘abline’
    mdp: no visible global function definition for ‘axis’
    mdp: no visible global function definition for ‘dnorm’
    mdp: no visible global function definition for ‘lines’
    mdp: no visible global function definition for ‘legend’
    peakplot: no visible global function definition for ‘plot’
    peakplot: no visible global function definition for ‘axis’
    peakplot: no visible global function definition for ‘box’
    pgImporter: no visible global function definition for ‘read.table’
    pgLFQaov: no visible global function definition for ‘aov’
    pgLFQaov: no visible global function definition for ‘boxplot’
    pgLFQtNpq: no visible global function definition for ‘image’
    pgLFQtNpq: no visible global function definition for ‘cor’
    pgLFQtNpq: no visible global function definition for ‘gray.colors’
    ppp: no visible global function definition for ‘par’
    ppp: no visible global function definition for ‘rainbow’
    ppp: no visible global function definition for ‘plot’
    ppp: no visible global function definition for ‘abline’
    ppp: no visible global function definition for ‘axis’
    ppp: no visible global function definition for ‘lines’
    ppp: no visible global function definition for ‘legend’
    psm: no visible global function definition for ‘abline’
    psm: no visible global function definition for ‘text’
    psm: no visible global function definition for ‘legend’
Flavors: r-devel-linux-x86_64-debian-clang, r-devel-linux-x86_64-debian-gcc, r-devel-linux-x86_64-fedora-clang, r-devel-linux-x86_64-fedora-gcc, r-devel-windows-ix86+x86_64