CRAN Package Check Results for Package protViz

Last updated on 2017-02-22 23:54:13.

Flavor Version Tinstall Tcheck Ttotal Status Flags
r-devel-linux-x86_64-debian-clang 0.2.28 12.92 45.03 57.94 NOTE
r-devel-linux-x86_64-debian-gcc 0.2.28 13.38 43.16 56.54 NOTE
r-devel-linux-x86_64-fedora-clang 0.2.28 106.21 NOTE --no-stop-on-test-error
r-devel-linux-x86_64-fedora-gcc 0.2.28 102.33 NOTE --no-stop-on-test-error
r-devel-macos-x86_64-clang 0.2.28 78.34 NOTE --no-stop-on-test-error
r-devel-windows-ix86+x86_64 0.2.28 63.00 168.00 231.00 OK
r-patched-linux-x86_64 0.2.28 12.14 36.01 48.16 OK
r-patched-solaris-sparc 0.2.28 487.20 OK
r-patched-solaris-x86 0.2.28 108.40 OK
r-release-linux-x86_64 0.2.28 11.71 36.01 47.72 OK
r-release-osx-x86_64-mavericks 0.2.28 OK
r-release-windows-ix86+x86_64 0.2.28 61.00 138.00 199.00 OK
r-oldrel-windows-ix86+x86_64 0.2.9 55.00 120.00 175.00 OK

Check Details

Version: 0.2.28
Check: compiled code
Result: NOTE
    File ‘protViz/libs/protViz.so’:
     Found no calls to: ‘R_registerRoutines’, ‘R_useDynamicSymbols’
    
    It is good practice to register native routines and to disable symbol
    search.
    
    See ‘Writing portable packages’ in the ‘Writing R Extensions’ manual.
Flavors: r-devel-linux-x86_64-debian-clang, r-devel-linux-x86_64-debian-gcc

Version: 0.2.28
Flags: --no-stop-on-test-error
Check: compiled code
Result: NOTE
    File ‘protViz/libs/protViz.so’:
     Found no calls to: ‘R_registerRoutines’, ‘R_useDynamicSymbols’
    
    It is good practice to register native routines and to disable symbol
    search.
    
    See ‘Writing portable packages’ in the ‘Writing R Extensions’ manual.
Flavors: r-devel-linux-x86_64-fedora-clang, r-devel-linux-x86_64-fedora-gcc, r-devel-macos-x86_64-clang