CRAN Package Check Results for Package protViz

Last updated on 2018-02-23 18:47:48 CET.

Flavor Version Tinstall Tcheck Ttotal Status Flags
r-devel-linux-x86_64-debian-clang 0.2.45 41.70 68.76 110.46 OK
r-devel-linux-x86_64-debian-gcc 0.2.45 36.15 53.55 89.70 OK
r-devel-linux-x86_64-fedora-clang 0.2.45 154.96 NOTE
r-devel-linux-x86_64-fedora-gcc 0.2.45 147.86 NOTE
r-devel-windows-ix86+x86_64 0.2.45 131.00 163.00 294.00 OK
r-patched-linux-x86_64 0.2.45 40.53 83.48 124.01 OK
r-patched-solaris-x86 0.2.45 168.90 OK
r-release-linux-x86_64 0.2.45 43.25 81.46 124.71 OK
r-release-windows-ix86+x86_64 0.2.45 105.00 178.00 283.00 OK
r-release-osx-x86_64 0.2.45 NOTE
r-oldrel-windows-ix86+x86_64 0.2.45 103.00 122.00 225.00 OK
r-oldrel-osx-x86_64 0.2.45 NOTE

Check Details

Version: 0.2.45
Check: installed package size
Result: NOTE
     installed size is 6.3Mb
     sub-directories of 1Mb or more:
     data 2.1Mb
     libs 3.1Mb
Flavors: r-devel-linux-x86_64-fedora-clang, r-devel-linux-x86_64-fedora-gcc, r-release-osx-x86_64, r-oldrel-osx-x86_64