CRAN Package Check Results for Package protViz

Last updated on 2014-04-23 12:48:24.

Flavor Version Tinstall Tcheck Ttotal Status Flags
r-devel-linux-x86_64-debian-clang 0.1.76 10.31 54.65 64.96 OK
r-devel-linux-x86_64-debian-gcc 0.1.76 12.19 53.40 65.59 OK
r-devel-linux-x86_64-fedora-clang 0.1.76 136.09 OK
r-devel-linux-x86_64-fedora-gcc 0.1.76 132.50 OK
r-devel-osx-x86_64-clang 0.1.76 117.71 OK
r-devel-osx-x86_64-gcc 0.1.76 OK
r-devel-windows-ix86+x86_64 0.1.76 40.00 105.00 145.00 OK
r-patched-linux-x86_64 0.1.76 11.94 54.08 66.02 OK
r-patched-solaris-sparc 0.1.76 566.30 OK
r-patched-solaris-x86 0.1.76 140.80 OK
r-release-linux-ix86 0.1.76 19.00 88.00 107.00 OK
r-release-linux-x86_64 0.1.76 12.07 54.22 66.28 OK
r-release-osx-x86_64-mavericks 0.1.76 WARN
r-release-osx-x86_64-snowleopard 0.1.76 NOTE
r-release-windows-ix86+x86_64 0.1.76 39.00 105.00 144.00 OK
r-oldrel-windows-ix86+x86_64 0.1.76 42.00 96.00 138.00 OK

Memtest notes: valgrind

Check Details

Version: 0.1.76
Check: re-building of vignette outputs
Result: NOTE
    Error in re-building vignettes:
     ...
    Error in texi2dvi(file = file, pdf = TRUE, clean = clean, quiet = quiet, :
     Running 'texi2dvi' on 'PTM_MarkerFinder.tex' failed.
    LaTeX errors:
    ! LaTeX Error: File `pstricks.sty' not found.
    
    Type X to quit or <RETURN> to proceed,
    or enter new name. (Default extension: sty)
    
    _test/protViz/vignettes/PTM_MarkerFinder.tex:7: ==> Fatal error occurred, no o
    utput PDF file produced!
    Calls: buildVignettes -> texi2pdf -> texi2dvi
    Execution halted
Flavor: r-release-osx-x86_64-mavericks

Version: 0.1.76
Check: PDF version of manual
Result: WARNING
    LaTeX errors when creating PDF version.
    This typically indicates Rd problems.
    LaTeX errors found:
    ! LaTeX Error: File `upquote.sty' not found.
    
    Type X to quit or <RETURN> to proceed,
    or enter new name. (Default extension: sty)
    
    0eddef0/Rd2.tex:8: ==> Fatal error occurred, no output PDF file produced!
Flavor: r-release-osx-x86_64-mavericks

Version: 0.1.76
Check: re-building of vignette outputs
Result: NOTE
    Error in re-building vignettes:
     ...
    Error in texi2dvi(file = file, pdf = TRUE, clean = clean, quiet = quiet, :
     Running 'texi2dvi' on 'PTM_MarkerFinder.tex' failed.
    LaTeX errors:
    ! LaTeX Error: File `pstricks.sty' not found.
    
    Type X to quit or <RETURN> to proceed,
    or enter new name. (Default extension: sty)
    Calls: buildVignettes -> texi2pdf -> texi2dvi
    Execution halted
Flavor: r-release-osx-x86_64-snowleopard