CRAN Package Check Results for Package protiq

Last updated on 2018-04-21 22:48:30 CEST.

Flavor Version Tinstall Tcheck Ttotal Status Flags
r-devel-linux-x86_64-debian-clang 1.2 3.55 41.56 45.11 NOTE
r-devel-linux-x86_64-debian-gcc 1.2 2.93 32.65 35.58 NOTE
r-devel-linux-x86_64-fedora-clang 1.2 56.65 NOTE
r-devel-linux-x86_64-fedora-gcc 1.2 52.45 NOTE
r-devel-windows-ix86+x86_64 1.2 10.00 69.00 79.00 NOTE
r-devel-osx-x86_64 1.2 NOTE
r-patched-linux-x86_64 1.2 3.16 40.93 44.09 NOTE
r-patched-solaris-x86 1.2 81.70 NOTE
r-release-linux-x86_64 1.2 1.76 41.36 43.12 NOTE
r-release-windows-ix86+x86_64 1.2 5.00 72.00 77.00 NOTE
r-release-osx-x86_64 1.2 NOTE
r-oldrel-windows-ix86+x86_64 1.2 7.00 48.00 55.00 NOTE

Check Details

Version: 1.2
Check: R code for possible problems
Result: NOTE
    estimateLSEparam: no visible global function definition for ‘lm’
    estimateMLEparam: no visible global function definition for ‘optim’
    getCCnlL: no visible global function definition for ‘dnorm’
    iterateScampi: no visible global function definition for ‘quantile’
    plot.scampi: no visible global function definition for ‘hist’
    plot.scampiVal: no visible global function definition for ‘par’
    plot.scampiVal: no visible global function definition for ‘hist’
    plot.scampiVal: no visible global function definition for ‘abline’
    plot.scampiVal: no visible global function definition for ‘qqnorm’
    plot.scampiVal: no visible global function definition for ‘qqline’
    sampleInitialVector: no visible global function definition for ‘runif’
    Undefined global functions or variables:
     abline dnorm hist lm optim par qqline qqnorm quantile runif
    Consider adding
     importFrom("graphics", "abline", "hist", "par")
     importFrom("stats", "dnorm", "lm", "optim", "qqline", "qqnorm",
     "quantile", "runif")
    to your NAMESPACE file.
Flavors: r-devel-linux-x86_64-debian-clang, r-devel-linux-x86_64-debian-gcc, r-devel-linux-x86_64-fedora-clang, r-devel-linux-x86_64-fedora-gcc, r-devel-windows-ix86+x86_64, r-devel-osx-x86_64, r-patched-linux-x86_64, r-patched-solaris-x86, r-release-linux-x86_64, r-release-windows-ix86+x86_64, r-release-osx-x86_64, r-oldrel-windows-ix86+x86_64