CRAN Package Check Results for Package protiq

Last updated on 2015-05-24 17:47:34.

Flavor Version Tinstall Tcheck Ttotal Status Flags
r-devel-linux-x86_64-debian-clang 1.2 1.49 23.88 25.37 OK
r-devel-linux-x86_64-debian-gcc 1.2 1.56 23.44 25.00 OK
r-devel-linux-x86_64-fedora-clang 1.2 50.98 OK
r-devel-linux-x86_64-fedora-gcc 1.2 48.42 OK
r-devel-osx-x86_64-clang 1.2 49.61 OK
r-devel-windows-ix86+x86_64 1.2 5.00 42.00 47.00 OK
r-patched-linux-x86_64 1.2 1.91 23.74 25.65 OK
r-patched-solaris-sparc 1.2 325.90 OK
r-patched-solaris-x86 1.2 69.10 OK
r-release-linux-x86_64 1.2 1.40 23.96 25.36 OK
r-release-osx-x86_64-mavericks 1.2 OK
r-release-osx-x86_64-snowleopard 1.2 ERROR
r-release-windows-ix86+x86_64 1.2 6.00 39.00 45.00 OK
r-oldrel-windows-ix86+x86_64 1.2 6.00 59.00 65.00 OK

Check Details

Version: 1.2
Check: package dependencies
Result: ERROR
    Packages required but not available: ‘graph’ ‘RBGL’
    
    See section ‘The DESCRIPTION file’ in the ‘Writing R Extensions’
    manual.
Flavor: r-release-osx-x86_64-snowleopard