CRAN Package Check Results for Package protiq

Last updated on 2014-04-19 09:52:25.

Flavor Version Tinstall Tcheck Ttotal Status Flags
r-devel-linux-x86_64-debian-clang 1.2 1.67 26.55 28.22 OK
r-devel-linux-x86_64-debian-gcc 1.2 3.70 26.97 30.66 OK
r-devel-linux-x86_64-fedora-clang 1.2 59.74 OK
r-devel-linux-x86_64-fedora-gcc 1.2 55.59 OK
r-devel-macosx-x86_64-clang 1.2 55.53 OK
r-devel-macosx-x86_64-gcc 1.2 ERROR
r-devel-windows-ix86+x86_64 1.2 5.00 37.00 42.00 OK
r-patched-linux-x86_64 1.2 1.77 26.79 28.56 OK
r-patched-solaris-sparc 1.2 327.30 OK
r-patched-solaris-x86 1.2 77.30 OK
r-release-linux-ix86 1.2 4.00 48.00 52.00 OK
r-release-linux-x86_64 1.2 1.69 114.60 116.29 OK
r-release-macosx-x86_64 1.2 ERROR
r-release-windows-ix86+x86_64 1.2 7.00 39.00 46.00 OK
r-oldrel-windows-ix86+x86_64 1.2 7.00 37.00 44.00 OK

Check Details

Version: 1.2
Check: package dependencies
Result: ERROR
    Packages required but not available: ‘graph’ ‘RBGL’
    
    See the information on DESCRIPTION files in the chapter ‘Creating R
    packages’ of the ‘Writing R Extensions’ manual.
Flavors: r-devel-macosx-x86_64-gcc, r-release-macosx-x86_64