CRAN Package Check Results for Package protiq

Last updated on 2015-08-05 03:48:15.

Flavor Version Tinstall Tcheck Ttotal Status Flags
r-devel-linux-x86_64-debian-clang 1.2 1.46 23.54 24.99 NOTE
r-devel-linux-x86_64-debian-gcc 1.2 1.44 22.91 24.36 NOTE
r-devel-linux-x86_64-fedora-clang 1.2 50.18 NOTE
r-devel-linux-x86_64-fedora-gcc 1.2 46.69 NOTE
r-devel-osx-x86_64-clang 1.2 44.73 OK
r-devel-windows-ix86+x86_64 1.2 9.00 56.00 65.00 NOTE
r-patched-linux-x86_64 1.2 1.45 22.88 24.33 OK
r-patched-solaris-sparc 1.2 324.90 OK
r-patched-solaris-x86 1.2 68.50 OK
r-release-linux-x86_64 1.2 1.60 23.11 24.70 OK
r-release-osx-x86_64-mavericks 1.2 OK
r-release-windows-ix86+x86_64 1.2 6.00 41.00 47.00 OK
r-oldrel-windows-ix86+x86_64 1.2 9.00 48.00 57.00 OK

Check Details

Version: 1.2
Check: R code for possible problems
Result: NOTE
    estimateLSEparam: no visible global function definition for ‘lm’
    estimateMLEparam: no visible global function definition for ‘optim’
    getCCnlL: no visible global function definition for ‘dnorm’
    iterateScampi: no visible global function definition for ‘quantile’
    plot.scampi: no visible global function definition for ‘hist’
    plot.scampiVal: no visible global function definition for ‘par’
    plot.scampiVal: no visible global function definition for ‘hist’
    plot.scampiVal: no visible global function definition for ‘abline’
    plot.scampiVal: no visible global function definition for ‘qqnorm’
    plot.scampiVal: no visible global function definition for ‘qqline’
    sampleInitialVector: no visible global function definition for ‘runif’
    Undefined global functions or variables:
     abline dnorm hist lm optim par qqline qqnorm quantile runif
    Consider adding
     importFrom("graphics", "abline", "hist", "par")
     importFrom("stats", "dnorm", "lm", "optim", "qqline", "qqnorm",
     "quantile", "runif")
    to your NAMESPACE.
Flavors: r-devel-linux-x86_64-debian-clang, r-devel-linux-x86_64-debian-gcc, r-devel-linux-x86_64-fedora-clang, r-devel-linux-x86_64-fedora-gcc, r-devel-windows-ix86+x86_64