CRAN Package Check Results for Package protiq

Last updated on 2016-02-12 07:46:50.

Flavor Version Tinstall Tcheck Ttotal Status Flags
r-devel-linux-x86_64-debian-gcc 1.2 1.32 22.34 23.66 NOTE
r-devel-linux-x86_64-fedora-clang 1.2 45.28 NOTE
r-devel-linux-x86_64-fedora-gcc 1.2 44.73 NOTE
r-devel-osx-x86_64-clang 1.2 51.13 NOTE
r-devel-windows-ix86+x86_64 1.2 7.00 171.00 178.00 NOTE
r-patched-linux-x86_64 1.2 1.71 23.84 25.56 OK
r-patched-solaris-sparc 1.2 296.70 OK
r-patched-solaris-x86 1.2 63.20 OK
r-release-linux-x86_64 1.2 1.66 23.56 25.22 OK
r-release-osx-x86_64-mavericks 1.2 OK
r-release-windows-ix86+x86_64 1.2 7.00 41.00 48.00 OK
r-oldrel-windows-ix86+x86_64 1.2 9.00 49.00 58.00 OK

Check Details

Version: 1.2
Check: R code for possible problems
Result: NOTE
    estimateLSEparam: no visible global function definition for ‘lm’
    estimateMLEparam: no visible global function definition for ‘optim’
    getCCnlL: no visible global function definition for ‘dnorm’
    iterateScampi: no visible global function definition for ‘quantile’
    plot.scampi: no visible global function definition for ‘hist’
    plot.scampiVal: no visible global function definition for ‘par’
    plot.scampiVal: no visible global function definition for ‘hist’
    plot.scampiVal: no visible global function definition for ‘abline’
    plot.scampiVal: no visible global function definition for ‘qqnorm’
    plot.scampiVal: no visible global function definition for ‘qqline’
    sampleInitialVector: no visible global function definition for ‘runif’
    Undefined global functions or variables:
     abline dnorm hist lm optim par qqline qqnorm quantile runif
    Consider adding
     importFrom("graphics", "abline", "hist", "par")
     importFrom("stats", "dnorm", "lm", "optim", "qqline", "qqnorm",
     "quantile", "runif")
    to your NAMESPACE file.
Flavors: r-devel-linux-x86_64-debian-gcc, r-devel-linux-x86_64-fedora-clang, r-devel-linux-x86_64-fedora-gcc, r-devel-osx-x86_64-clang, r-devel-windows-ix86+x86_64