CRAN Package Check Results for Package protiq

Last updated on 2016-07-28 05:50:23.

Flavor Version Tinstall Tcheck Ttotal Status Flags
r-devel-linux-x86_64-debian-clang 1.2 0.31 1.95 2.26 ERROR
r-devel-linux-x86_64-debian-gcc 1.2 1.72 27.87 29.58 NOTE
r-devel-linux-x86_64-fedora-clang 1.2 46.25 NOTE
r-devel-linux-x86_64-fedora-gcc 1.2 43.54 NOTE
r-devel-osx-x86_64-clang 1.2 39.06 NOTE
r-devel-windows-ix86+x86_64 1.2 6.00 63.00 69.00 NOTE
r-patched-linux-x86_64 1.2 1.64 26.44 28.08 NOTE
r-patched-solaris-sparc 1.2 285.50 NOTE
r-patched-solaris-x86 1.2 60.80 NOTE
r-release-linux-x86_64 1.2 1.65 27.34 28.99 NOTE
r-release-osx-x86_64-mavericks 1.2 NOTE
r-release-windows-ix86+x86_64 1.2 7.00 65.00 72.00 NOTE
r-oldrel-windows-ix86+x86_64 1.2 8.00 58.00 66.00 OK

Check Details

Version: 1.2
Check: package dependencies
Result: ERROR
    Package required but not available: ‘RBGL’
    
    See section ‘The DESCRIPTION file’ in the ‘Writing R Extensions’
    manual.
Flavor: r-devel-linux-x86_64-debian-clang

Version: 1.2
Check: R code for possible problems
Result: NOTE
    estimateLSEparam: no visible global function definition for ‘lm’
    estimateMLEparam: no visible global function definition for ‘optim’
    getCCnlL: no visible global function definition for ‘dnorm’
    iterateScampi: no visible global function definition for ‘quantile’
    plot.scampi: no visible global function definition for ‘hist’
    plot.scampiVal: no visible global function definition for ‘par’
    plot.scampiVal: no visible global function definition for ‘hist’
    plot.scampiVal: no visible global function definition for ‘abline’
    plot.scampiVal: no visible global function definition for ‘qqnorm’
    plot.scampiVal: no visible global function definition for ‘qqline’
    sampleInitialVector: no visible global function definition for ‘runif’
    Undefined global functions or variables:
     abline dnorm hist lm optim par qqline qqnorm quantile runif
    Consider adding
     importFrom("graphics", "abline", "hist", "par")
     importFrom("stats", "dnorm", "lm", "optim", "qqline", "qqnorm",
     "quantile", "runif")
    to your NAMESPACE file.
Flavors: r-devel-linux-x86_64-debian-gcc, r-devel-linux-x86_64-fedora-clang, r-devel-linux-x86_64-fedora-gcc, r-devel-osx-x86_64-clang, r-devel-windows-ix86+x86_64, r-patched-linux-x86_64, r-patched-solaris-sparc, r-patched-solaris-x86, r-release-linux-x86_64, r-release-osx-x86_64-mavericks, r-release-windows-ix86+x86_64