CRAN Package Check Results for Package protiq

Last updated on 2018-01-21 22:48:13 CET.

Flavor Version Tinstall Tcheck Ttotal Status Flags
r-devel-linux-x86_64-debian-clang 1.2 2.17 42.67 44.84 NOTE
r-devel-linux-x86_64-debian-gcc 1.2 1.80 32.76 34.56 NOTE
r-devel-linux-x86_64-fedora-clang 1.2 51.54 NOTE
r-devel-linux-x86_64-fedora-gcc 1.2 50.78 NOTE
r-devel-windows-ix86+x86_64 1.2 7.00 89.00 96.00 NOTE
r-patched-linux-x86_64 1.2 2.04 42.46 44.50 NOTE
r-patched-solaris-x86 1.2 77.10 NOTE
r-release-linux-x86_64 1.2 2.12 41.64 43.76 NOTE
r-release-windows-ix86+x86_64 1.2 7.00 53.00 60.00 NOTE
r-release-osx-x86_64 1.2 NOTE
r-oldrel-windows-ix86+x86_64 1.2 7.00 54.00 61.00 NOTE
r-oldrel-osx-x86_64 1.2 NOTE

Check Details

Version: 1.2
Check: R code for possible problems
Result: NOTE
    estimateLSEparam: no visible global function definition for ‘lm’
    estimateMLEparam: no visible global function definition for ‘optim’
    getCCnlL: no visible global function definition for ‘dnorm’
    iterateScampi: no visible global function definition for ‘quantile’
    plot.scampi: no visible global function definition for ‘hist’
    plot.scampiVal: no visible global function definition for ‘par’
    plot.scampiVal: no visible global function definition for ‘hist’
    plot.scampiVal: no visible global function definition for ‘abline’
    plot.scampiVal: no visible global function definition for ‘qqnorm’
    plot.scampiVal: no visible global function definition for ‘qqline’
    sampleInitialVector: no visible global function definition for ‘runif’
    Undefined global functions or variables:
     abline dnorm hist lm optim par qqline qqnorm quantile runif
    Consider adding
     importFrom("graphics", "abline", "hist", "par")
     importFrom("stats", "dnorm", "lm", "optim", "qqline", "qqnorm",
     "quantile", "runif")
    to your NAMESPACE file.
Flavors: r-devel-linux-x86_64-debian-clang, r-devel-linux-x86_64-debian-gcc, r-devel-linux-x86_64-fedora-clang, r-devel-linux-x86_64-fedora-gcc, r-devel-windows-ix86+x86_64, r-patched-linux-x86_64, r-patched-solaris-x86, r-release-linux-x86_64, r-release-windows-ix86+x86_64, r-release-osx-x86_64, r-oldrel-windows-ix86+x86_64, r-oldrel-osx-x86_64