CRAN Package Check Results for Package protiq

Last updated on 2016-12-04 23:48:10.

Flavor Version Tinstall Tcheck Ttotal Status Flags
r-devel-linux-x86_64-debian-clang 1.2 1.67 27.14 28.81 NOTE
r-devel-linux-x86_64-debian-gcc 1.2 1.58 27.10 28.68 NOTE
r-devel-linux-x86_64-fedora-clang 1.2 55.03 NOTE --no-stop-on-test-error
r-devel-linux-x86_64-fedora-gcc 1.2 53.61 NOTE --no-stop-on-test-error
r-devel-macos-x86_64-clang 1.2 45.24 NOTE
r-devel-windows-ix86+x86_64 1.2 6.00 67.00 73.00 NOTE
r-patched-linux-x86_64 1.2 1.38 23.58 24.96 NOTE
r-patched-solaris-sparc 1.2 285.50 NOTE
r-patched-solaris-x86 1.2 61.50 NOTE
r-release-linux-x86_64 1.2 1.48 23.37 24.85 NOTE
r-release-osx-x86_64-mavericks 1.2 NOTE
r-release-windows-ix86+x86_64 1.2 7.00 47.00 54.00 NOTE
r-oldrel-windows-ix86+x86_64 1.2 5.00 48.00 53.00 OK

Check Details

Version: 1.2
Check: R code for possible problems
Result: NOTE
    estimateLSEparam: no visible global function definition for ‘lm’
    estimateMLEparam: no visible global function definition for ‘optim’
    getCCnlL: no visible global function definition for ‘dnorm’
    iterateScampi: no visible global function definition for ‘quantile’
    plot.scampi: no visible global function definition for ‘hist’
    plot.scampiVal: no visible global function definition for ‘par’
    plot.scampiVal: no visible global function definition for ‘hist’
    plot.scampiVal: no visible global function definition for ‘abline’
    plot.scampiVal: no visible global function definition for ‘qqnorm’
    plot.scampiVal: no visible global function definition for ‘qqline’
    sampleInitialVector: no visible global function definition for ‘runif’
    Undefined global functions or variables:
     abline dnorm hist lm optim par qqline qqnorm quantile runif
    Consider adding
     importFrom("graphics", "abline", "hist", "par")
     importFrom("stats", "dnorm", "lm", "optim", "qqline", "qqnorm",
     "quantile", "runif")
    to your NAMESPACE file.
Flavors: r-devel-linux-x86_64-debian-clang, r-devel-linux-x86_64-debian-gcc, r-devel-macos-x86_64-clang, r-devel-windows-ix86+x86_64, r-patched-linux-x86_64, r-patched-solaris-sparc, r-patched-solaris-x86, r-release-linux-x86_64, r-release-osx-x86_64-mavericks, r-release-windows-ix86+x86_64

Version: 1.2
Flags: --no-stop-on-test-error
Check: R code for possible problems
Result: NOTE
    estimateLSEparam: no visible global function definition for ‘lm’
    estimateMLEparam: no visible global function definition for ‘optim’
    getCCnlL: no visible global function definition for ‘dnorm’
    iterateScampi: no visible global function definition for ‘quantile’
    plot.scampi: no visible global function definition for ‘hist’
    plot.scampiVal: no visible global function definition for ‘par’
    plot.scampiVal: no visible global function definition for ‘hist’
    plot.scampiVal: no visible global function definition for ‘abline’
    plot.scampiVal: no visible global function definition for ‘qqnorm’
    plot.scampiVal: no visible global function definition for ‘qqline’
    sampleInitialVector: no visible global function definition for ‘runif’
    Undefined global functions or variables:
     abline dnorm hist lm optim par qqline qqnorm quantile runif
    Consider adding
     importFrom("graphics", "abline", "hist", "par")
     importFrom("stats", "dnorm", "lm", "optim", "qqline", "qqnorm",
     "quantile", "runif")
    to your NAMESPACE file.
Flavors: r-devel-linux-x86_64-fedora-clang, r-devel-linux-x86_64-fedora-gcc