CRAN Package Check Results for Package protiq

Last updated on 2015-07-01 13:47:28.

Flavor Version Tinstall Tcheck Ttotal Status Flags
r-devel-linux-x86_64-debian-clang 1.2 1.46 23.65 25.11 NOTE
r-devel-linux-x86_64-debian-gcc 1.2 1.44 23.07 24.51 NOTE
r-devel-linux-x86_64-fedora-clang 1.2 49.51 NOTE
r-devel-linux-x86_64-fedora-gcc 1.2 46.44 NOTE
r-devel-osx-x86_64-clang 1.2 48.18 OK
r-devel-windows-ix86+x86_64 1.2 8.00 58.00 66.00 NOTE
r-patched-linux-x86_64 1.2 1.46 23.39 24.86 OK
r-patched-solaris-sparc 1.2 325.90 OK
r-patched-solaris-x86 1.2 69.40 OK
r-release-linux-x86_64 1.2 1.44 23.63 25.07 OK
r-release-osx-x86_64-mavericks 1.2 OK
r-release-windows-ix86+x86_64 1.2 5.00 39.00 44.00 OK
r-oldrel-windows-ix86+x86_64 1.2 9.00 42.00 51.00 OK

Check Details

Version: 1.2
Check: R code for possible problems
Result: NOTE
    estimateLSEparam: no visible global function definition for ‘lm’
    estimateMLEparam: no visible global function definition for ‘optim’
    getCCnlL: no visible global function definition for ‘dnorm’
    iterateScampi: no visible global function definition for ‘quantile’
    plot.scampi: no visible global function definition for ‘hist’
    plot.scampiVal: no visible global function definition for ‘par’
    plot.scampiVal: no visible global function definition for ‘hist’
    plot.scampiVal: no visible global function definition for ‘abline’
    plot.scampiVal: no visible global function definition for ‘qqnorm’
    plot.scampiVal: no visible global function definition for ‘qqline’
    sampleInitialVector: no visible global function definition for ‘runif’
Flavors: r-devel-linux-x86_64-debian-clang, r-devel-linux-x86_64-debian-gcc, r-devel-linux-x86_64-fedora-clang, r-devel-linux-x86_64-fedora-gcc, r-devel-windows-ix86+x86_64