CRAN Package Check Results for Package protiq

Last updated on 2017-02-23 23:49:47.

Flavor Version Tinstall Tcheck Ttotal Status Flags
r-devel-linux-x86_64-debian-clang 1.2 1.80 26.70 28.50 NOTE
r-devel-linux-x86_64-debian-gcc 1.2 1.62 26.56 28.18 NOTE
r-devel-linux-x86_64-fedora-clang 1.2 56.90 NOTE --no-stop-on-test-error
r-devel-linux-x86_64-fedora-gcc 1.2 52.06 NOTE --no-stop-on-test-error
r-devel-macos-x86_64-clang 1.2 42.96 NOTE --no-stop-on-test-error
r-devel-windows-ix86+x86_64 1.2 7.00 108.00 115.00 NOTE
r-patched-linux-x86_64 1.2 1.44 23.80 25.23 NOTE
r-patched-solaris-sparc 1.2 291.90 NOTE
r-patched-solaris-x86 1.2 62.20 NOTE
r-release-linux-x86_64 1.2 1.40 23.29 24.68 NOTE
r-release-osx-x86_64-mavericks 1.2 NOTE
r-release-windows-ix86+x86_64 1.2 7.00 96.00 103.00 NOTE
r-oldrel-windows-ix86+x86_64 1.2 11.00 91.00 102.00 OK

Check Details

Version: 1.2
Check: R code for possible problems
Result: NOTE
    estimateLSEparam: no visible global function definition for ‘lm’
    estimateMLEparam: no visible global function definition for ‘optim’
    getCCnlL: no visible global function definition for ‘dnorm’
    iterateScampi: no visible global function definition for ‘quantile’
    plot.scampi: no visible global function definition for ‘hist’
    plot.scampiVal: no visible global function definition for ‘par’
    plot.scampiVal: no visible global function definition for ‘hist’
    plot.scampiVal: no visible global function definition for ‘abline’
    plot.scampiVal: no visible global function definition for ‘qqnorm’
    plot.scampiVal: no visible global function definition for ‘qqline’
    sampleInitialVector: no visible global function definition for ‘runif’
    Undefined global functions or variables:
     abline dnorm hist lm optim par qqline qqnorm quantile runif
    Consider adding
     importFrom("graphics", "abline", "hist", "par")
     importFrom("stats", "dnorm", "lm", "optim", "qqline", "qqnorm",
     "quantile", "runif")
    to your NAMESPACE file.
Flavors: r-devel-linux-x86_64-debian-clang, r-devel-linux-x86_64-debian-gcc, r-devel-windows-ix86+x86_64, r-patched-linux-x86_64, r-patched-solaris-sparc, r-patched-solaris-x86, r-release-linux-x86_64, r-release-osx-x86_64-mavericks, r-release-windows-ix86+x86_64

Version: 1.2
Flags: --no-stop-on-test-error
Check: R code for possible problems
Result: NOTE
    estimateLSEparam: no visible global function definition for ‘lm’
    estimateMLEparam: no visible global function definition for ‘optim’
    getCCnlL: no visible global function definition for ‘dnorm’
    iterateScampi: no visible global function definition for ‘quantile’
    plot.scampi: no visible global function definition for ‘hist’
    plot.scampiVal: no visible global function definition for ‘par’
    plot.scampiVal: no visible global function definition for ‘hist’
    plot.scampiVal: no visible global function definition for ‘abline’
    plot.scampiVal: no visible global function definition for ‘qqnorm’
    plot.scampiVal: no visible global function definition for ‘qqline’
    sampleInitialVector: no visible global function definition for ‘runif’
    Undefined global functions or variables:
     abline dnorm hist lm optim par qqline qqnorm quantile runif
    Consider adding
     importFrom("graphics", "abline", "hist", "par")
     importFrom("stats", "dnorm", "lm", "optim", "qqline", "qqnorm",
     "quantile", "runif")
    to your NAMESPACE file.
Flavors: r-devel-linux-x86_64-fedora-clang, r-devel-linux-x86_64-fedora-gcc, r-devel-macos-x86_64-clang