CRAN Package Check Results for Package protiq

Last updated on 2018-06-23 00:46:37 CEST.

Flavor Version Tinstall Tcheck Ttotal Status Flags
r-devel-linux-x86_64-debian-clang 1.2 3.22 44.95 48.17 NOTE
r-devel-linux-x86_64-debian-gcc 1.2 3.11 34.91 38.02 NOTE
r-devel-linux-x86_64-fedora-clang 1.2 59.85 NOTE
r-devel-linux-x86_64-fedora-gcc 1.2 55.22 NOTE
r-devel-windows-ix86+x86_64 1.2 10.00 82.00 92.00 NOTE
r-patched-linux-x86_64 1.2 4.03 41.69 45.72 NOTE
r-patched-solaris-x86 1.2 80.00 NOTE
r-release-linux-x86_64 1.2 4.28 41.17 45.45 NOTE
r-release-windows-ix86+x86_64 1.2 6.00 73.00 79.00 NOTE
r-release-osx-x86_64 1.2 NOTE
r-oldrel-windows-ix86+x86_64 1.2 7.00 81.00 88.00 NOTE
r-oldrel-osx-x86_64 1.2 NOTE

Check Details

Version: 1.2
Check: R code for possible problems
Result: NOTE
    estimateLSEparam: no visible global function definition for ‘lm’
    estimateMLEparam: no visible global function definition for ‘optim’
    getCCnlL: no visible global function definition for ‘dnorm’
    iterateScampi: no visible global function definition for ‘quantile’
    plot.scampi: no visible global function definition for ‘hist’
    plot.scampiVal: no visible global function definition for ‘par’
    plot.scampiVal: no visible global function definition for ‘hist’
    plot.scampiVal: no visible global function definition for ‘abline’
    plot.scampiVal: no visible global function definition for ‘qqnorm’
    plot.scampiVal: no visible global function definition for ‘qqline’
    sampleInitialVector: no visible global function definition for ‘runif’
    Undefined global functions or variables:
     abline dnorm hist lm optim par qqline qqnorm quantile runif
    Consider adding
     importFrom("graphics", "abline", "hist", "par")
     importFrom("stats", "dnorm", "lm", "optim", "qqline", "qqnorm",
     "quantile", "runif")
    to your NAMESPACE file.
Flavors: r-devel-linux-x86_64-debian-clang, r-devel-linux-x86_64-debian-gcc, r-devel-linux-x86_64-fedora-clang, r-devel-linux-x86_64-fedora-gcc, r-devel-windows-ix86+x86_64, r-patched-linux-x86_64, r-patched-solaris-x86, r-release-linux-x86_64, r-release-windows-ix86+x86_64, r-release-osx-x86_64, r-oldrel-windows-ix86+x86_64, r-oldrel-osx-x86_64