CRAN Package Check Results for Package proto

Last updated on 2014-07-23 08:49:53.

Flavor Version Tinstall Tcheck Ttotal Status Flags
r-devel-linux-x86_64-debian-clang 0.3-10 0.64 14.16 14.80 OK
r-devel-linux-x86_64-debian-gcc 0.3-10 0.60 14.27 14.87 OK
r-devel-linux-x86_64-fedora-clang 0.3-10 39.24 NOTE
r-devel-linux-x86_64-fedora-gcc 0.3-10 37.87 NOTE
r-devel-osx-x86_64-clang 0.3-10 43.65 OK
r-devel-windows-ix86+x86_64 0.3-10 3.00 23.00 26.00 OK
r-patched-linux-x86_64 0.3-10 0.66 14.09 14.75 OK
r-patched-solaris-sparc 0.3-10 176.90 OK
r-patched-solaris-x86 0.3-10 55.10 OK
r-release-linux-ix86 0.3-10 0.98 24.41 25.40 OK
r-release-linux-x86_64 0.3-10 0.94 14.61 15.55 OK
r-release-osx-x86_64-mavericks 0.3-10 NOTE
r-release-windows-ix86+x86_64 0.3-10 4.00 22.00 26.00 OK
r-oldrel-windows-ix86+x86_64 0.3-10 3.00 43.00 46.00 OK

Check Details

Version: 0.3-10
Check: top-level files
Result: NOTE
    Non-standard files/directories found at top level:
     ‘COPYRIGHTS’ ‘README.debian’
    Copyright information should be in file inst/COPYRIGHTS
Flavors: r-devel-linux-x86_64-fedora-clang, r-devel-linux-x86_64-fedora-gcc

Version: 0.3-10
Check: package dependencies
Result: NOTE
    Packages suggested but not available for checking: ‘graph’ ‘Rgraphviz’
Flavor: r-release-osx-x86_64-mavericks

Version: 0.3-10
Check: R code for possible problems
Result: NOTE
    graph.proto : addNode.: no visible global function definition for
     ‘nodes’
    graph.proto : addNode.: no visible global function definition for
     ‘addNode’
    graph.proto : addEdge.: no visible global function definition for
     ‘addEdge’
Flavor: r-release-osx-x86_64-mavericks

Version: 0.3-10
Check: re-building of vignette outputs
Result: NOTE
    Error in re-building vignettes:
     ...
    Error in texi2dvi(file = file, pdf = TRUE, clean = clean, quiet = quiet, :
     Running 'texi2dvi' on 'proto.tex' failed.
    LaTeX errors:
    ! LaTeX Error: File `a4wide.sty' not found.
    
    Type X to quit or <RETURN> to proceed,
    or enter new name. (Default extension: sty)
    
    ./Z.cls:16: ==> Fatal error occurred, no output PDF file produced!
    Calls: buildVignettes -> texi2pdf -> texi2dvi
    Execution halted
Flavor: r-release-osx-x86_64-mavericks