CRAN Package Check Results for Package proto

Last updated on 2015-04-25 03:47:49.

Flavor Version Tinstall Tcheck Ttotal Status Flags
r-devel-linux-x86_64-debian-clang 0.3-10 0.79 15.15 15.94 NOTE
r-devel-linux-x86_64-debian-gcc 0.3-10 0.81 14.75 15.56 NOTE
r-devel-linux-x86_64-fedora-clang 0.3-10 31.91 NOTE
r-devel-linux-x86_64-fedora-gcc 0.3-10 30.37 NOTE
r-devel-osx-x86_64-clang 0.3-10 43.36 NOTE
r-devel-windows-ix86+x86_64 0.3-10 2.00 24.00 26.00 NOTE
r-patched-linux-x86_64 0.3-10 0.80 14.94 15.74 NOTE
r-patched-solaris-sparc 0.3-10 241.40 NOTE
r-patched-solaris-x86 0.3-10 40.90 NOTE
r-release-linux-x86_64 0.3-10 0.66 14.84 15.50 NOTE
r-release-osx-x86_64-mavericks 0.3-10 NOTE
r-release-osx-x86_64-snowleopard 0.3-10 NOTE
r-release-windows-ix86+x86_64 0.3-10 2.00 25.00 27.00 NOTE
r-oldrel-windows-ix86+x86_64 0.3-10 5.00 25.00 30.00 NOTE

Check Details

Version: 0.3-10
Check: dependencies in R code
Result: NOTE
    'library' or 'require' calls in package code:
     'Rgraphviz' 'graph'
     Please use :: or requireNamespace() instead.
     See section 'Suggested packages' in the 'Writing R Extensions' manual.
Flavors: r-devel-windows-ix86+x86_64, r-patched-linux-x86_64, r-release-windows-ix86+x86_64, r-oldrel-windows-ix86+x86_64

Version: 0.3-10
Check: R code for possible problems
Result: NOTE
    graph.proto : addNode.: no visible global function definition for
     'nodes'
    graph.proto : addNode.: no visible global function definition for
     'addNode'
    graph.proto : addEdge.: no visible global function definition for
     'addEdge'
Flavors: r-devel-windows-ix86+x86_64, r-patched-linux-x86_64, r-release-windows-ix86+x86_64, r-oldrel-windows-ix86+x86_64

Version: 0.3-10
Check: top-level files
Result: NOTE
    Non-standard files/directories found at top level:
     ‘COPYRIGHTS’ ‘README.debian’
    Copyright information should be in file inst/COPYRIGHTS
Flavor: r-patched-linux-x86_64

Version: 0.3-10
Check: S3 generic/method consistency
Result: NOTE
    Found the following apparent S3 methods exported but not registered:
     as.proto.environment as.proto.list as.proto.proto
     print.instantiatedProtoMethod str.proto
    See section ‘Registering S3 methods’ in the ‘Writing R Extensions’
    manual.
Flavor: r-patched-linux-x86_64