CRAN Package Check Results for Package proto

Last updated on 2014-04-17 02:47:51.

Flavor Version Tinstall Tcheck Ttotal Status Flags
r-devel-linux-x86_64-debian-clang 0.3-10 1.05 14.98 16.03 OK
r-devel-linux-x86_64-debian-gcc 0.3-10 0.69 14.94 15.62 OK
r-devel-linux-x86_64-fedora-clang 0.3-10 39.34 NOTE
r-devel-linux-x86_64-fedora-gcc 0.3-10 38.46 NOTE
r-devel-macosx-x86_64-clang 0.3-10 43.31 OK
r-devel-macosx-x86_64-gcc 0.3-10 NOTE
r-devel-windows-ix86+x86_64 0.3-10 3.00 23.00 26.00 OK
r-patched-linux-x86_64 0.3-10 0.72 15.06 15.78 OK
r-patched-solaris-sparc 0.3-10 176.90 OK
r-patched-solaris-x86 0.3-10 45.70 OK
r-release-linux-ix86 0.3-10 2.00 34.00 36.00 OK
r-release-linux-x86_64 0.3-10 0.92 15.02 15.94 OK
r-release-windows-ix86+x86_64 0.3-10 5.00 29.00 34.00 OK
r-oldrel-windows-ix86+x86_64 0.3-10 3.00 43.00 46.00 OK

Check Details

Version: 0.3-10
Check: top-level files
Result: NOTE
    Non-standard files/directories found at top level:
     ‘COPYRIGHTS’ ‘README.debian’
    Copyright information should be in file inst/COPYRIGHTS
Flavors: r-devel-linux-x86_64-fedora-clang, r-devel-linux-x86_64-fedora-gcc

Version: 0.3-10
Check: package dependencies
Result: NOTE
    Packages suggested but not available for checking: ‘graph’ ‘Rgraphviz’
Flavor: r-devel-macosx-x86_64-gcc

Version: 0.3-10
Check: R code for possible problems
Result: NOTE
    graph.proto : addNode.: no visible global function definition for
     ‘nodes’
    graph.proto : addNode.: no visible global function definition for
     ‘addNode’
    graph.proto : addEdge.: no visible global function definition for
     ‘addEdge’
Flavor: r-devel-macosx-x86_64-gcc