CRAN Package Check Results for Package protoclass

Last updated on 2015-03-02 19:52:23.

Flavor Version Tinstall Tcheck Ttotal Status Flags
r-devel-linux-x86_64-debian-clang 1.0 0.66 9.42 10.08 NOTE
r-devel-linux-x86_64-debian-gcc 1.0 0.53 8.82 9.35 NOTE
r-devel-linux-x86_64-fedora-clang 1.0 18.35 NOTE
r-devel-linux-x86_64-fedora-gcc 1.0 17.92 NOTE
r-devel-osx-x86_64-clang 1.0 22.06 NOTE
r-devel-windows-ix86+x86_64 1.0 5.00 23.00 28.00 NOTE
r-patched-linux-x86_64 1.0 0.65 10.08 10.73 NOTE
r-patched-solaris-sparc 1.0 137.20 NOTE
r-patched-solaris-x86 1.0 30.90 NOTE
r-release-linux-ix86 1.0 0.91 17.42 18.34 NOTE
r-release-linux-x86_64 1.0 0.63 10.18 10.81 NOTE
r-release-osx-x86_64-mavericks 1.0 NOTE
r-release-windows-ix86+x86_64 1.0 5.00 21.00 26.00 NOTE
r-oldrel-windows-ix86+x86_64 1.0 3.00 20.00 23.00 NOTE

Check Details

Version: 1.0
Check: DESCRIPTION meta-information
Result: NOTE
    Malformed Description field: should contain one or more complete sentences.
Flavors: r-devel-linux-x86_64-debian-clang, r-devel-linux-x86_64-debian-gcc, r-devel-linux-x86_64-fedora-clang, r-devel-linux-x86_64-fedora-gcc, r-devel-osx-x86_64-clang, r-devel-windows-ix86+x86_64

Version: 1.0
Check: dependencies in R code
Result: NOTE
    'library' or 'require' call to ‘class’ which was already attached by Depends.
     Please remove these calls from your code.
    Package in Depends field not imported from: ‘class’
     These packages need to be imported from (in the NAMESPACE file)
     for when this namespace is loaded but not attached.
Flavors: r-devel-linux-x86_64-debian-clang, r-devel-linux-x86_64-debian-gcc, r-devel-linux-x86_64-fedora-clang, r-devel-linux-x86_64-fedora-gcc, r-devel-osx-x86_64-clang, r-devel-windows-ix86+x86_64, r-patched-linux-x86_64, r-patched-solaris-x86

Version: 1.0
Check: R code for possible problems
Result: NOTE
    predict.protoclass: no visible global function definition for ‘knn1’
Flavors: r-devel-linux-x86_64-debian-clang, r-devel-linux-x86_64-debian-gcc, r-devel-linux-x86_64-fedora-clang, r-devel-linux-x86_64-fedora-gcc, r-devel-osx-x86_64-clang, r-devel-windows-ix86+x86_64, r-patched-linux-x86_64, r-patched-solaris-sparc, r-patched-solaris-x86, r-release-linux-ix86, r-release-linux-x86_64, r-release-osx-x86_64-mavericks, r-release-windows-ix86+x86_64

Version: 1.0
Check: dependencies in R code
Result: NOTE
    'library' or 'require' call to ‘class’ which was already attached by Depends.
     Please remove these calls from your code.
    Package in Depends field not imported from: ‘class’
     These packages need to be imported from (in the NAMESPACE file)
     for when this namespace is loaded but not attached.
    See the information on DESCRIPTION files in the chapter ‘Creating R
    packages’ of the ‘Writing R Extensions’ manual.
Flavors: r-patched-solaris-sparc, r-release-linux-ix86, r-release-linux-x86_64, r-release-osx-x86_64-mavericks, r-release-windows-ix86+x86_64, r-oldrel-windows-ix86+x86_64