CRAN Package Check Results for Package protoclass

Last updated on 2014-10-02 17:48:19.

Flavor Version Tinstall Tcheck Ttotal Status Flags
r-devel-linux-x86_64-debian-clang 1.0 0.66 9.76 10.42 NOTE
r-devel-linux-x86_64-debian-gcc 1.0 0.62 9.65 10.27 NOTE
r-devel-linux-x86_64-fedora-clang 1.0 20.69 NOTE
r-devel-linux-x86_64-fedora-gcc 1.0 19.22 NOTE
r-devel-osx-x86_64-clang 1.0 22.63 NOTE
r-devel-windows-ix86+x86_64 1.0 2.00 17.00 19.00 NOTE
r-patched-linux-x86_64 1.0 0.82 10.15 10.97 NOTE
r-patched-solaris-sparc 1.0 114.30 NOTE
r-patched-solaris-x86 1.0 30.90 NOTE
r-release-linux-ix86 1.0 0.88 15.90 16.78 NOTE
r-release-linux-x86_64 1.0 0.61 10.40 11.01 NOTE
r-release-osx-x86_64-mavericks 1.0 NOTE
r-release-windows-ix86+x86_64 1.0 3.00 17.00 20.00 NOTE
r-oldrel-windows-ix86+x86_64 1.0 3.00 19.00 22.00 NOTE

Check Details

Version: 1.0
Check: dependencies in R code
Result: NOTE
    'library' or 'require' call to ‘class’ which was already attached by Depends.
     Please remove these calls from your code.
    Package in Depends field not imported from: ‘class’
     These packages need to be imported from (in the NAMESPACE file)
     for when this namespace is loaded but not attached.
    See the information on DESCRIPTION files in the chapter ‘Creating R
    packages’ of the ‘Writing R Extensions’ manual.
Flavors: r-devel-linux-x86_64-debian-clang, r-devel-linux-x86_64-debian-gcc, r-devel-linux-x86_64-fedora-clang, r-devel-linux-x86_64-fedora-gcc, r-devel-osx-x86_64-clang, r-devel-windows-ix86+x86_64, r-patched-linux-x86_64, r-patched-solaris-sparc, r-patched-solaris-x86, r-release-linux-ix86, r-release-linux-x86_64, r-release-osx-x86_64-mavericks, r-release-windows-ix86+x86_64, r-oldrel-windows-ix86+x86_64

Version: 1.0
Check: R code for possible problems
Result: NOTE
    predict.protoclass: no visible global function definition for ‘knn1’
Flavors: r-devel-linux-x86_64-debian-clang, r-devel-linux-x86_64-debian-gcc, r-devel-linux-x86_64-fedora-clang, r-devel-linux-x86_64-fedora-gcc, r-devel-osx-x86_64-clang, r-devel-windows-ix86+x86_64