CRAN Package Check Results for Package protoclass

Last updated on 2016-06-29 12:47:07.

Flavor Version Tinstall Tcheck Ttotal Status Flags
r-devel-linux-x86_64-debian-gcc 1.0 0.69 9.75 10.45 NOTE
r-devel-linux-x86_64-fedora-clang 1.0 15.53 NOTE
r-devel-linux-x86_64-fedora-gcc 1.0 14.38 NOTE
r-devel-osx-x86_64-clang 1.0 14.75 NOTE
r-devel-windows-ix86+x86_64 1.0 2.00 25.00 27.00 NOTE
r-patched-linux-x86_64 1.0 0.56 9.69 10.25 NOTE
r-patched-solaris-sparc 1.0 105.30 NOTE
r-patched-solaris-x86 1.0 24.40 NOTE
r-release-linux-x86_64 1.0 0.57 8.81 9.38 NOTE
r-release-osx-x86_64-mavericks 1.0 NOTE
r-release-windows-ix86+x86_64 1.0 4.00 214.00 218.00 NOTE
r-oldrel-windows-ix86+x86_64 1.0 3.00 23.00 26.00 NOTE

Check Details

Version: 1.0
Check: DESCRIPTION meta-information
Result: NOTE
    Malformed Description field: should contain one or more complete sentences.
Flavors: r-devel-linux-x86_64-debian-gcc, r-devel-linux-x86_64-fedora-clang, r-devel-linux-x86_64-fedora-gcc, r-devel-osx-x86_64-clang, r-devel-windows-ix86+x86_64, r-patched-linux-x86_64, r-patched-solaris-sparc, r-patched-solaris-x86, r-release-linux-x86_64, r-release-osx-x86_64-mavericks, r-release-windows-ix86+x86_64, r-oldrel-windows-ix86+x86_64

Version: 1.0
Check: dependencies in R code
Result: NOTE
    'library' or 'require' call to ‘class’ which was already attached by Depends.
     Please remove these calls from your code.
    Package in Depends field not imported from: ‘class’
     These packages need to be imported from (in the NAMESPACE file)
     for when this namespace is loaded but not attached.
Flavors: r-devel-linux-x86_64-debian-gcc, r-devel-linux-x86_64-fedora-clang, r-devel-linux-x86_64-fedora-gcc, r-devel-osx-x86_64-clang, r-devel-windows-ix86+x86_64, r-patched-linux-x86_64, r-patched-solaris-sparc, r-patched-solaris-x86, r-release-linux-x86_64, r-release-osx-x86_64-mavericks, r-release-windows-ix86+x86_64, r-oldrel-windows-ix86+x86_64

Version: 1.0
Check: R code for possible problems
Result: NOTE
    addcircle: no visible global function definition for ‘lines’
    addclassifierboundary: no visible global function definition for ‘par’
    addclassifierboundary: no visible global function definition for
     ‘contour’
    plot.protoclass: no visible global function definition for ‘plot’
    plot.protoclass: no visible global function definition for ‘box’
    plot.protoclass: no visible global function definition for ‘rgb2hsv’
    plot.protoclass: no visible global function definition for ‘col2rgb’
    plot.protoclass: no visible global function definition for ‘points’
    plot.protoclass: no visible global function definition for ‘hsv’
    predict.protoclass: no visible global function definition for ‘knn1’
    Undefined global functions or variables:
     box col2rgb contour hsv knn1 lines par plot points rgb2hsv
    Consider adding
     importFrom("grDevices", "col2rgb", "hsv", "rgb2hsv")
     importFrom("graphics", "box", "contour", "lines", "par", "plot",
     "points")
    to your NAMESPACE file.
Flavors: r-devel-linux-x86_64-debian-gcc, r-devel-linux-x86_64-fedora-clang, r-devel-linux-x86_64-fedora-gcc, r-devel-osx-x86_64-clang, r-devel-windows-ix86+x86_64, r-patched-linux-x86_64, r-patched-solaris-sparc, r-patched-solaris-x86, r-release-linux-x86_64, r-release-osx-x86_64-mavericks, r-release-windows-ix86+x86_64

Version: 1.0
Check: R code for possible problems
Result: NOTE
    predict.protoclass: no visible global function definition for 'knn1'
Flavor: r-oldrel-windows-ix86+x86_64