CRAN Package Check Results for Package protoclass

Last updated on 2014-04-24 11:48:52.

Flavor Version Tinstall Tcheck Ttotal Status Flags
r-devel-linux-x86_64-debian-clang 1.0 0.63 10.24 10.87 NOTE
r-devel-linux-x86_64-debian-gcc 1.0 0.61 10.10 10.71 NOTE
r-devel-linux-x86_64-fedora-clang 1.0 21.03 NOTE
r-devel-linux-x86_64-fedora-gcc 1.0 20.36 NOTE
r-devel-osx-x86_64-clang 1.0 24.52 NOTE
r-devel-osx-x86_64-gcc 1.0 NOTE
r-devel-windows-ix86+x86_64 1.0 2.00 17.00 19.00 NOTE
r-patched-linux-x86_64 1.0 0.62 10.02 10.63 NOTE
r-patched-solaris-sparc 1.0 117.50 NOTE
r-patched-solaris-x86 1.0 30.00 NOTE
r-release-linux-ix86 1.0 1.00 23.00 24.00 NOTE
r-release-linux-x86_64 1.0 0.61 10.27 10.88 NOTE
r-release-osx-x86_64-mavericks 1.0 NOTE
r-release-windows-ix86+x86_64 1.0 2.00 17.00 19.00 NOTE
r-oldrel-windows-ix86+x86_64 1.0 2.00 18.00 20.00 NOTE

Check Details

Version: 1.0
Check: dependencies in R code
Result: NOTE
    'library' or 'require' call to ‘class’ which was already attached by Depends.
     Please remove these calls from your code.
    Package in Depends field not imported from: ‘class’
     These packages need to be imported from (in the NAMESPACE file)
     for when this namespace is loaded but not attached.
    See the information on DESCRIPTION files in the chapter ‘Creating R
    packages’ of the ‘Writing R Extensions’ manual.
Flavors: r-devel-linux-x86_64-debian-clang, r-devel-linux-x86_64-debian-gcc, r-devel-linux-x86_64-fedora-clang, r-devel-linux-x86_64-fedora-gcc, r-devel-osx-x86_64-clang, r-devel-osx-x86_64-gcc, r-devel-windows-ix86+x86_64, r-patched-linux-x86_64, r-patched-solaris-sparc, r-patched-solaris-x86, r-release-linux-ix86, r-release-linux-x86_64, r-release-osx-x86_64-mavericks, r-release-windows-ix86+x86_64, r-oldrel-windows-ix86+x86_64