CRAN Package Check Results for Package protoclust

Last updated on 2016-05-29 03:48:29.

Flavor Version Tinstall Tcheck Ttotal Status Flags
r-devel-linux-x86_64-debian-gcc 1.5 1.02 8.69 9.71 NOTE
r-devel-linux-x86_64-fedora-clang 1.5 16.04 NOTE
r-devel-linux-x86_64-fedora-gcc 1.5 14.71 NOTE
r-devel-osx-x86_64-clang 1.5 19.53 NOTE
r-devel-windows-ix86+x86_64 1.5 6.00 26.00 32.00 NOTE
r-patched-linux-x86_64 1.5 1.02 8.52 9.54 NOTE
r-patched-solaris-sparc 1.5 103.20 NOTE
r-patched-solaris-x86 1.5 25.20 NOTE
r-release-linux-x86_64 1.5 1.02 8.53 9.55 NOTE
r-release-osx-x86_64-mavericks 1.5 NOTE
r-release-windows-ix86+x86_64 1.5 6.00 33.00 39.00 NOTE
r-oldrel-windows-ix86+x86_64 1.5 7.00 19.00 26.00 OK

Check Details

Version: 1.5
Check: R code for possible problems
Result: NOTE
    plotwithprototypes: no visible global function definition for ‘plot’
    plotwithprototypes: no visible global function definition for
     ‘strwidth’
    plotwithprototypes: no visible global function definition for
     ‘strheight’
    plotwithprototypes: no visible global function definition for ‘rect’
    plotwithprototypes: no visible global function definition for ‘text’
    protoclust: no visible global function definition for ‘as.dist’
    protocut: no visible global function definition for ‘cutree’
    Undefined global functions or variables:
     as.dist cutree plot rect strheight strwidth text
    Consider adding
     importFrom("graphics", "plot", "rect", "strheight", "strwidth", "text")
     importFrom("stats", "as.dist", "cutree")
    to your NAMESPACE file.
Flavors: r-devel-linux-x86_64-debian-gcc, r-devel-linux-x86_64-fedora-clang, r-devel-linux-x86_64-fedora-gcc, r-devel-osx-x86_64-clang, r-devel-windows-ix86+x86_64, r-patched-linux-x86_64, r-patched-solaris-sparc, r-patched-solaris-x86, r-release-linux-x86_64, r-release-osx-x86_64-mavericks, r-release-windows-ix86+x86_64