CRAN Package Check Results for Package protoclust

Last updated on 2015-08-28 17:49:32.

Flavor Version Tinstall Tcheck Ttotal Status Flags
r-devel-linux-x86_64-debian-clang 1.5 0.87 8.08 8.95 NOTE
r-devel-linux-x86_64-debian-gcc 1.5 0.92 8.04 8.97 NOTE
r-devel-linux-x86_64-fedora-clang 1.5 16.90 NOTE
r-devel-linux-x86_64-fedora-gcc 1.5 16.27 NOTE
r-devel-osx-x86_64-clang 1.5 18.97 OK
r-devel-windows-ix86+x86_64 1.5 13.00 22.00 35.00 NOTE
r-patched-linux-x86_64 1.5 1.00 8.43 9.43 OK
r-patched-solaris-sparc 1.5 118.80 OK
r-patched-solaris-x86 1.5 28.40 OK
r-release-linux-x86_64 1.5 1.01 8.53 9.54 OK
r-release-osx-x86_64-mavericks 1.5 OK
r-release-windows-ix86+x86_64 1.5 11.00 20.00 31.00 OK
r-oldrel-windows-ix86+x86_64 1.5 8.00 21.00 29.00 OK

Check Details

Version: 1.5
Check: R code for possible problems
Result: NOTE
    plotwithprototypes: no visible global function definition for ‘plot’
    plotwithprototypes: no visible global function definition for
     ‘strwidth’
    plotwithprototypes: no visible global function definition for
     ‘strheight’
    plotwithprototypes: no visible global function definition for ‘rect’
    plotwithprototypes: no visible global function definition for ‘text’
    protoclust: no visible global function definition for ‘as.dist’
    protocut: no visible global function definition for ‘cutree’
    Undefined global functions or variables:
     as.dist cutree plot rect strheight strwidth text
    Consider adding
     importFrom("graphics", "plot", "rect", "strheight", "strwidth", "text")
     importFrom("stats", "as.dist", "cutree")
    to your NAMESPACE.
Flavors: r-devel-linux-x86_64-debian-clang, r-devel-linux-x86_64-debian-gcc, r-devel-linux-x86_64-fedora-clang, r-devel-linux-x86_64-fedora-gcc, r-devel-windows-ix86+x86_64