CRAN Package Check Results for Package protoclust

Last updated on 2014-04-23 07:55:05.

Flavor Version Tinstall Tcheck Ttotal Status Flags
r-devel-linux-x86_64-debian-clang 1.3 0.94 9.45 10.39 NOTE
r-devel-linux-x86_64-debian-gcc 1.3 1.00 9.26 10.26 NOTE
r-devel-linux-x86_64-fedora-clang 1.3 20.28 NOTE
r-devel-linux-x86_64-fedora-gcc 1.3 18.85 NOTE
r-devel-osx-x86_64-clang 1.3 25.06 NOTE
r-devel-osx-x86_64-gcc 1.3 NOTE
r-devel-windows-ix86+x86_64 1.3 6.00 20.00 26.00 NOTE
r-patched-linux-x86_64 1.3 1.02 9.28 10.30 NOTE
r-patched-solaris-sparc 1.3 114.80 NOTE
r-patched-solaris-x86 1.3 30.50 NOTE
r-release-linux-ix86 1.3 2.00 21.00 23.00 NOTE
r-release-linux-x86_64 1.3 1.02 9.38 10.40 NOTE
r-release-osx-x86_64-mavericks 1.3 NOTE
r-release-windows-ix86+x86_64 1.3 11.00 22.00 33.00 NOTE
r-oldrel-windows-ix86+x86_64 1.3 7.00 34.00 41.00 NOTE

Memtest notes: valgrind

Check Details

Version: 1.3
Check: dependencies in R code
Result: NOTE
    Unexported object imported by a ':::' call: ‘stats:::plot.hclust’
     See the note in ?`:::` about the use of this operator.
    See the information on DESCRIPTION files in the chapter ‘Creating R
    packages’ of the ‘Writing R Extensions’ manual.
Flavors: r-devel-linux-x86_64-debian-clang, r-devel-linux-x86_64-debian-gcc, r-devel-linux-x86_64-fedora-clang, r-devel-linux-x86_64-fedora-gcc, r-devel-osx-x86_64-clang, r-devel-osx-x86_64-gcc, r-devel-windows-ix86+x86_64, r-patched-linux-x86_64, r-patched-solaris-sparc, r-patched-solaris-x86, r-release-linux-ix86, r-release-linux-x86_64, r-release-osx-x86_64-mavericks, r-release-windows-ix86+x86_64, r-oldrel-windows-ix86+x86_64