CRAN Package Check Results for Package protoclust

Last updated on 2017-01-18 10:48:47.

Flavor Version Tinstall Tcheck Ttotal Status Flags
r-devel-linux-x86_64-debian-clang 1.5 1.14 10.65 11.79 NOTE
r-devel-linux-x86_64-debian-gcc 1.5 1.06 10.38 11.44 NOTE
r-devel-linux-x86_64-fedora-clang 1.5 18.92 NOTE --no-stop-on-test-error
r-devel-linux-x86_64-fedora-gcc 1.5 18.30 NOTE --no-stop-on-test-error
r-devel-macos-x86_64-clang 1.5 17.23 NOTE --no-stop-on-test-error
r-devel-windows-ix86+x86_64 1.5 9.00 42.00 51.00 NOTE
r-patched-linux-x86_64 1.5 1.12 8.89 10.01 NOTE
r-patched-solaris-sparc 1.5 106.00 NOTE
r-patched-solaris-x86 1.5 24.60 NOTE
r-release-linux-x86_64 1.5 1.02 8.80 9.82 NOTE
r-release-osx-x86_64-mavericks 1.5 NOTE
r-release-windows-ix86+x86_64 1.5 6.00 26.00 32.00 NOTE
r-oldrel-windows-ix86+x86_64 1.5 6.00 23.00 29.00 OK

Check Details

Version: 1.5
Check: R code for possible problems
Result: NOTE
    plotwithprototypes: no visible global function definition for ‘plot’
    plotwithprototypes: no visible global function definition for
     ‘strwidth’
    plotwithprototypes: no visible global function definition for
     ‘strheight’
    plotwithprototypes: no visible global function definition for ‘rect’
    plotwithprototypes: no visible global function definition for ‘text’
    protoclust: no visible global function definition for ‘as.dist’
    protocut: no visible global function definition for ‘cutree’
    Undefined global functions or variables:
     as.dist cutree plot rect strheight strwidth text
    Consider adding
     importFrom("graphics", "plot", "rect", "strheight", "strwidth", "text")
     importFrom("stats", "as.dist", "cutree")
    to your NAMESPACE file.
Flavors: r-devel-linux-x86_64-debian-clang, r-devel-linux-x86_64-debian-gcc, r-devel-windows-ix86+x86_64, r-patched-linux-x86_64, r-patched-solaris-sparc, r-patched-solaris-x86, r-release-linux-x86_64, r-release-osx-x86_64-mavericks, r-release-windows-ix86+x86_64

Version: 1.5
Flags: --no-stop-on-test-error
Check: R code for possible problems
Result: NOTE
    plotwithprototypes: no visible global function definition for ‘plot’
    plotwithprototypes: no visible global function definition for
     ‘strwidth’
    plotwithprototypes: no visible global function definition for
     ‘strheight’
    plotwithprototypes: no visible global function definition for ‘rect’
    plotwithprototypes: no visible global function definition for ‘text’
    protoclust: no visible global function definition for ‘as.dist’
    protocut: no visible global function definition for ‘cutree’
    Undefined global functions or variables:
     as.dist cutree plot rect strheight strwidth text
    Consider adding
     importFrom("graphics", "plot", "rect", "strheight", "strwidth", "text")
     importFrom("stats", "as.dist", "cutree")
    to your NAMESPACE file.
Flavors: r-devel-linux-x86_64-fedora-clang, r-devel-linux-x86_64-fedora-gcc, r-devel-macos-x86_64-clang