CRAN Package Check Results for Package protoclust

Last updated on 2017-03-27 06:48:28.

Flavor Version Tinstall Tcheck Ttotal Status Flags
r-devel-linux-x86_64-debian-clang 1.5 1.21 11.01 12.23 NOTE
r-devel-linux-x86_64-debian-gcc 1.5 1.18 10.53 11.71 NOTE
r-devel-linux-x86_64-fedora-clang 1.5 19.20 NOTE --no-stop-on-test-error
r-devel-linux-x86_64-fedora-gcc 1.5 18.22 NOTE --no-stop-on-test-error
r-devel-macos-x86_64-clang 1.5 17.52 NOTE --no-stop-on-test-error
r-devel-windows-ix86+x86_64 1.5 6.00 30.00 36.00 NOTE
r-patched-linux-x86_64 1.5 1.13 10.67 11.79 NOTE
r-patched-solaris-sparc 1.5 117.30 NOTE
r-patched-solaris-x86 1.5 28.30 NOTE
r-release-linux-x86_64 1.5 0.98 8.57 9.55 NOTE
r-release-osx-x86_64-mavericks 1.5 NOTE
r-release-windows-ix86+x86_64 1.5 6.00 26.00 32.00 NOTE
r-oldrel-windows-ix86+x86_64 1.5 6.00 23.00 29.00 OK

Check Details

Version: 1.5
Check: R code for possible problems
Result: NOTE
    plotwithprototypes: no visible global function definition for ‘plot’
    plotwithprototypes: no visible global function definition for
     ‘strwidth’
    plotwithprototypes: no visible global function definition for
     ‘strheight’
    plotwithprototypes: no visible global function definition for ‘rect’
    plotwithprototypes: no visible global function definition for ‘text’
    protoclust: no visible global function definition for ‘as.dist’
    protocut: no visible global function definition for ‘cutree’
    Undefined global functions or variables:
     as.dist cutree plot rect strheight strwidth text
    Consider adding
     importFrom("graphics", "plot", "rect", "strheight", "strwidth", "text")
     importFrom("stats", "as.dist", "cutree")
    to your NAMESPACE file.
Flavors: r-devel-linux-x86_64-debian-clang, r-devel-linux-x86_64-debian-gcc, r-devel-windows-ix86+x86_64, r-patched-linux-x86_64, r-patched-solaris-sparc, r-patched-solaris-x86, r-release-linux-x86_64, r-release-osx-x86_64-mavericks, r-release-windows-ix86+x86_64

Version: 1.5
Check: compiled code
Result: NOTE
    File ‘protoclust/libs/protoclust.so’:
     Found no calls to: ‘R_registerRoutines’, ‘R_useDynamicSymbols’
    
    It is good practice to register native routines and to disable symbol
    search.
    
    See ‘Writing portable packages’ in the ‘Writing R Extensions’ manual.
Flavors: r-devel-linux-x86_64-debian-clang, r-devel-linux-x86_64-debian-gcc, r-patched-linux-x86_64

Version: 1.5
Flags: --no-stop-on-test-error
Check: R code for possible problems
Result: NOTE
    plotwithprototypes: no visible global function definition for ‘plot’
    plotwithprototypes: no visible global function definition for
     ‘strwidth’
    plotwithprototypes: no visible global function definition for
     ‘strheight’
    plotwithprototypes: no visible global function definition for ‘rect’
    plotwithprototypes: no visible global function definition for ‘text’
    protoclust: no visible global function definition for ‘as.dist’
    protocut: no visible global function definition for ‘cutree’
    Undefined global functions or variables:
     as.dist cutree plot rect strheight strwidth text
    Consider adding
     importFrom("graphics", "plot", "rect", "strheight", "strwidth", "text")
     importFrom("stats", "as.dist", "cutree")
    to your NAMESPACE file.
Flavors: r-devel-linux-x86_64-fedora-clang, r-devel-linux-x86_64-fedora-gcc, r-devel-macos-x86_64-clang

Version: 1.5
Flags: --no-stop-on-test-error
Check: compiled code
Result: NOTE
    File ‘protoclust/libs/protoclust.so’:
     Found no calls to: ‘R_registerRoutines’, ‘R_useDynamicSymbols’
    
    It is good practice to register native routines and to disable symbol
    search.
    
    See ‘Writing portable packages’ in the ‘Writing R Extensions’ manual.
Flavors: r-devel-linux-x86_64-fedora-clang, r-devel-linux-x86_64-fedora-gcc, r-devel-macos-x86_64-clang