CRAN Package Check Results for Package protr

Last updated on 2018-10-20 10:48:54 CEST.

Flavor Version Tinstall Tcheck Ttotal Status Flags
r-devel-linux-x86_64-debian-clang 1.5-1 23.42 105.65 129.07 OK
r-devel-linux-x86_64-debian-gcc 1.5-1 22.06 80.13 102.19 OK
r-devel-linux-x86_64-fedora-clang 1.5-1 142.11 OK
r-devel-linux-x86_64-fedora-gcc 1.5-1 124.84 OK
r-devel-windows-ix86+x86_64 1.5-1 35.00 128.00 163.00 OK
r-patched-linux-x86_64 1.5-1 17.77 99.74 117.51 OK
r-patched-solaris-x86 1.5-1 179.40 OK
r-release-linux-x86_64 1.5-1 17.01 99.57 116.58 OK
r-release-windows-ix86+x86_64 1.5-1 35.00 120.00 155.00 OK
r-release-osx-x86_64 1.5-1 OK
r-oldrel-windows-ix86+x86_64 1.5-1 6.00 134.00 140.00 OK
r-oldrel-osx-x86_64 1.5-1 NOTE

Check Details

Version: 1.5-1
Check: package dependencies
Result: NOTE
    Package suggested but not available for checking: ‘org.Hs.eg.db’
Flavor: r-oldrel-osx-x86_64