CRAN Package Check Results for Package protr

Last updated on 2018-08-18 02:47:35 CEST.

Flavor Version Tinstall Tcheck Ttotal Status Flags
r-devel-linux-x86_64-debian-clang 1.5-1 16.22 104.60 120.82 OK
r-devel-linux-x86_64-debian-gcc 1.5-1 13.97 80.19 94.16 OK
r-devel-linux-x86_64-fedora-clang 1.5-1 143.79 OK
r-devel-linux-x86_64-fedora-gcc 1.5-1 126.69 OK
r-devel-windows-ix86+x86_64 1.5-1 23.00 125.00 148.00 OK
r-patched-linux-x86_64 1.5-1 17.03 99.74 116.77 OK
r-patched-solaris-x86 1.5-1 179.70 OK
r-release-linux-x86_64 1.5-1 18.78 98.94 117.72 OK
r-release-windows-ix86+x86_64 1.5-1 34.00 125.00 159.00 OK
r-release-osx-x86_64 1.5-1 OK
r-oldrel-windows-ix86+x86_64 1.5-1 6.00 129.00 135.00 OK
r-oldrel-osx-x86_64 1.5-1 NOTE

Check Details

Version: 1.5-1
Check: package dependencies
Result: NOTE
    Package suggested but not available for checking: ‘org.Hs.eg.db’
Flavor: r-oldrel-osx-x86_64