CRAN Package Check Results for Package protr

Last updated on 2019-04-23 21:48:35 CEST.

Flavor Version Tinstall Tcheck Ttotal Status Flags
r-devel-linux-x86_64-debian-clang 1.6-1 19.35 99.18 118.53 OK
r-devel-linux-x86_64-debian-gcc 1.6-1 16.91 75.75 92.66 OK
r-devel-linux-x86_64-fedora-clang 1.6-1 136.02 OK
r-devel-linux-x86_64-fedora-gcc 1.6-1 121.40 OK
r-devel-windows-ix86+x86_64 1.6-1 36.00 88.00 124.00 OK
r-patched-linux-x86_64 1.6-1 18.77 97.63 116.40 OK
r-patched-solaris-x86 1.6-1 165.90 OK
r-release-linux-x86_64 1.6-1 18.20 98.86 117.06 OK
r-release-windows-ix86+x86_64 1.6-1 25.00 125.00 150.00 OK
r-release-osx-x86_64 1.6-1 OK
r-oldrel-windows-ix86+x86_64 1.6-1 8.00 129.00 137.00 OK
r-oldrel-osx-x86_64 1.6-1 NOTE

Check Details

Version: 1.6-1
Check: package dependencies
Result: NOTE
    Package suggested but not available for checking: ‘org.Hs.eg.db’
Flavor: r-oldrel-osx-x86_64