CRAN Package Check Results for Package protr

Last updated on 2019-01-21 08:49:23 CET.

Flavor Version Tinstall Tcheck Ttotal Status Flags
r-devel-linux-x86_64-debian-clang 1.5-2 17.35 99.15 116.50 OK
r-devel-linux-x86_64-debian-gcc 1.5-2 16.47 75.54 92.01 OK
r-devel-linux-x86_64-fedora-clang 1.5-2 139.20 OK
r-devel-linux-x86_64-fedora-gcc 1.5-2 121.74 OK
r-devel-windows-ix86+x86_64 1.5-2 32.00 135.00 167.00 OK
r-patched-linux-x86_64 1.5-2 19.55 99.61 119.16 OK
r-patched-solaris-x86 1.5-2 173.90 OK
r-release-linux-x86_64 1.5-2 19.69 99.32 119.01 OK
r-release-windows-ix86+x86_64 1.5-2 30.00 123.00 153.00 OK
r-release-osx-x86_64 1.5-2 OK
r-oldrel-windows-ix86+x86_64 1.5-2 10.00 113.00 123.00 OK
r-oldrel-osx-x86_64 1.5-2 NOTE

Check Details

Version: 1.5-2
Check: package dependencies
Result: NOTE
    Package suggested but not available for checking: ‘org.Hs.eg.db’
Flavor: r-oldrel-osx-x86_64