CRAN Package Check Results for Package protr

Last updated on 2019-07-21 10:46:20 CEST.

Flavor Version Tinstall Tcheck Ttotal Status Flags
r-devel-linux-x86_64-debian-clang 1.6-2 18.91 100.72 119.63 OK
r-devel-linux-x86_64-debian-gcc 1.6-2 15.40 76.87 92.27 OK
r-devel-linux-x86_64-fedora-clang 1.6-2 138.45 OK
r-devel-linux-x86_64-fedora-gcc 1.6-2 124.87 OK
r-devel-windows-ix86+x86_64 1.6-2 24.00 130.00 154.00 OK
r-patched-linux-x86_64 1.6-2 18.39 100.22 118.61 OK
r-patched-solaris-x86 1.6-2 177.10 OK
r-release-linux-x86_64 1.6-2 17.30 100.47 117.77 OK
r-release-windows-ix86+x86_64 1.6-2 24.00 95.00 119.00 OK
r-release-osx-x86_64 1.6-2 NOTE
r-oldrel-windows-ix86+x86_64 1.6-2 37.00 128.00 165.00 OK
r-oldrel-osx-x86_64 1.6-2 OK

Check Details

Version: 1.6-2
Check: package dependencies
Result: NOTE
    Packages suggested but not available for checking:
     'Biostrings', 'GOSemSim', 'org.Hs.eg.db'
Flavor: r-release-osx-x86_64