CRAN Package Check Results for Package protr

Last updated on 2018-06-20 12:48:47 CEST.

Flavor Version Tinstall Tcheck Ttotal Status Flags
r-devel-linux-x86_64-debian-clang 1.5-0 19.31 103.67 122.98 OK
r-devel-linux-x86_64-debian-gcc 1.5-0 17.02 79.66 96.68 OK
r-devel-linux-x86_64-fedora-clang 1.5-0 150.50 OK
r-devel-linux-x86_64-fedora-gcc 1.5-0 127.12 OK
r-devel-windows-ix86+x86_64 1.5-0 27.00 119.00 146.00 OK
r-patched-linux-x86_64 1.5-0 18.05 100.69 118.74 OK
r-patched-solaris-x86 1.5-0 180.00 OK
r-release-linux-x86_64 1.5-0 27.64 100.30 127.94 OK
r-release-windows-ix86+x86_64 1.5-0 35.00 123.00 158.00 OK
r-release-osx-x86_64 1.5-0 OK
r-oldrel-windows-ix86+x86_64 1.5-0 9.00 94.00 103.00 OK
r-oldrel-osx-x86_64 1.5-0 NOTE

Check Details

Version: 1.5-0
Check: package dependencies
Result: NOTE
    Packages suggested but not available for checking:
     ‘Biostrings’ ‘GOSemSim’ ‘org.Hs.eg.db’
Flavor: r-oldrel-osx-x86_64