CRAN Package Check Results for Package provExplainR

Last updated on 2021-04-11 02:46:54 CEST.

Flavor Version Tinstall Tcheck Ttotal Status Flags
r-devel-linux-x86_64-debian-clang 1.0 2.64 27.66 30.30 NOTE
r-devel-linux-x86_64-debian-gcc 1.0 2.01 21.17 23.18 NOTE
r-devel-linux-x86_64-fedora-clang 1.0 45.92 NOTE
r-devel-linux-x86_64-fedora-gcc 1.0 33.29 NOTE
r-devel-windows-ix86+x86_64 1.0 6.00 33.00 39.00 NOTE
r-devel-windows-x86_64-gcc10-UCRT 1.0 NOTE
r-patched-linux-x86_64 1.0 2.69 26.38 29.07 OK
r-patched-solaris-x86 1.0 54.50 OK
r-release-linux-x86_64 1.0 2.45 26.00 28.45 OK
r-release-macos-x86_64 1.0 OK
r-release-windows-ix86+x86_64 1.0 7.00 45.00 52.00 OK
r-oldrel-macos-x86_64 1.0 OK
r-oldrel-windows-ix86+x86_64 1.0 4.00 42.00 46.00 OK

Check Details

Version: 1.0
Check: LazyData
Result: NOTE
     'LazyData' is specified without a 'data' directory
Flavors: r-devel-linux-x86_64-debian-clang, r-devel-linux-x86_64-debian-gcc, r-devel-linux-x86_64-fedora-clang, r-devel-linux-x86_64-fedora-gcc, r-devel-windows-ix86+x86_64, r-devel-windows-x86_64-gcc10-UCRT