CRAN Package Check Results for Package proxy

Last updated on 2014-04-24 23:48:09.

Flavor Version Tinstall Tcheck Ttotal Status Flags
r-devel-linux-x86_64-debian-clang 0.4-12 1.41 17.38 18.78 OK
r-devel-linux-x86_64-debian-gcc 0.4-12 2.20 16.72 18.92 OK
r-devel-linux-x86_64-fedora-clang 0.4-12 35.83 OK
r-devel-linux-x86_64-fedora-gcc 0.4-12 34.87 OK
r-devel-osx-x86_64-clang 0.4-12 38.46 OK
r-devel-osx-x86_64-gcc 0.4-12 ERROR
r-devel-windows-ix86+x86_64 0.4-12 9.00 32.00 41.00 OK
r-patched-linux-x86_64 0.4-12 2.18 17.11 19.29 OK
r-patched-solaris-sparc 0.4-12 202.40 OK
r-patched-solaris-x86 0.4-12 47.80 OK
r-release-linux-ix86 0.4-12 4.00 35.00 39.00 OK
r-release-linux-x86_64 0.4-12 2.18 17.10 19.28 OK
r-release-osx-x86_64-mavericks 0.4-12 WARN
r-release-osx-x86_64-snowleopard 0.4-12 OK
r-release-windows-ix86+x86_64 0.4-12 9.00 32.00 41.00 OK
r-oldrel-windows-ix86+x86_64 0.4-12 9.00 37.00 46.00 OK

Check Details

Version: 0.4-12
Check: package dependencies
Result: NOTE
    Package suggested but not available for checking: ‘cba’
Flavor: r-devel-osx-x86_64-gcc

Version: 0.4-12
Check: tests
Result: ERROR
    Running the tests in ‘tests/distcalls.R’ failed.
    Last 13 lines of output:
     p = Inf: OK.
     >
     > ## Levenshtein distance
     > s <- c("A", "quick", "brown", "fox", "jumps", "over", "the", "lazy", "dog")
     > all(as.matrix(dist(s, "Levenshtein")) == dist(s, s, "Levenshtein"))
     Loading required package: cba
     Error in pr_Levenshtein_prefun(c("A", "quick", "brown", "fox", "jumps", :
     Need package cba!
     Calls: as.matrix -> dist -> do.call -> pr_Levenshtein_prefun
     In addition: Warning message:
     In library(package, lib.loc = lib.loc, character.only = TRUE, logical.return = TRUE, :
     there is no package called 'cba'
     Execution halted
Flavor: r-devel-osx-x86_64-gcc

Version: 0.4-12
Check: PDF version of manual
Result: WARNING
    LaTeX errors when creating PDF version.
    This typically indicates Rd problems.
    LaTeX errors found:
    ! LaTeX Error: File `upquote.sty' not found.
    
    Type X to quit or <RETURN> to proceed,
    or enter new name. (Default extension: sty)
    
    28c34a2f/Rd2.tex:8: ==> Fatal error occurred, no output PDF file produced!
Flavor: r-release-osx-x86_64-mavericks