CRAN Package Check Results for Package proxy

Last updated on 2015-05-05 21:46:47.

Flavor Version Tinstall Tcheck Ttotal Status Flags
r-devel-linux-x86_64-debian-clang 0.4-14 1.47 15.74 17.22 OK
r-devel-linux-x86_64-debian-gcc 0.4-14 2.26 16.18 18.44 OK
r-devel-linux-x86_64-fedora-clang 0.4-14 34.52 OK
r-devel-linux-x86_64-fedora-gcc 0.4-14 33.38 OK
r-devel-osx-x86_64-clang 0.4-14 37.55 OK
r-devel-windows-ix86+x86_64 0.4-14 11.00 38.00 49.00 OK
r-patched-linux-x86_64 0.4-14 2.14 15.72 17.85 OK
r-patched-solaris-sparc 0.4-14 230.70 OK
r-patched-solaris-x86 0.4-14 45.60 OK
r-release-linux-x86_64 0.4-14 2.15 15.68 17.82 OK
r-release-osx-x86_64-mavericks 0.4-14 OK
r-release-osx-x86_64-snowleopard 0.4-14 ERROR
r-release-windows-ix86+x86_64 0.4-14 11.00 47.00 58.00 OK
r-oldrel-windows-ix86+x86_64 0.4-14 10.00 49.00 59.00 OK

Check Details

Version: 0.4-14
Check: package dependencies
Result: NOTE
    Package suggested but not available for checking: ‘cba’
Flavor: r-release-osx-x86_64-snowleopard

Version: 0.4-14
Check: tests
Result: ERROR
    Running the tests in ‘tests/distcalls.R’ failed.
    Last 13 lines of output:
     p = 0.5: OK.
     p = 1: OK.
     p = 2: OK.
     p = 3: OK.
     p = Inf: OK.
     >
     > ## Levenshtein distance
     > s <- c("A", "quick", "brown", "fox", "jumps", "over", "the", "lazy", "dog")
     > all(as.matrix(dist(s, "Levenshtein")) == dist(s, s, "Levenshtein"))
     Error in pr_Levenshtein_prefun(c("A", "quick", "brown", "fox", "jumps", :
     Need package 'cba'!
     Calls: as.matrix ... <Anonymous> -> dist -> do.call -> pr_Levenshtein_prefun
     Execution halted
Flavor: r-release-osx-x86_64-snowleopard