CRAN Package Check Results for Package proxy

Last updated on 2016-12-03 12:48:32.

Flavor Version Tinstall Tcheck Ttotal Status Flags
r-devel-linux-x86_64-debian-clang 0.4-16 2.22 19.66 21.87 WARN
r-devel-linux-x86_64-debian-gcc 0.4-16 2.64 18.92 21.56 WARN
r-devel-linux-x86_64-fedora-clang 0.4-16 37.97 WARN
r-devel-linux-x86_64-fedora-gcc 0.4-16 38.75 WARN
r-devel-macos-x86_64-clang 0.4-16 33.20 WARN
r-devel-windows-ix86+x86_64 0.4-16 30.00 78.00 108.00 WARN
r-patched-linux-x86_64 0.4-16 2.28 16.36 18.64 OK
r-patched-solaris-sparc 0.4-16 181.90 OK
r-patched-solaris-x86 0.4-16 39.50 OK
r-release-linux-x86_64 0.4-16 2.26 16.30 18.55 OK
r-release-osx-x86_64-mavericks 0.4-16 OK
r-release-windows-ix86+x86_64 0.4-16 23.00 57.00 80.00 OK
r-oldrel-windows-ix86+x86_64 0.4-16 25.00 49.00 74.00 OK

Check Details

Version: 0.4-16
Check: files in ‘vignettes’
Result: WARN
    Files in the 'vignettes' directory newer than same file in 'inst/doc':
     ‘overview.Rnw’
Flavors: r-devel-linux-x86_64-debian-clang, r-devel-linux-x86_64-debian-gcc, r-devel-linux-x86_64-fedora-clang, r-devel-linux-x86_64-fedora-gcc, r-devel-macos-x86_64-clang, r-devel-windows-ix86+x86_64