CRAN Package Check Results for Package proxy

Last updated on 2018-02-25 19:49:13 CET.

Flavor Version Tinstall Tcheck Ttotal Status Flags
r-devel-linux-x86_64-debian-clang 0.4-21 3.74 29.32 33.06 OK
r-devel-linux-x86_64-debian-gcc 0.4-21 3.55 22.62 26.17 OK
r-devel-linux-x86_64-fedora-clang 0.4-21 39.82 OK
r-devel-linux-x86_64-fedora-gcc 0.4-21 39.05 OK
r-devel-windows-ix86+x86_64 0.4-21 21.00 58.00 79.00 OK
r-patched-linux-x86_64 0.4-21 3.57 29.02 32.59 OK
r-patched-solaris-x86 0.4-21 51.00 OK
r-release-linux-x86_64 0.4-21 3.26 28.96 32.22 OK
r-release-windows-ix86+x86_64 0.4-21 11.00 72.00 83.00 OK
r-release-osx-x86_64 0.4-21 OK
r-oldrel-windows-ix86+x86_64 0.4-20 15.00 64.00 79.00 OK
r-oldrel-osx-x86_64 0.4-21 ERROR

Additional issues

rchk

Check Details

Version: 0.4-21
Check: whether package can be installed
Result: ERROR
    Installation failed.
Flavor: r-oldrel-osx-x86_64