CRAN Package Check Results for Package proxy

Last updated on 2016-09-28 18:50:07.

Flavor Version Tinstall Tcheck Ttotal Status Flags
r-devel-linux-x86_64-debian-clang 0.4-16 1.96 16.87 18.83 WARN
r-devel-linux-x86_64-debian-gcc 0.4-16 2.44 16.61 19.05 WARN
r-devel-linux-x86_64-fedora-clang 0.4-16 31.89 WARN
r-devel-linux-x86_64-fedora-gcc 0.4-16 32.03 WARN
r-devel-macos-x86_64-clang 0.4-16 28.53 WARN
r-devel-windows-ix86+x86_64 0.4-16 11.00 68.00 79.00 WARN
r-patched-linux-x86_64 0.4-16 2.33 16.52 18.85 OK
r-patched-solaris-sparc 0.4-16 181.90 OK
r-patched-solaris-x86 0.4-16 39.90 OK
r-release-linux-x86_64 0.4-16 2.29 16.40 18.69 OK
r-release-osx-x86_64-mavericks 0.4-16 OK
r-release-windows-ix86+x86_64 0.4-16 17.00 47.00 64.00 OK
r-oldrel-windows-ix86+x86_64 0.4-16 20.00 46.00 66.00 OK

Check Details

Version: 0.4-16
Check: files in ‘vignettes’
Result: WARN
    Files in the 'vignettes' directory newer than same file in 'inst/doc':
     ‘overview.Rnw’
Flavors: r-devel-linux-x86_64-debian-clang, r-devel-linux-x86_64-debian-gcc, r-devel-linux-x86_64-fedora-clang, r-devel-linux-x86_64-fedora-gcc, r-devel-macos-x86_64-clang, r-devel-windows-ix86+x86_64