Last updated on 2023-06-11 03:52:44 CEST.
Flavor | Version | Tinstall | Tcheck | Ttotal | Status | Flags |
---|---|---|---|---|---|---|
r-devel-linux-x86_64-debian-clang | 0.4.0 | 1016.15 | 39.49 | 1055.64 | OK | |
r-devel-linux-x86_64-debian-gcc | 0.4.0 | 773.56 | 30.76 | 804.32 | OK | |
r-devel-linux-x86_64-fedora-clang | 0.4.0 | 1252.20 | NOTE | |||
r-devel-linux-x86_64-fedora-gcc | 0.4.0 | 1295.54 | OK | |||
r-devel-windows-x86_64 | 0.4.0 | 240.00 | 136.00 | 376.00 | NOTE | |
r-patched-linux-x86_64 | 0.4.0 | 1016.17 | 38.00 | 1054.17 | OK | |
r-release-linux-x86_64 | 0.4.0 | 1015.88 | 37.29 | 1053.17 | OK | |
r-release-macos-arm64 | 0.4.0 | 224.00 | NOTE | |||
r-release-macos-x86_64 | 0.3.0 | 417.00 | NOTE | |||
r-release-windows-x86_64 | 0.4.0 | 268.00 | 166.00 | 434.00 | NOTE | |
r-oldrel-macos-arm64 | 0.4.0 | 198.00 | NOTE | |||
r-oldrel-macos-x86_64 | 0.4.0 | 243.00 | NOTE | |||
r-oldrel-windows-x86_64 | 0.4.0 | 360.00 | 140.00 | 500.00 | NOTE |
Version: 0.4.0
Check: installed package size
Result: NOTE
installed size is 15.8Mb
sub-directories of 1Mb or more:
libs 15.6Mb
Flavors: r-devel-linux-x86_64-fedora-clang, r-devel-windows-x86_64, r-release-macos-arm64, r-release-windows-x86_64, r-oldrel-macos-arm64, r-oldrel-macos-x86_64, r-oldrel-windows-x86_64
Version: 0.3.0
Check: installed package size
Result: NOTE
installed size is 21.1Mb
sub-directories of 1Mb or more:
libs 20.9Mb
Flavor: r-release-macos-x86_64