CRAN Package Check Results for Package psData

Last updated on 2015-06-30 06:47:11.

Flavor Version Tinstall Tcheck Ttotal Status Flags
r-devel-linux-x86_64-debian-clang 0.1.2 2.01 24.73 26.74 NOTE
r-devel-linux-x86_64-debian-gcc 0.1.2 2.06 24.74 26.81 NOTE
r-devel-linux-x86_64-fedora-clang 0.1.2 55.96 NOTE
r-devel-linux-x86_64-fedora-gcc 0.1.2 51.41 NOTE
r-devel-osx-x86_64-clang 0.1.2 54.96 NOTE
r-devel-windows-ix86+x86_64 0.1.2 7.00 40.00 47.00 NOTE
r-patched-linux-x86_64 0.1.2 2.04 25.24 27.28 NOTE
r-patched-solaris-sparc 0.1.2 361.70 NOTE
r-patched-solaris-x86 0.1.2 89.70 NOTE
r-release-linux-x86_64 0.1.2 2.02 25.36 27.38 NOTE
r-release-osx-x86_64-mavericks 0.1.2 NOTE
r-release-windows-ix86+x86_64 0.1.2 8.00 41.00 49.00 NOTE
r-oldrel-windows-ix86+x86_64 0.1.2 14.00 72.00 86.00 OK

Check Details

Version: 0.1.2
Check: DESCRIPTION meta-information
Result: NOTE
    Malformed Title field: should not end in a period.
Flavors: r-devel-linux-x86_64-debian-clang, r-devel-linux-x86_64-debian-gcc, r-devel-linux-x86_64-fedora-clang, r-devel-linux-x86_64-fedora-gcc, r-devel-osx-x86_64-clang, r-devel-windows-ix86+x86_64, r-patched-linux-x86_64, r-patched-solaris-sparc, r-patched-solaris-x86, r-release-linux-x86_64, r-release-osx-x86_64-mavericks, r-release-windows-ix86+x86_64

Version: 0.1.2
Check: R code for possible problems
Result: NOTE
    DpiGet: no visible global function definition for ‘download.file’
    PolityGet: no visible global function definition for ‘download.file’
    RRCrisisGet: no visible global function definition for ‘download.file’
Flavors: r-devel-linux-x86_64-debian-clang, r-devel-linux-x86_64-debian-gcc, r-devel-windows-ix86+x86_64