CRAN Package Check Results for Package psData

Last updated on 2015-08-29 20:48:12.

Flavor Version Tinstall Tcheck Ttotal Status Flags
r-devel-linux-x86_64-debian-clang 0.1.2 1.90 24.04 25.94 NOTE
r-devel-linux-x86_64-debian-gcc 0.1.2 1.84 23.76 25.60 NOTE
r-devel-linux-x86_64-fedora-clang 0.1.2 53.20 NOTE
r-devel-linux-x86_64-fedora-gcc 0.1.2 50.99 NOTE
r-devel-osx-x86_64-clang 0.1.2 49.84 NOTE
r-devel-windows-ix86+x86_64 0.1.2 10.00 47.00 57.00 NOTE
r-patched-linux-x86_64 0.1.2 2.13 25.30 27.43 NOTE
r-patched-solaris-sparc 0.1.2 361.40 NOTE
r-patched-solaris-x86 0.1.2 90.40 NOTE
r-release-linux-x86_64 0.1.2 2.61 26.01 28.62 NOTE
r-release-osx-x86_64-mavericks 0.1.2 NOTE
r-release-windows-ix86+x86_64 0.1.2 8.00 75.00 83.00 NOTE
r-oldrel-windows-ix86+x86_64 0.1.2 19.00 81.00 100.00 OK

Check Details

Version: 0.1.2
Check: DESCRIPTION meta-information
Result: NOTE
    Malformed Title field: should not end in a period.
Flavors: r-devel-linux-x86_64-debian-clang, r-devel-linux-x86_64-debian-gcc, r-devel-linux-x86_64-fedora-clang, r-devel-linux-x86_64-fedora-gcc, r-devel-osx-x86_64-clang, r-devel-windows-ix86+x86_64, r-patched-linux-x86_64, r-patched-solaris-sparc, r-patched-solaris-x86, r-release-linux-x86_64, r-release-osx-x86_64-mavericks, r-release-windows-ix86+x86_64

Version: 0.1.2
Check: R code for possible problems
Result: NOTE
    DpiGet: no visible global function definition for ‘download.file’
    PolityGet: no visible global function definition for ‘download.file’
    RRCrisisGet: no visible global function definition for ‘download.file’
    Undefined global functions or variables:
     download.file
    Consider adding
     importFrom("utils", "download.file")
    to your NAMESPACE.
Flavors: r-devel-linux-x86_64-debian-clang, r-devel-linux-x86_64-debian-gcc, r-devel-linux-x86_64-fedora-clang, r-devel-linux-x86_64-fedora-gcc, r-devel-windows-ix86+x86_64