CRAN Package Check Results for Package psData

Last updated on 2015-02-28 19:51:15.

Flavor Version Tinstall Tcheck Ttotal Status Flags
r-devel-linux-x86_64-debian-clang 0.1.2 2.72 26.06 28.78 NOTE
r-devel-linux-x86_64-debian-gcc 0.1.2 1.99 24.56 26.55 NOTE
r-devel-linux-x86_64-fedora-clang 0.1.2 54.90 NOTE
r-devel-linux-x86_64-fedora-gcc 0.1.2 52.57 NOTE
r-devel-osx-x86_64-clang 0.1.2 56.37 NOTE
r-devel-windows-ix86+x86_64 0.1.2 11.00 40.00 51.00 NOTE
r-patched-linux-x86_64 0.1.2 3.45 39.47 42.92 OK
r-patched-solaris-sparc 0.1.2 501.70 OK
r-patched-solaris-x86 0.1.2 122.20 OK
r-release-linux-ix86 0.1.2 4.26 47.72 51.98 OK
r-release-linux-x86_64 0.1.2 3.50 40.31 43.80 OK
r-release-osx-x86_64-mavericks 0.1.2 OK
r-release-osx-x86_64-snowleopard 0.1.2 OK
r-release-windows-ix86+x86_64 0.1.2 11.00 70.00 81.00 OK
r-oldrel-windows-ix86+x86_64 0.1.2 12.00 66.00 78.00 OK

Check Details

Version: 0.1.2
Check: DESCRIPTION meta-information
Result: NOTE
    Malformed Title field: should not end in a period.
Flavors: r-devel-linux-x86_64-debian-clang, r-devel-linux-x86_64-debian-gcc, r-devel-linux-x86_64-fedora-clang, r-devel-linux-x86_64-fedora-gcc, r-devel-osx-x86_64-clang, r-devel-windows-ix86+x86_64