CRAN Package Check Results for Package psData

Last updated on 2015-07-29 03:48:35.

Flavor Version Tinstall Tcheck Ttotal Status Flags
r-devel-linux-x86_64-debian-clang 0.1.2 2.04 25.63 27.67 NOTE
r-devel-linux-x86_64-debian-gcc 0.1.2 1.99 24.70 26.69 NOTE
r-devel-linux-x86_64-fedora-clang 0.1.2 55.19 NOTE
r-devel-linux-x86_64-fedora-gcc 0.1.2 51.42 NOTE
r-devel-osx-x86_64-clang 0.1.2 47.50 NOTE
r-devel-windows-ix86+x86_64 0.1.2 6.00 41.00 47.00 NOTE
r-patched-linux-x86_64 0.1.2 2.00 25.01 27.01 NOTE
r-patched-solaris-sparc 0.1.2 361.40 NOTE
r-patched-solaris-x86 0.1.2 86.20 NOTE
r-release-linux-x86_64 0.1.2 2.12 26.20 28.32 NOTE
r-release-osx-x86_64-mavericks 0.1.2 NOTE
r-release-windows-ix86+x86_64 0.1.2 11.00 39.00 50.00 NOTE
r-oldrel-windows-ix86+x86_64 0.1.2 14.00 79.00 93.00 OK

Check Details

Version: 0.1.2
Check: DESCRIPTION meta-information
Result: NOTE
    Malformed Title field: should not end in a period.
Flavors: r-devel-linux-x86_64-debian-clang, r-devel-linux-x86_64-debian-gcc, r-devel-linux-x86_64-fedora-clang, r-devel-linux-x86_64-fedora-gcc, r-devel-osx-x86_64-clang, r-devel-windows-ix86+x86_64, r-patched-linux-x86_64, r-patched-solaris-sparc, r-patched-solaris-x86, r-release-linux-x86_64, r-release-osx-x86_64-mavericks, r-release-windows-ix86+x86_64

Version: 0.1.2
Check: R code for possible problems
Result: NOTE
    DpiGet: no visible global function definition for ‘download.file’
    PolityGet: no visible global function definition for ‘download.file’
    RRCrisisGet: no visible global function definition for ‘download.file’
    Undefined global functions or variables:
     download.file
    Consider adding
     importFrom("utils", "download.file")
    to your NAMESPACE.
Flavors: r-devel-linux-x86_64-debian-clang, r-devel-linux-x86_64-debian-gcc, r-devel-linux-x86_64-fedora-clang, r-devel-linux-x86_64-fedora-gcc, r-devel-windows-ix86+x86_64