CRAN Package Check Results for Package psData

Last updated on 2016-02-08 06:47:25.

Flavor Version Tinstall Tcheck Ttotal Status Flags
r-devel-linux-x86_64-debian-gcc 0.1.2 1.76 23.09 24.85 NOTE
r-devel-linux-x86_64-fedora-clang 0.1.2 48.40 NOTE
r-devel-linux-x86_64-fedora-gcc 0.1.2 46.30 NOTE
r-devel-osx-x86_64-clang 0.1.2 55.38 NOTE
r-devel-windows-ix86+x86_64 0.1.2 11.00 44.00 55.00 NOTE
r-patched-linux-x86_64 0.1.2 1.99 25.24 27.23 NOTE
r-patched-solaris-sparc 0.1.2 330.90 NOTE
r-patched-solaris-x86 0.1.2 69.70 NOTE
r-release-linux-x86_64 0.1.2 2.04 25.54 27.58 NOTE
r-release-osx-x86_64-mavericks 0.1.2 NOTE
r-release-windows-ix86+x86_64 0.1.2 8.00 45.00 53.00 NOTE
r-oldrel-windows-ix86+x86_64 0.1.2 17.00 73.00 90.00 OK

Check Details

Version: 0.1.2
Check: DESCRIPTION meta-information
Result: NOTE
    Malformed Title field: should not end in a period.
Flavors: r-devel-linux-x86_64-debian-gcc, r-devel-linux-x86_64-fedora-clang, r-devel-linux-x86_64-fedora-gcc, r-devel-osx-x86_64-clang, r-devel-windows-ix86+x86_64, r-patched-linux-x86_64, r-patched-solaris-sparc, r-patched-solaris-x86, r-release-linux-x86_64, r-release-osx-x86_64-mavericks, r-release-windows-ix86+x86_64

Version: 0.1.2
Check: R code for possible problems
Result: NOTE
    DpiGet: no visible global function definition for ‘download.file’
    PolityGet: no visible global function definition for ‘download.file’
    RRCrisisGet: no visible global function definition for ‘download.file’
    Undefined global functions or variables:
     download.file
    Consider adding
     importFrom("utils", "download.file")
    to your NAMESPACE file.
Flavors: r-devel-linux-x86_64-debian-gcc, r-devel-linux-x86_64-fedora-clang, r-devel-linux-x86_64-fedora-gcc, r-devel-osx-x86_64-clang, r-devel-windows-ix86+x86_64