CRAN Package Check Results for Package psData

Last updated on 2015-04-18 23:50:20.

Flavor Version Tinstall Tcheck Ttotal Status Flags
r-devel-linux-x86_64-debian-clang 0.1.2 2.42 25.36 27.78 NOTE
r-devel-linux-x86_64-debian-gcc 0.1.2 1.97 24.71 26.68 NOTE
r-devel-linux-x86_64-fedora-clang 0.1.2 56.10 NOTE
r-devel-linux-x86_64-fedora-gcc 0.1.2 52.76 NOTE
r-devel-osx-x86_64-clang 0.1.2 54.63 NOTE
r-patched-linux-x86_64 0.1.2 2.63 24.94 27.58 NOTE
r-patched-solaris-sparc 0.1.2 342.40 NOTE
r-patched-solaris-x86 0.1.2 79.50 NOTE
r-release-linux-x86_64 0.1.2 1.95 24.82 26.77 NOTE
r-release-osx-x86_64-mavericks 0.1.2 NOTE
r-release-osx-x86_64-snowleopard 0.1.2 ERROR
r-release-windows-ix86+x86_64 0.1.2 6.00 48.00 54.00 NOTE
r-oldrel-windows-ix86+x86_64 0.1.2 13.00 80.00 93.00 OK

Check Details

Version: 0.1.2
Check: DESCRIPTION meta-information
Result: NOTE
    Malformed Title field: should not end in a period.
Flavors: r-devel-linux-x86_64-debian-clang, r-devel-linux-x86_64-debian-gcc, r-devel-linux-x86_64-fedora-clang, r-devel-linux-x86_64-fedora-gcc, r-devel-osx-x86_64-clang, r-patched-linux-x86_64, r-patched-solaris-sparc, r-patched-solaris-x86, r-release-linux-x86_64, r-release-osx-x86_64-mavericks, r-release-windows-ix86+x86_64

Version: 0.1.2
Check: package dependencies
Result: ERROR
    Package suggested but not available for checking: ‘knitr’
    
    VignetteBuilder package required for checking but installed: ‘knitr’
    
    See section ‘The DESCRIPTION file’ in the ‘Writing R Extensions’
    manual.
Flavor: r-release-osx-x86_64-snowleopard