CRAN Package Check Results for Package psData

Last updated on 2016-12-02 23:48:15.

Flavor Version Tinstall Tcheck Ttotal Status Flags
r-devel-linux-x86_64-debian-clang 0.2.2 2.54 31.04 33.58 OK
r-devel-linux-x86_64-debian-gcc 0.2.2 2.90 31.22 34.12 OK
r-devel-linux-x86_64-fedora-clang 0.2.2 65.25 OK
r-devel-linux-x86_64-fedora-gcc 0.2.2 66.40 OK
r-devel-macos-x86_64-clang 0.2.2 53.80 NOTE
r-devel-windows-ix86+x86_64 0.2.2 8.00 56.00 64.00 OK
r-patched-linux-x86_64 0.2.2 2.39 27.74 30.12 OK
r-patched-solaris-sparc 0.2.2 342.20 OK
r-patched-solaris-x86 0.2.2 81.60 OK
r-release-linux-x86_64 0.2.2 2.36 28.09 30.44 OK
r-release-osx-x86_64-mavericks 0.2.2 OK
r-release-windows-ix86+x86_64 0.2.2 12.00 80.00 92.00 OK
r-oldrel-windows-ix86+x86_64 0.2.2 14.00 80.00 94.00 OK

Check Details

Version: 0.2.2
Check: R code for possible problems
Result: NOTE
    
    This data.table install has not detected OpenMP support. It will work but slower in single threaded mode.
Flavor: r-devel-macos-x86_64-clang