CRAN Package Check Results for Package psData

Last updated on 2015-05-26 02:46:56.

Flavor Version Tinstall Tcheck Ttotal Status Flags
r-devel-linux-x86_64-debian-clang 0.1.2 2.31 25.65 27.96 NOTE
r-devel-linux-x86_64-debian-gcc 0.1.2 1.94 25.39 27.33 NOTE
r-devel-linux-x86_64-fedora-clang 0.1.2 56.30 NOTE
r-devel-linux-x86_64-fedora-gcc 0.1.2 52.76 NOTE
r-devel-osx-x86_64-clang 0.1.2 54.98 NOTE
r-devel-windows-ix86+x86_64 0.1.2 6.00 39.00 45.00 NOTE
r-patched-linux-x86_64 0.1.2 2.17 25.28 27.45 NOTE
r-patched-solaris-sparc 0.1.2 361.70 NOTE
r-patched-solaris-x86 0.1.2 89.40 NOTE
r-release-linux-x86_64 0.1.2 1.96 25.06 27.02 NOTE
r-release-osx-x86_64-mavericks 0.1.2 NOTE
r-release-osx-x86_64-snowleopard 0.1.2 ERROR
r-release-windows-ix86+x86_64 0.1.2 7.00 41.00 48.00 NOTE
r-oldrel-windows-ix86+x86_64 0.1.2 13.00 69.00 82.00 OK

Check Details

Version: 0.1.2
Check: DESCRIPTION meta-information
Result: NOTE
    Malformed Title field: should not end in a period.
Flavors: r-devel-linux-x86_64-debian-clang, r-devel-linux-x86_64-debian-gcc, r-devel-linux-x86_64-fedora-clang, r-devel-linux-x86_64-fedora-gcc, r-devel-osx-x86_64-clang, r-devel-windows-ix86+x86_64, r-patched-linux-x86_64, r-patched-solaris-sparc, r-patched-solaris-x86, r-release-linux-x86_64, r-release-osx-x86_64-mavericks, r-release-windows-ix86+x86_64

Version: 0.1.2
Check: package dependencies
Result: ERROR
    Package suggested but not available for checking: ‘knitr’
    
    VignetteBuilder package required for checking but installed: ‘knitr’
    
    See section ‘The DESCRIPTION file’ in the ‘Writing R Extensions’
    manual.
Flavor: r-release-osx-x86_64-snowleopard