CRAN Package Check Results for Package psbcGroup

Last updated on 2017-04-29 23:50:40.

Flavor Version Tinstall Tcheck Ttotal Status Flags
r-devel-linux-x86_64-debian-clang 1.3 1.46 17.75 19.21 NOTE
r-devel-linux-x86_64-debian-gcc 1.3 1.49 17.30 18.79 NOTE
r-devel-linux-x86_64-fedora-clang 1.3 32.47 NOTE --no-stop-on-test-error
r-devel-linux-x86_64-fedora-gcc 1.3 29.98 NOTE --no-stop-on-test-error
r-devel-windows-ix86+x86_64 1.3 13.00 47.00 60.00 OK
r-patched-linux-x86_64 1.3 1.44 17.18 18.62 NOTE
r-patched-solaris-sparc 1.3 311.60 OK
r-patched-solaris-x86 1.3 67.40 OK
r-release-linux-x86_64 1.3 1.38 17.24 18.62 NOTE
r-release-windows-ix86+x86_64 1.3 10.00 45.00 55.00 OK
r-release-osx-x86_64 1.3 OK
r-oldrel-windows-ix86+x86_64 1.3 15.00 56.00 71.00 OK
r-oldrel-osx-x86_64 1.3 OK

Check Details

Version: 1.3
Check: compiled code
Result: NOTE
    File ‘psbcGroup/libs/psbcGroup.so’:
     Found no calls to: ‘R_registerRoutines’, ‘R_useDynamicSymbols’
    
    It is good practice to register native routines and to disable symbol
    search.
    
    See ‘Writing portable packages’ in the ‘Writing R Extensions’ manual.
Flavors: r-devel-linux-x86_64-debian-clang, r-devel-linux-x86_64-debian-gcc, r-patched-linux-x86_64, r-release-linux-x86_64

Version: 1.3
Flags: --no-stop-on-test-error
Check: compiled code
Result: NOTE
    File ‘psbcGroup/libs/psbcGroup.so’:
     Found no calls to: ‘R_registerRoutines’, ‘R_useDynamicSymbols’
    
    It is good practice to register native routines and to disable symbol
    search.
    
    See ‘Writing portable packages’ in the ‘Writing R Extensions’ manual.
Flavors: r-devel-linux-x86_64-fedora-clang, r-devel-linux-x86_64-fedora-gcc