CRAN Package Check Results for Package psbcGroup

Last updated on 2015-09-03 03:48:37.

Flavor Version Tinstall Tcheck Ttotal Status Flags
r-devel-linux-x86_64-debian-clang 1.1 0.55 12.84 13.39 NOTE
r-devel-linux-x86_64-debian-gcc 1.1 0.55 12.28 12.83 NOTE
r-devel-linux-x86_64-fedora-clang 1.1 24.85 NOTE
r-devel-linux-x86_64-fedora-gcc 1.1 23.63 NOTE
r-devel-osx-x86_64-clang 1.1 25.25 OK
r-devel-windows-ix86+x86_64 1.1 3.00 26.00 29.00 NOTE
r-patched-linux-x86_64 1.1 0.63 13.54 14.17 OK
r-patched-solaris-sparc 1.1 165.10 OK
r-patched-solaris-x86 1.1 38.40 OK
r-release-linux-x86_64 1.1 0.80 13.36 14.16 OK
r-release-osx-x86_64-mavericks 1.1 OK
r-release-windows-ix86+x86_64 1.1 6.00 24.00 30.00 OK
r-oldrel-windows-ix86+x86_64 1.1 6.00 28.00 34.00 OK

Check Details

Version: 1.1
Check: R code for possible problems
Result: NOTE
    UpdateBH: no visible global function definition for ‘rgamma’
    UpdateLambda.GL: no visible global function definition for ‘rgamma’
    UpdateLambda1.EN: no visible global function definition for ‘rgamma’
    UpdateLambda1.FL: no visible global function definition for ‘rgamma’
    UpdateLambda2.EN: no visible global function definition for ‘rgamma’
    UpdateLambda2.FL: no visible global function definition for ‘rgamma’
    UpdateRP: no visible global function definition for ‘rnorm’
    UpdateRP: no visible global function definition for ‘dnorm’
    UpdateRP: no visible global function definition for ‘runif’
    UpdateRP.FL: no visible global function definition for ‘rnorm’
    UpdateRP.FL: no visible global function definition for ‘dnorm’
    UpdateRP.FL: no visible global function definition for ‘runif’
    UpdateRP.FLrw: no visible global function definition for ‘rnorm’
    UpdateRP.FLrw: no visible global function definition for ‘dnorm’
    UpdateRP.FLrw: no visible global function definition for ‘runif’
    UpdateRPrw: no visible global function definition for ‘rnorm’
    UpdateRPrw: no visible global function definition for ‘dnorm’
    UpdateRPrw: no visible global function definition for ‘runif’
    Undefined global functions or variables:
     dnorm rgamma rnorm runif
    Consider adding
     importFrom("stats", "dnorm", "rgamma", "rnorm", "runif")
    to your NAMESPACE.
Flavors: r-devel-linux-x86_64-debian-clang, r-devel-linux-x86_64-debian-gcc, r-devel-linux-x86_64-fedora-clang, r-devel-linux-x86_64-fedora-gcc, r-devel-windows-ix86+x86_64