CRAN Package Check Results for Package psbcGroup

Last updated on 2017-02-24 19:48:28.

Flavor Version Tinstall Tcheck Ttotal Status Flags
r-devel-linux-x86_64-debian-clang 1.3 1.46 17.27 18.73 NOTE
r-devel-linux-x86_64-debian-gcc 1.3 1.63 17.26 18.89 NOTE
r-devel-linux-x86_64-fedora-clang 1.3 33.06 NOTE --no-stop-on-test-error
r-devel-linux-x86_64-fedora-gcc 1.3 31.25 NOTE --no-stop-on-test-error
r-devel-macos-x86_64-clang 1.3 27.57 NOTE --no-stop-on-test-error
r-devel-windows-ix86+x86_64 1.3 10.00 55.00 65.00 OK
r-patched-linux-x86_64 1.3 1.47 15.34 16.81 OK
r-patched-solaris-sparc 1.3 285.40 OK
r-patched-solaris-x86 1.3 63.40 OK
r-release-linux-x86_64 1.3 1.34 15.79 17.13 OK
r-release-osx-x86_64-mavericks 1.3 OK
r-release-windows-ix86+x86_64 1.3 8.00 42.00 50.00 OK
r-oldrel-windows-ix86+x86_64 1.3 10.00 42.00 52.00 OK

Check Details

Version: 1.3
Check: compiled code
Result: NOTE
    File ‘psbcGroup/libs/psbcGroup.so’:
     Found no calls to: ‘R_registerRoutines’, ‘R_useDynamicSymbols’
    
    It is good practice to register native routines and to disable symbol
    search.
    
    See ‘Writing portable packages’ in the ‘Writing R Extensions’ manual.
Flavors: r-devel-linux-x86_64-debian-clang, r-devel-linux-x86_64-debian-gcc

Version: 1.3
Flags: --no-stop-on-test-error
Check: compiled code
Result: NOTE
    File ‘psbcGroup/libs/psbcGroup.so’:
     Found no calls to: ‘R_registerRoutines’, ‘R_useDynamicSymbols’
    
    It is good practice to register native routines and to disable symbol
    search.
    
    See ‘Writing portable packages’ in the ‘Writing R Extensions’ manual.
Flavors: r-devel-linux-x86_64-fedora-clang, r-devel-linux-x86_64-fedora-gcc, r-devel-macos-x86_64-clang