CRAN Package Check Results for Package psbcGroup

Last updated on 2017-03-27 03:49:59.

Flavor Version Tinstall Tcheck Ttotal Status Flags
r-devel-linux-x86_64-debian-clang 1.3 1.49 17.49 18.98 NOTE
r-devel-linux-x86_64-debian-gcc 1.3 1.57 17.21 18.77 NOTE
r-devel-linux-x86_64-fedora-clang 1.3 31.81 NOTE --no-stop-on-test-error
r-devel-linux-x86_64-fedora-gcc 1.3 29.76 NOTE --no-stop-on-test-error
r-devel-macos-x86_64-clang 1.3 27.16 NOTE --no-stop-on-test-error
r-devel-windows-ix86+x86_64 1.3 8.00 41.00 49.00 OK
r-patched-linux-x86_64 1.3 1.39 16.85 18.23 NOTE
r-patched-solaris-sparc 1.3 311.60 OK
r-patched-solaris-x86 1.3 68.40 OK
r-release-linux-x86_64 1.3 1.43 15.11 16.53 OK
r-release-osx-x86_64-mavericks 1.3 OK
r-release-windows-ix86+x86_64 1.3 15.00 56.00 71.00 OK
r-oldrel-windows-ix86+x86_64 1.3 15.00 39.00 54.00 OK

Check Details

Version: 1.3
Check: compiled code
Result: NOTE
    File ‘psbcGroup/libs/psbcGroup.so’:
     Found no calls to: ‘R_registerRoutines’, ‘R_useDynamicSymbols’
    
    It is good practice to register native routines and to disable symbol
    search.
    
    See ‘Writing portable packages’ in the ‘Writing R Extensions’ manual.
Flavors: r-devel-linux-x86_64-debian-clang, r-devel-linux-x86_64-debian-gcc, r-patched-linux-x86_64

Version: 1.3
Flags: --no-stop-on-test-error
Check: compiled code
Result: NOTE
    File ‘psbcGroup/libs/psbcGroup.so’:
     Found no calls to: ‘R_registerRoutines’, ‘R_useDynamicSymbols’
    
    It is good practice to register native routines and to disable symbol
    search.
    
    See ‘Writing portable packages’ in the ‘Writing R Extensions’ manual.
Flavors: r-devel-linux-x86_64-fedora-clang, r-devel-linux-x86_64-fedora-gcc, r-devel-macos-x86_64-clang