CRAN Package Check Results for Package psbcGroup

Last updated on 2014-10-21 03:49:13.

Flavor Version Tinstall Tcheck Ttotal Status Flags
r-devel-linux-x86_64-debian-clang 1.0 0.71 16.02 16.73 NOTE
r-devel-linux-x86_64-debian-gcc 1.0 0.78 15.93 16.72 NOTE
r-devel-linux-x86_64-fedora-clang 1.0 33.54 NOTE
r-devel-linux-x86_64-fedora-gcc 1.0 30.81 NOTE
r-devel-osx-x86_64-clang 1.0 34.76 NOTE
r-devel-windows-ix86+x86_64 1.0 3.00 24.00 27.00 NOTE
r-patched-linux-x86_64 1.0 0.74 16.25 16.99 NOTE
r-patched-solaris-sparc 1.0 184.30 NOTE
r-patched-solaris-x86 1.0 46.10 NOTE
r-release-linux-ix86 1.0 1.14 22.63 23.77 NOTE
r-release-linux-x86_64 1.0 0.96 15.99 16.95 NOTE
r-release-osx-x86_64-mavericks 1.0 NOTE
r-release-osx-x86_64-snowleopard 1.0 OK
r-release-windows-ix86+x86_64 1.0 5.00 35.00 40.00 NOTE
r-oldrel-windows-ix86+x86_64 1.0 3.00 26.00 29.00 NOTE

Check Details

Version: 1.0
Check: dependencies in R code
Result: NOTE
    Packages in Depends field not imported from:
     ‘LearnBayes’ ‘SuppDists’ ‘bayesm’ ‘mvtnorm’
     These packages need to be imported from (in the NAMESPACE file)
     for when this namespace is loaded but not attached.
    See the information on DESCRIPTION files in the chapter ‘Creating R
    packages’ of the ‘Writing R Extensions’ manual.
Flavors: r-devel-linux-x86_64-debian-clang, r-devel-linux-x86_64-debian-gcc, r-devel-linux-x86_64-fedora-clang, r-devel-linux-x86_64-fedora-gcc, r-devel-osx-x86_64-clang, r-devel-windows-ix86+x86_64, r-patched-linux-x86_64, r-patched-solaris-sparc, r-patched-solaris-x86, r-release-linux-ix86, r-release-linux-x86_64, r-release-osx-x86_64-mavericks, r-release-windows-ix86+x86_64, r-oldrel-windows-ix86+x86_64

Version: 1.0
Check: R code for possible problems
Result: NOTE
    UpdateSigma.EN: no visible global function definition for ‘rigamma’
    UpdateSigma.FL: no visible global function definition for ‘rigamma’
    UpdateSigma.GL: no visible global function definition for ‘rigamma’
    UpdateTau: no visible global function definition for ‘rinvGauss’
    UpdateTau.GL: no visible global function definition for ‘rinvGauss’
    UpdateW.FL: no visible global function definition for ‘rinvGauss’
    psbcEN: no visible global function definition for ‘fsh’
    psbcFL: no visible global function definition for ‘fsh’
    psbcGL: no visible global function definition for ‘fsh’
Flavors: r-devel-linux-x86_64-debian-clang, r-devel-linux-x86_64-debian-gcc, r-devel-linux-x86_64-fedora-clang, r-devel-linux-x86_64-fedora-gcc, r-devel-osx-x86_64-clang, r-devel-windows-ix86+x86_64, r-patched-linux-x86_64, r-patched-solaris-sparc, r-patched-solaris-x86

Version: 1.0
Check: Rd line widths
Result: NOTE
    Rd file 'psbcEN.Rd':
     \examples lines wider than 100 characters:
     max(survObj$t[-which(survObj$t==max(survObj$t))]))
    
    Rd file 'psbcFL.Rd':
     \examples lines wider than 100 characters:
     max(survObj$t[-which(survObj$t==max(survObj$t))]))
    
    Rd file 'psbcGL.Rd':
     \examples lines wider than 100 characters:
     max(survObj$t[-which(survObj$t==max(survObj$t))]))
     initial$tauSq <- rexp(length(unique(priorPara$groupInd)), rate = initial$lambdaSq/2)
    
    These lines will be truncated in the PDF manual.
Flavors: r-devel-linux-x86_64-debian-clang, r-devel-linux-x86_64-debian-gcc, r-devel-linux-x86_64-fedora-clang, r-devel-linux-x86_64-fedora-gcc, r-patched-linux-x86_64, r-release-linux-x86_64