CRAN Package Check Results for Package psbcGroup

Last updated on 2014-04-23 20:47:18.

Flavor Version Tinstall Tcheck Ttotal Status Flags
r-devel-linux-x86_64-debian-clang 1.0 0.80 16.39 17.19 NOTE
r-devel-linux-x86_64-debian-gcc 1.0 0.86 16.52 17.38 NOTE
r-devel-linux-x86_64-fedora-clang 1.0 34.56 NOTE
r-devel-linux-x86_64-fedora-gcc 1.0 30.64 NOTE
r-devel-osx-x86_64-clang 1.0 35.45 NOTE
r-devel-osx-x86_64-gcc 1.0 NOTE
r-devel-windows-ix86+x86_64 1.0 4.00 25.00 29.00 NOTE
r-patched-linux-x86_64 1.0 2.76 16.70 19.46 NOTE
r-patched-solaris-sparc 1.0 183.30 NOTE
r-patched-solaris-x86 1.0 44.80 NOTE
r-release-linux-ix86 1.0 2.00 32.00 34.00 NOTE
r-release-linux-x86_64 1.0 0.76 16.31 17.07 NOTE
r-release-osx-x86_64-mavericks 1.0 NOTE
r-release-osx-x86_64-snowleopard 1.0 OK
r-release-windows-ix86+x86_64 1.0 5.00 26.00 31.00 NOTE
r-oldrel-windows-ix86+x86_64 1.0 4.00 26.00 30.00 NOTE

Check Details

Version: 1.0
Check: dependencies in R code
Result: NOTE
    Packages in Depends field not imported from:
     ‘LearnBayes’ ‘SuppDists’ ‘bayesm’ ‘mvtnorm’
     These packages need to be imported from (in the NAMESPACE file)
     for when this namespace is loaded but not attached.
    See the information on DESCRIPTION files in the chapter ‘Creating R
    packages’ of the ‘Writing R Extensions’ manual.
Flavors: r-devel-linux-x86_64-debian-clang, r-devel-linux-x86_64-debian-gcc, r-devel-linux-x86_64-fedora-clang, r-devel-linux-x86_64-fedora-gcc, r-devel-osx-x86_64-clang, r-devel-osx-x86_64-gcc, r-devel-windows-ix86+x86_64, r-patched-linux-x86_64, r-patched-solaris-sparc, r-patched-solaris-x86, r-release-linux-ix86, r-release-linux-x86_64, r-release-osx-x86_64-mavericks, r-release-windows-ix86+x86_64, r-oldrel-windows-ix86+x86_64

Version: 1.0
Check: Rd line widths
Result: NOTE
    Rd file 'psbcEN.Rd':
     \examples lines wider than 100 characters:
     max(survObj$t[-which(survObj$t==max(survObj$t))]))
    
    Rd file 'psbcFL.Rd':
     \examples lines wider than 100 characters:
     max(survObj$t[-which(survObj$t==max(survObj$t))]))
    
    Rd file 'psbcGL.Rd':
     \examples lines wider than 100 characters:
     max(survObj$t[-which(survObj$t==max(survObj$t))]))
     initial$tauSq <- rexp(length(unique(priorPara$groupInd)), rate = initial$lambdaSq/2)
    
    These lines will be truncated in the PDF manual.
Flavors: r-devel-linux-x86_64-fedora-clang, r-devel-linux-x86_64-fedora-gcc