CRAN Package Check Results for Package psbcGroup

Last updated on 2017-06-23 20:48:44.

Flavor Version Tinstall Tcheck Ttotal Status Flags
r-devel-linux-x86_64-debian-clang 1.3 1.62 18.17 19.80 NOTE
r-devel-linux-x86_64-debian-gcc 1.3 1.52 17.29 18.81 NOTE
r-devel-linux-x86_64-fedora-clang 1.3 31.54 NOTE
r-devel-linux-x86_64-fedora-gcc 1.3 31.22 NOTE
r-devel-windows-ix86+x86_64 1.3 8.00 61.00 69.00 OK
r-patched-linux-x86_64 1.3 1.43 16.96 18.39 NOTE
r-patched-solaris-sparc 1.3 311.60 OK
r-patched-solaris-x86 1.3 67.40 OK
r-release-linux-x86_64 1.3 1.46 17.34 18.80 NOTE
r-release-windows-ix86+x86_64 1.3 10.00 45.00 55.00 OK
r-release-osx-x86_64 1.3 OK
r-oldrel-windows-ix86+x86_64 1.3 15.00 56.00 71.00 OK
r-oldrel-osx-x86_64 1.3 OK

Check Details

Version: 1.3
Check: compiled code
Result: NOTE
    File ‘psbcGroup/libs/psbcGroup.so’:
     Found no calls to: ‘R_registerRoutines’, ‘R_useDynamicSymbols’
    
    It is good practice to register native routines and to disable symbol
    search.
    
    See ‘Writing portable packages’ in the ‘Writing R Extensions’ manual.
Flavors: r-devel-linux-x86_64-debian-clang, r-devel-linux-x86_64-debian-gcc, r-devel-linux-x86_64-fedora-clang, r-devel-linux-x86_64-fedora-gcc, r-patched-linux-x86_64, r-release-linux-x86_64