CRAN Package Check Results for Package psbcGroup

Last updated on 2015-07-04 09:48:10.

Flavor Version Tinstall Tcheck Ttotal Status Flags
r-devel-linux-x86_64-debian-clang 1.1 0.62 12.30 12.92 NOTE
r-devel-linux-x86_64-debian-gcc 1.1 0.68 11.94 12.62 NOTE
r-devel-linux-x86_64-fedora-clang 1.1 23.60 NOTE
r-devel-linux-x86_64-fedora-gcc 1.1 21.87 NOTE
r-devel-osx-x86_64-clang 1.1 25.06 OK
r-devel-windows-ix86+x86_64 1.1 3.00 29.00 32.00 OK
r-patched-linux-x86_64 1.1 0.65 12.68 13.33 OK
r-patched-solaris-sparc 1.1 168.50 OK
r-patched-solaris-x86 1.1 36.30 OK
r-release-linux-x86_64 1.1 0.62 12.82 13.43 OK
r-release-osx-x86_64-mavericks 1.1 OK
r-release-windows-ix86+x86_64 1.1 3.00 23.00 26.00 OK
r-oldrel-windows-ix86+x86_64 1.1 6.00 27.00 33.00 OK

Check Details

Version: 1.1
Check: R code for possible problems
Result: NOTE
    UpdateBH: no visible global function definition for ‘rgamma’
    UpdateLambda.GL: no visible global function definition for ‘rgamma’
    UpdateLambda1.EN: no visible global function definition for ‘rgamma’
    UpdateLambda1.FL: no visible global function definition for ‘rgamma’
    UpdateLambda2.EN: no visible global function definition for ‘rgamma’
    UpdateLambda2.FL: no visible global function definition for ‘rgamma’
    UpdateRP: no visible global function definition for ‘rnorm’
    UpdateRP: no visible global function definition for ‘dnorm’
    UpdateRP: no visible global function definition for ‘runif’
    UpdateRP.FL: no visible global function definition for ‘rnorm’
    UpdateRP.FL: no visible global function definition for ‘dnorm’
    UpdateRP.FL: no visible global function definition for ‘runif’
    UpdateRP.FLrw: no visible global function definition for ‘rnorm’
    UpdateRP.FLrw: no visible global function definition for ‘dnorm’
    UpdateRP.FLrw: no visible global function definition for ‘runif’
    UpdateRPrw: no visible global function definition for ‘rnorm’
    UpdateRPrw: no visible global function definition for ‘dnorm’
    UpdateRPrw: no visible global function definition for ‘runif’
    Undefined global functions or variables:
     dnorm rgamma rnorm runif
Flavors: r-devel-linux-x86_64-debian-clang, r-devel-linux-x86_64-debian-gcc, r-devel-linux-x86_64-fedora-clang, r-devel-linux-x86_64-fedora-gcc