CRAN Package Check Results for Package psborrow

Last updated on 2021-12-01 08:51:58 CET.

Flavor Version Tinstall Tcheck Ttotal Status Flags
r-devel-linux-x86_64-debian-clang 0.1.0 12.43 572.75 585.18 OK
r-devel-linux-x86_64-debian-gcc 0.1.0 11.61 508.42 520.03 OK
r-devel-linux-x86_64-fedora-clang 0.1.0 774.34 NOTE
r-devel-linux-x86_64-fedora-gcc 0.1.0 797.85 NOTE
r-devel-windows-x86_64-new-UL 0.1.0 24.00 703.00 727.00 OK
r-devel-windows-x86_64-new-TK 0.1.0 NOTE
r-devel-windows-x86_64-old 0.1.0 20.00 512.00 532.00 OK
r-patched-linux-x86_64 0.1.0 12.53 568.42 580.95 OK
r-patched-solaris-x86 0.1.0 184.50 NOTE
r-release-linux-x86_64 0.1.0 10.83 591.20 602.03 OK
r-release-macos-arm64 0.1.0 NOTE
r-release-macos-x86_64 0.1.0 NOTE
r-release-windows-ix86+x86_64 0.1.0 30.00 501.00 531.00 OK
r-oldrel-macos-x86_64 0.1.0 NOTE
r-oldrel-windows-ix86+x86_64 0.1.0 21.00 490.00 511.00 OK

Check Details

Version: 0.1.0
Check: dependencies in R code
Result: NOTE
    Namespaces in Imports field not imported from:
     ‘matrixcalc’ ‘tidyr’ ‘utils’
     All declared Imports should be used.
Flavors: r-devel-linux-x86_64-fedora-clang, r-devel-linux-x86_64-fedora-gcc, r-devel-windows-x86_64-new-TK, r-patched-solaris-x86, r-release-macos-arm64, r-release-macos-x86_64, r-oldrel-macos-x86_64